{"id":5063,"date":"2020-04-20T08:53:49","date_gmt":"2020-04-20T06:53:49","guid":{"rendered":"https:\/\/litteraturbanken.se\/diktensmuseum\/?page_id=5063"},"modified":"2020-10-24T18:41:20","modified_gmt":"2020-10-24T16:41:20","slug":"aurell-en-inledning","status":"publish","type":"page","link":"https:\/\/litteraturbanken.se\/diktensmuseum\/aurell-en-inledning\/","title":{"rendered":"B\u00fcchner &#038; Aurell"},"content":{"rendered":"<body>\n<div class=\"wp-block-columns is-layout-flex wp-container-core-columns-is-layout-9d6595d7 wp-block-columns-is-layout-flex\">\n<div class=\"wp-block-column is-layout-flow wp-block-column-is-layout-flow\" style=\"flex-basis:65%\">\n<h1 class=\"has-vivid-red-color has-text-color wp-block-heading\">B\u00fcchner &amp; Aurell<\/h1>\n\n\n\n<h3 class=\"wp-block-heading\">En utst\u00e4llning om Tage Aurell <br>&amp; arbetet med Georg B\u00fcchners Woyzeck<\/h3>\n\n\n\n<div style=\"height:35px\" aria-hidden=\"true\" class=\"wp-block-spacer\"><\/div>\n\n\n\n<div style=\"height:40px\" aria-hidden=\"true\" class=\"wp-block-spacer\"><\/div>\n\n\n\n<h3 class=\"wp-block-heading\">En inledning<\/h3>\n\n\n\n<div style=\"height:20px\" aria-hidden=\"true\" class=\"wp-block-spacer\"><\/div>\n\n\n\n<p>Den tyske f\u00f6rfattaren <a rel=\"noreferrer noopener\" aria-label=\"Georg B\u00fcchner (1813\u20131837) (\u00f6ppnas i en ny flik)\" href=\"https:\/\/litteraturbanken.se\/f%C3%B6rfattare\/B%C3%BCchnerG\/titlar\" target=\"_blank\">Georg B\u00fcchner (1813\u20131837)<\/a> tillh\u00f6r v\u00e4rldslitteraturens tidigt d\u00f6da. Hans pj\u00e4ser och texter speglar en omv\u00e4lvande och revolution\u00e4r tid \u2013 ett till synes svunnet f\u00f6rflutet. <\/p>\n\n\n\n<p>Men de kastar ocks\u00e5 skuggor l\u00e5ngt in i v\u00e5r tid.\u00a0<\/p>\n\n\n\n<p><em><a rel=\"noreferrer noopener\" aria-label=\"Woyzeck (\u00f6ppnas i en ny flik)\" href=\"https:\/\/litteraturbanken.se\/f%C3%B6rfattare\/B%C3%BCchnerG\/titlar\/Woyzeck1972\/sida\/1\/etext\" target=\"_blank\">Woyzeck<\/a><\/em>\u00a0(som skrevs under \u00e5ren 1836\u00ad\u201337) var ett dokumentaristiskt pr\u00e4glat drama som gestaltade ett uppm\u00e4rksammat r\u00e4ttsfall. Novellen\u00a0<em>Lenz\u00a0<\/em>(skriven 1835 och tryckt 1839), om den tyske romantiske poeten med samma namn,<em>\u00a0<\/em>borrade sig kompromissl\u00f6st in i en sjuk m\u00e4nniskas medvetande. Och\u00a0det l\u00e5nga och kr\u00e4vande dramat <em>Dantons Tod<\/em>\u00a0(1835) h\u00e4mtade sitt tema och sina gestalter fr\u00e5n den franska revolutionens n\u00e4raliggande kaos. <\/p>\n\n\n\n<p>B\u00fcchner anv\u00e4nde allts\u00e5 ofta ett historiskt material. Men hans texter iscensatte en alltigenom modern och radikal insikt om den nya m\u00e4nniskans livsvillkor. <\/p>\n\n\n\n<div style=\"height:20px\" aria-hidden=\"true\" class=\"wp-block-spacer\"><\/div>\n\n\n\n<figure class=\"wp-block-image size-large\"><a href=\"https:\/\/litteraturbanken.se\/diktensmuseum\/wp-content\/uploads\/2020\/04\/aurell_woyzeck_1961_1.jpg\" target=\"_blank\" rel=\"noreferrer noopener\"><img decoding=\"async\" width=\"1024\" height=\"862\" src=\"https:\/\/litteraturbanken.se\/diktensmuseum\/wp-content\/uploads\/2020\/04\/aurell_woyzeck_1961_1-1024x862.jpg\" alt=\"\" class=\"wp-image-5092\" loading=\"lazy\" srcset=\"https:\/\/litteraturbanken.se\/diktensmuseum\/wp-content\/uploads\/2020\/04\/aurell_woyzeck_1961_1-1024x862.jpg 1024w, https:\/\/litteraturbanken.se\/diktensmuseum\/wp-content\/uploads\/2020\/04\/aurell_woyzeck_1961_1-300x253.jpg 300w, https:\/\/litteraturbanken.se\/diktensmuseum\/wp-content\/uploads\/2020\/04\/aurell_woyzeck_1961_1-768x646.jpg 768w, https:\/\/litteraturbanken.se\/diktensmuseum\/wp-content\/uploads\/2020\/04\/aurell_woyzeck_1961_1-480x404.jpg 480w, https:\/\/litteraturbanken.se\/diktensmuseum\/wp-content\/uploads\/2020\/04\/aurell_woyzeck_1961_1.jpg 1200w\" sizes=\"auto, (max-width: 1024px) 100vw, 1024px\" \/><\/a><figcaption><em>Tage Aurell, fr\u00e5n manuskriptet till \u00f6vers\u00e4ttningen av Georg B\u00fcchners Woyzeck (1961).<\/em><\/figcaption><\/figure>\n\n\n\n<div style=\"height:30px\" aria-hidden=\"true\" class=\"wp-block-spacer\"><\/div>\n\n\n\n<p>B\u00fcchner dog ung: mitt i steget. Samtiden f\u00f6rstod honom inte; hans litteratur var fram\u00e5tblickande och explosivt nyskapande. Ideologiskt var han sin revolution\u00e4ra tid trogen, och hans f\u00f6rfattarskap f\u00f6rblev d\u00e4rf\u00f6r ocks\u00e5 politiskt kontroversiellt.<\/p>\n\n\n\n<p>Det skulle dr\u00f6ja innan B\u00fcchners verk n\u00e5dde ut. Men idag \u2013 180 \u00e5r efter hans d\u00f6d \u2013 \u00e4r de sj\u00e4lvklara klassiker.<\/p>\n\n\n\n<div style=\"height:20px\" aria-hidden=\"true\" class=\"wp-block-spacer\"><\/div>\n\n\n\n<figure class=\"wp-block-image size-large\"><a href=\"https:\/\/litteraturbanken.se\/diktensmuseum\/wp-content\/uploads\/2020\/04\/aurell_woyzeck_1961_16.jpg\" target=\"_blank\" rel=\"noreferrer noopener\"><img decoding=\"async\" width=\"1024\" height=\"650\" src=\"https:\/\/litteraturbanken.se\/diktensmuseum\/wp-content\/uploads\/2020\/04\/aurell_woyzeck_1961_16-1024x650.jpg\" alt=\"\" class=\"wp-image-5096\" loading=\"lazy\" srcset=\"https:\/\/litteraturbanken.se\/diktensmuseum\/wp-content\/uploads\/2020\/04\/aurell_woyzeck_1961_16-1024x650.jpg 1024w, https:\/\/litteraturbanken.se\/diktensmuseum\/wp-content\/uploads\/2020\/04\/aurell_woyzeck_1961_16-300x191.jpg 300w, https:\/\/litteraturbanken.se\/diktensmuseum\/wp-content\/uploads\/2020\/04\/aurell_woyzeck_1961_16-768x488.jpg 768w, https:\/\/litteraturbanken.se\/diktensmuseum\/wp-content\/uploads\/2020\/04\/aurell_woyzeck_1961_16-480x305.jpg 480w, https:\/\/litteraturbanken.se\/diktensmuseum\/wp-content\/uploads\/2020\/04\/aurell_woyzeck_1961_16.jpg 1200w\" sizes=\"auto, (max-width: 1024px) 100vw, 1024px\" \/><\/a><figcaption><em>Tage Aurell, fr\u00e5n manuskriptet till \u00f6vers\u00e4ttningen av Georg B\u00fcchners Woyzeck (1961).<\/em><\/figcaption><\/figure>\n\n\n\n<div style=\"height:30px\" aria-hidden=\"true\" class=\"wp-block-spacer\"><\/div>\n\n\n\n<p>Ocks\u00e5 <a rel=\"noreferrer noopener\" aria-label=\"Tage Aurell (1895\u20131976) (\u00f6ppnas i en ny flik)\" href=\"https:\/\/litteraturbanken.se\/f%C3%B6rfattare\/AurellT\" target=\"_blank\">Tage Aurell (1895\u20131976)<\/a> har med \u00e5ren f\u00e5tt klassikerns sj\u00e4lvklara plats i litteraturhistorien. Och mellan B\u00fcchner och Aurell finns ett starkt och s\u00e4rpr\u00e4glat band: en litter\u00e4r och humanistisk valfr\u00e4ndskap som \u00f6verbryggar tid och rum.<\/p>\n\n\n\n<div style=\"height:20px\" aria-hidden=\"true\" class=\"wp-block-spacer\"><\/div>\n\n\n\n<figure class=\"wp-block-image size-large\"><a href=\"https:\/\/litteraturbanken.se\/diktensmuseum\/wp-content\/uploads\/2020\/10\/aurell_bonniers_2.jpg\" target=\"_blank\" rel=\"noreferrer noopener\"><img decoding=\"async\" width=\"1024\" height=\"768\" src=\"https:\/\/litteraturbanken.se\/diktensmuseum\/wp-content\/uploads\/2020\/10\/aurell_bonniers_2-1024x768.jpg\" alt=\"\" class=\"wp-image-5490\" loading=\"lazy\" srcset=\"https:\/\/litteraturbanken.se\/diktensmuseum\/wp-content\/uploads\/2020\/10\/aurell_bonniers_2-1024x768.jpg 1024w, https:\/\/litteraturbanken.se\/diktensmuseum\/wp-content\/uploads\/2020\/10\/aurell_bonniers_2-300x225.jpg 300w, https:\/\/litteraturbanken.se\/diktensmuseum\/wp-content\/uploads\/2020\/10\/aurell_bonniers_2-768x576.jpg 768w, https:\/\/litteraturbanken.se\/diktensmuseum\/wp-content\/uploads\/2020\/10\/aurell_bonniers_2-480x360.jpg 480w, https:\/\/litteraturbanken.se\/diktensmuseum\/wp-content\/uploads\/2020\/10\/aurell_bonniers_2.jpg 1200w\" sizes=\"auto, (max-width: 1024px) 100vw, 1024px\" \/><\/a><figcaption><em>Tage Aurell.<\/em>\u00a0<em>Fotografiet, av en icke namngiven fotograf, \u00e4r h\u00e4mtat ur Albert Bonniers f\u00f6rlag. Ett familjef\u00f6retag 1837\u20131962. Etthundratjugofem \u00e5r (1962).<\/em><\/figcaption><\/figure>\n\n\n\n<div style=\"height:30px\" aria-hidden=\"true\" class=\"wp-block-spacer\"><\/div>\n\n\n\n<p><a rel=\"noreferrer noopener\" aria-label=\"GEORG B\u00dcCHNER HOS LITTERATURBANKEN (\u00f6ppnas i en ny flik)\" href=\"https:\/\/litteraturbanken.se\/f%C3%B6rfattare\/B%C3%BCchnerG\/titlar\" target=\"_blank\">GEORG B\u00dcCHNER HOS LITTERATURBANKEN<\/a><br><a rel=\"noreferrer noopener\" aria-label=\"TAGE AURELL HOS LITTERATURBANKEN (\u00f6ppnas i en ny flik)\" href=\"https:\/\/litteraturbanken.se\/f%C3%B6rfattare\/AurellT\/titlar\" target=\"_blank\">TAGE AURELL HOS LITTERATURBANKEN<\/a><br><a href=\"https:\/\/litteraturbanken.se\/ljudochbild\/forfattare\/aurellt\/\" target=\"_blank\" rel=\"noreferrer noopener\" aria-label=\"TAGE AURELL HOS LJUD &amp; BILD (\u00f6ppnas i en ny flik)\">TAGE AURELL HOS LJUD &amp; BILD<\/a><br><a rel=\"noreferrer noopener\" aria-label=\"LARS ANDERSSON OM AURELL (\u00f6ppnas i en ny flik)\" href=\"https:\/\/litteraturbanken.se\/f%C3%B6rfattare\/AurellT\/presentation\" target=\"_blank\">LARS ANDERSSON OM AURELL<\/a><\/p>\n\n\n\n<p>Den h\u00e4r utst\u00e4llningen \u2013 som str\u00e4ngt taget mer formar sig till en serie introducerande vinjetter eller tabl\u00e5er \u2013 handlar om hur Georg B\u00fcchners texter verkat i Sverige. Och om f\u00f6rfattaren och \u00f6vers\u00e4ttaren Tage Aurells m\u00e5ng\u00e5riga n\u00e4rkamp med dramat <em><a rel=\"noreferrer noopener\" aria-label=\"Woyzeck (\u00f6ppnas i en ny flik)\" href=\"https:\/\/litteraturbanken.se\/f%C3%B6rfattare\/B%C3%BCchnerG\/titlar\/Woyzeck1972\/sida\/1\/etext\" target=\"_blank\">Woyzeck<\/a><\/em>.<\/p>\n\n\n\n<p><a rel=\"noreferrer noopener\" href=\"https:\/\/litteraturbanken.se\/f%C3%B6rfattare\/B%C3%BCchnerG\/titlar\/B%C3%BCchnerWoyzeck1956aMS\/sida\/1\/faksimil\" target=\"_blank\">MANUSKRIPT A, WOYZECK (1956)<\/a><br><a rel=\"noreferrer noopener\" href=\"https:\/\/litteraturbanken.se\/f%C3%B6rfattare\/B%C3%BCchnerG\/titlar\/B%C3%BCchnerWoyzeck1956bMS\/sida\/1\/faksimil\" target=\"_blank\">MANUSKRIPT B, WOYZECK (1956)<\/a><br><a rel=\"noreferrer noopener\" href=\"https:\/\/litteraturbanken.se\/f%C3%B6rfattare\/B%C3%BCchnerG\/titlar\/B%C3%BCchnerWoyzeck1961MS\/sida\/1\/faksimil\" target=\"_blank\">TV\u00c5 MANUSKRIPT, WOYZECK (1961)<\/a><br><a rel=\"noreferrer noopener\" href=\"https:\/\/litteraturbanken.se\/f%C3%B6rfattare\/B%C3%BCchnerG\/titlar\/Woyzeck1961\/sida\/497\/etext\" target=\"_blank\">TRYCKT UTG\u00c5VA, WOYZECK (1961)<\/a><br><a rel=\"noreferrer noopener\" href=\"https:\/\/litteraturbanken.se\/f%C3%B6rfattare\/B%C3%BCchnerG\/titlar\/Woyzeck1972\/sida\/1\/etext\" target=\"_blank\">TRYCKT UTG\u00c5VA, WOYZECK (1972)<\/a><\/p>\n\n\n\n<p><a rel=\"noreferrer noopener\" aria-label=\"Aurells B\u00fcchner (\u00f6ppnas i en ny flik)\" href=\"https:\/\/litteraturbanken.se\/f%C3%B6rfattare\/B%C3%BCchnerG\/titlar\" target=\"_blank\">Aurells B\u00fcchner<\/a> sp\u00e4nner \u00f6ver tv\u00e5 spr\u00e5komr\u00e5den och tv\u00e5 sekel. Aurells B\u00fcchner skriver vidare p\u00e5 en gr\u00e4ns\u00f6verskridande iscens\u00e4ttning av humanism och civilisationskritik. <\/p>\n\n\n\n<p>Och Aurells B\u00fcchner sk\u00e4lver av diktens spr\u00e4ngkraft.<\/p>\n\n\n\n<h5 class=\"has-text-align-right wp-block-heading\">DICK CLA\u00c9SSON<\/h5>\n\n\n\n<p style=\"font-size:12px\" class=\"has-text-align-right\">Huvudredakt\u00f6r<br>Litteraturbanken<\/p>\n<\/div>\n\n\n\n<div class=\"wp-block-column is-layout-flow wp-block-column-is-layout-flow\" style=\"flex-basis:35%\">\n<div style=\"height:20px\" aria-hidden=\"true\" class=\"wp-block-spacer\"><\/div>\n\n\n\n<p><a href=\"https:\/\/litteraturbanken.se\/diktensmuseum\/aurell-en-inledning\/\">EN INLEDNING<br><\/a><a href=\"https:\/\/litteraturbanken.se\/diktensmuseum\/aurell-en-inledning\/georg-buchner\/\">GEORG B\u00dcCHNER<\/a><br><a href=\"https:\/\/litteraturbanken.se\/diktensmuseum\/aurell-en-inledning\/pjasen-woyzeck\/\">WOYZECK: PJ\u00c4SEN<\/a><br><a href=\"https:\/\/litteraturbanken.se\/diktensmuseum\/aurell-en-inledning\/buchner-i-sverige\/\">B\u00dcCHNER I SVERIGE<\/a><br><a href=\"https:\/\/litteraturbanken.se\/diktensmuseum\/aurell-en-inledning\/aurell-woyzeck\/\">AURELL &amp; WOYZECK<\/a><br><a href=\"https:\/\/litteraturbanken.se\/diktensmuseum\/1-anslag\/\">1. ANSLAG<\/a><br><a href=\"https:\/\/litteraturbanken.se\/diktensmuseum\/woyzeck-2-tontraff\/\">2. TONTR\u00c4FF<\/a><br><a href=\"https:\/\/litteraturbanken.se\/diktensmuseum\/3-nyckelscen\/\">3. NYCKELSCEN<\/a><\/p>\n\n\n\n<div style=\"height:20px\" aria-hidden=\"true\" class=\"wp-block-spacer\"><\/div>\n\n\n\n<div style=\"height:20px\" aria-hidden=\"true\" class=\"wp-block-spacer\"><\/div>\n\n\n\n<div style=\"height:20px\" aria-hidden=\"true\" class=\"wp-block-spacer\"><\/div>\n\n\n\n<figure class=\"wp-block-image size-large\"><a href=\"https:\/\/litteraturbanken.se\/diktensmuseum\/wp-content\/uploads\/2020\/10\/georg-buechner-wie-sein-freund_frilagd_st%C3%B6rre_2.jpg\" target=\"_blank\" rel=\"noreferrer noopener\"><img decoding=\"async\" src=\"https:\/\/litteraturbanken.se\/diktensmuseum\/wp-content\/uploads\/2020\/10\/georg-buechner-wie-sein-freund_frilagd_st%C3%B6rre_2.jpg\" alt=\"\" class=\"wp-image-5187\" loading=\"lazy\"><\/a><figcaption><em>Jean-Baptiste Alexis Muston, teckning fr\u00e5n 1833 f\u00f6rest\u00e4llande Georg B\u00fcchner.<\/em> <em>(Freies Deutsches Hochstift)<\/em><\/figcaption><\/figure>\n\n\n\n<div style=\"height:40px\" aria-hidden=\"true\" class=\"wp-block-spacer\"><\/div>\n\n\n\n<figure class=\"wp-block-image size-large\"><a href=\"https:\/\/litteraturbanken.se\/diktensmuseum\/wp-content\/uploads\/2020\/10\/480149_m06_10_01_1895_tage_aurell_02-800x644-1.jpg\" target=\"_blank\" rel=\"noreferrer noopener\"><img decoding=\"async\" width=\"800\" height=\"644\" src=\"https:\/\/litteraturbanken.se\/diktensmuseum\/wp-content\/uploads\/2020\/10\/480149_m06_10_01_1895_tage_aurell_02-800x644-1.jpg\" alt=\"\" class=\"wp-image-5452\" loading=\"lazy\" srcset=\"https:\/\/litteraturbanken.se\/diktensmuseum\/wp-content\/uploads\/2020\/10\/480149_m06_10_01_1895_tage_aurell_02-800x644-1.jpg 800w, https:\/\/litteraturbanken.se\/diktensmuseum\/wp-content\/uploads\/2020\/10\/480149_m06_10_01_1895_tage_aurell_02-800x644-1-300x242.jpg 300w, https:\/\/litteraturbanken.se\/diktensmuseum\/wp-content\/uploads\/2020\/10\/480149_m06_10_01_1895_tage_aurell_02-800x644-1-768x618.jpg 768w, https:\/\/litteraturbanken.se\/diktensmuseum\/wp-content\/uploads\/2020\/10\/480149_m06_10_01_1895_tage_aurell_02-800x644-1-480x386.jpg 480w\" sizes=\"auto, (max-width: 800px) 100vw, 800px\" \/><\/a><figcaption><em>Tage Aurell. Portr\u00e4ttet har vi l\u00e5nat fr\u00e5n\u00a0<a href=\"http:\/\/www.bygdeband.se\/person\/897159\/sverige\/varmlands-lan\/arvika\/brunskogs-hembygdsforening\/tage-aurell\/\">Brunskogs hembygdsf\u00f6rening<\/a><\/em>.<\/figcaption><\/figure>\n\n\n\n<div style=\"height:20px\" aria-hidden=\"true\" class=\"wp-block-spacer\"><\/div>\n\n\n\n<hr class=\"wp-block-separator\">\n\n\n\n<h5 class=\"wp-block-heading\">OM B\u00dcCHNER &amp; AURELL<\/h5>\n\n\n\n<p style=\"font-size:11px\"><em>\u201dB\u00fcchner &amp; Aurell\u201d producerades f\u00f6r Litteraturbanken under 2020<\/em> av<em> <a href=\"mailto:dick.claesson@litteraturbanken.se\">Dick Cla\u00e9sson<\/a>. Alla citat ur Tage Aurells \u00f6vers\u00e4ttningar \u00e5terges med tillst\u00e5nd fr\u00e5n r\u00e4ttighetshavaren. D\u00e4r inget annat anges \u00e4r alla kringtexter skrivna av Dick Cla\u00e9sson.<\/em><\/p>\n\n\n\n<div style=\"height:20px\" aria-hidden=\"true\" class=\"wp-block-spacer\"><\/div>\n<\/div>\n<\/div>\n\n\n\n<div style=\"height:20px\" aria-hidden=\"true\" class=\"wp-block-spacer\"><\/div>\n\n\n\n<div style=\"height:20px\" aria-hidden=\"true\" class=\"wp-block-spacer\"><\/div>\n<\/body>","protected":false},"excerpt":{"rendered":"<p>B\u00fcchner &amp; Aurell En utst\u00e4llning om Tage Aurell &amp; arbetet med Georg B\u00fcchners Woyzeck En inledning Den tyske f\u00f6rfattaren Georg B\u00fcchner (1813\u20131837) tillh\u00f6r v\u00e4rldslitteraturens tidigt d\u00f6da. Hans pj\u00e4ser och texter speglar en omv\u00e4lvande och revolution\u00e4r tid \u2013 ett till synes [&hellip;]<\/p>\n","protected":false},"author":1,"featured_media":5084,"parent":0,"menu_order":1,"comment_status":"closed","ping_status":"closed","template":"","meta":{"footnotes":""},"class_list":["post-5063","page","type-page","status-publish","has-post-thumbnail","hentry"],"_links":{"self":[{"href":"https:\/\/litteraturbanken.se\/diktensmuseum\/wp-json\/wp\/v2\/pages\/5063","targetHints":{"allow":["GET"]}}],"collection":[{"href":"https:\/\/litteraturbanken.se\/diktensmuseum\/wp-json\/wp\/v2\/pages"}],"about":[{"href":"https:\/\/litteraturbanken.se\/diktensmuseum\/wp-json\/wp\/v2\/types\/page"}],"author":[{"embeddable":true,"href":"https:\/\/litteraturbanken.se\/diktensmuseum\/wp-json\/wp\/v2\/users\/1"}],"replies":[{"embeddable":true,"href":"https:\/\/litteraturbanken.se\/diktensmuseum\/wp-json\/wp\/v2\/comments?post=5063"}],"version-history":[{"count":68,"href":"https:\/\/litteraturbanken.se\/diktensmuseum\/wp-json\/wp\/v2\/pages\/5063\/revisions"}],"predecessor-version":[{"id":5691,"href":"https:\/\/litteraturbanken.se\/diktensmuseum\/wp-json\/wp\/v2\/pages\/5063\/revisions\/5691"}],"wp:featuredmedia":[{"embeddable":true,"href":"https:\/\/litteraturbanken.se\/diktensmuseum\/wp-json\/wp\/v2\/media\/5084"}],"wp:attachment":[{"href":"https:\/\/litteraturbanken.se\/diktensmuseum\/wp-json\/wp\/v2\/media?parent=5063"}],"curies":[{"name":"wp","href":"https:\/\/api.w.org\/{rel}","templated":true}]}}