{"id":5150,"date":"2020-09-30T16:04:18","date_gmt":"2020-09-30T14:04:18","guid":{"rendered":"https:\/\/litteraturbanken.se\/diktensmuseum\/?page_id=5150"},"modified":"2020-10-25T09:04:47","modified_gmt":"2020-10-25T08:04:47","slug":"pjasen-woyzeck","status":"publish","type":"page","link":"https:\/\/litteraturbanken.se\/diktensmuseum\/aurell-en-inledning\/pjasen-woyzeck\/","title":{"rendered":"Pj\u00e4sen Woyzeck"},"content":{"rendered":"<body>\n<div class=\"wp-block-columns is-layout-flex wp-container-core-columns-is-layout-9d6595d7 wp-block-columns-is-layout-flex\">\n<div class=\"wp-block-column is-layout-flow wp-block-column-is-layout-flow\" style=\"flex-basis:65%\">\n<h1 class=\"has-vivid-red-color has-text-color wp-block-heading\">B\u00fcchner &amp; Aurell<\/h1>\n\n\n\n<h3 class=\"wp-block-heading\">Woyzeck: pj\u00e4sen<\/h3>\n\n\n\n<div style=\"height:35px\" aria-hidden=\"true\" class=\"wp-block-spacer\"><\/div>\n\n\n\n<div style=\"height:40px\" aria-hidden=\"true\" class=\"wp-block-spacer\"><\/div>\n\n\n\n<h3 class=\"wp-block-heading\">Ett litet liv<\/h3>\n\n\n\n<div style=\"height:20px\" aria-hidden=\"true\" class=\"wp-block-spacer\"><\/div>\n\n\n\n<p>\u201d<a rel=\"noreferrer noopener\" aria-label=\"WOYZECK [drar fram ett papper] (\u00f6ppnas i en ny flik)\" href=\"https:\/\/litteraturbanken.se\/f%C3%B6rfattare\/B%C3%BCchnerG\/titlar\/Woyzeck1961\/sida\/507\/etext\" target=\"_blank\">WOYZECK [drar fram ett papper]<\/a> Fredrik Johan Frans Woyzeck, soldat, grenadj\u00e4r\u00a0vid 2. bataljonen, 4. kompaniet, f\u00f6dd Mariae Beb\u00e5delsedag \u2014 I dag \u00e4r jag 30 \u00e5r, 7 m\u00e5nader och 12 dagar gammal.\u201d<\/p>\n\n\n\n<p>Woyzeck \u00e4r soldat, och hans liv \u00e4r enkelt och torftigt. Med Marie har han ett barn. F\u00f6r att kunna f\u00f6rs\u00f6rja sin familj \u2013 l\u00f6nen han f\u00e5r som soldat r\u00e4cker inte till \u2013 utf\u00f6r Woyzeck enklare uppgifter \u00e5t sin kapten vid sidan av, och g\u00e5r dessutom med p\u00e5 att mot betalning l\u00e5ta stadens l\u00e4kare utf\u00f6ra kr\u00e4vande och h\u00e4nsynsl\u00f6sa experiment p\u00e5 honom. Woyzecks p\u00e5tvingade diet best\u00e5r av \u00e4rtor, ingenting annat: det \u00e4r l\u00e4karens obevekliga order. St\u00e4ndigt f\u00f6r\u00f6dmjukad av alla, och till synes sviken av Marie som tycks ge sig i lag med en tamburmajor, g\u00e5r Woyzeck allt djupare in vanf\u00f6rest\u00e4llningar och paranoida tankeg\u00e5ngar. Han \u00e4r h\u00e5nad, f\u00f6raktad, och omgivningen hetsar honom obarmh\u00e4rtigt. Han k\u00f6per en billig kniv. Sedan m\u00f6rdar han Marie. Kanske dr\u00e4nker han sig efter\u00e5t.<\/p>\n\n\n\n<div style=\"height:20px\" aria-hidden=\"true\" class=\"wp-block-spacer\"><\/div>\n\n\n\n<figure class=\"wp-block-image size-large\"><a href=\"https:\/\/litteraturbanken.se\/diktensmuseum\/wp-content\/uploads\/2020\/10\/B_1956_Woyzeck-dokumentation.jpg\" target=\"_blank\" rel=\"noreferrer noopener\"><img decoding=\"async\" width=\"1024\" height=\"367\" src=\"https:\/\/litteraturbanken.se\/diktensmuseum\/wp-content\/uploads\/2020\/10\/B_1956_Woyzeck-dokumentation-1024x367.jpg\" alt=\"\" class=\"wp-image-5368\" loading=\"lazy\" srcset=\"https:\/\/litteraturbanken.se\/diktensmuseum\/wp-content\/uploads\/2020\/10\/B_1956_Woyzeck-dokumentation-1024x367.jpg 1024w, https:\/\/litteraturbanken.se\/diktensmuseum\/wp-content\/uploads\/2020\/10\/B_1956_Woyzeck-dokumentation-300x107.jpg 300w, https:\/\/litteraturbanken.se\/diktensmuseum\/wp-content\/uploads\/2020\/10\/B_1956_Woyzeck-dokumentation-768x275.jpg 768w, https:\/\/litteraturbanken.se\/diktensmuseum\/wp-content\/uploads\/2020\/10\/B_1956_Woyzeck-dokumentation-1536x550.jpg 1536w, https:\/\/litteraturbanken.se\/diktensmuseum\/wp-content\/uploads\/2020\/10\/B_1956_Woyzeck-dokumentation-480x172.jpg 480w, https:\/\/litteraturbanken.se\/diktensmuseum\/wp-content\/uploads\/2020\/10\/B_1956_Woyzeck-dokumentation.jpg 2000w\" sizes=\"auto, (max-width: 1024px) 100vw, 1024px\" \/><\/a><figcaption><em>Tage Aurell, fr\u00e5n manuskriptet till \u00f6vers\u00e4ttning A av Georg B\u00fcchners Woyzeck (1956).<\/em><\/figcaption><\/figure>\n\n\n\n<div style=\"height:30px\" aria-hidden=\"true\" class=\"wp-block-spacer\"><\/div>\n\n\n\n<p>Detta \u00e4r, i korta drag, handlingen i\u00a0<em>Woyzeck<\/em>\u00a0\u2013 s\u00e5 som den l\u00e5ter sig \u00e5terber\u00e4ttas i sin enklaste form.<\/p>\n\n\n\n<p>Pj\u00e4sen bygger p\u00e5 ett verkligt r\u00e4ttsfall som v\u00e4ckte stor uppm\u00e4rksamhet i B\u00fcchners samtid. Men verklighetens Woyzeck levde delvis ett annat liv, och hans historia s\u00e5g p\u00e5 vissa s\u00e4tt helt annorlunda ut.<\/p>\n\n\n\n<div style=\"height:20px\" aria-hidden=\"true\" class=\"wp-block-spacer\"><\/div>\n\n\n\n<h3 class=\"wp-block-heading\">Verklighetens Woyzeck<\/h3>\n\n\n\n<div style=\"height:20px\" aria-hidden=\"true\" class=\"wp-block-spacer\"><\/div>\n\n\n\n<p>Johann Christian Woyzeck f\u00f6ds den 3 januari 1780 i Leipzig. F\u00f6rst g\u00e5r han i l\u00e4ra som perukmakare, men snart nog \u00e4r det ett kringvandrande liv som g\u00e4ller, och han f\u00f6rs\u00f6rjer sig s\u00e5 gott han kan i enklare yrken. S\u00e5 sm\u00e5ningom tar han v\u00e4rvning som soldat. 1807 f\u00e5r han ett barn tillsammans med en kvinna som heter Wienberger. Men 1818 \u00e4r han tillbaka i Leipzig. D\u00e4r tr\u00e4ffar han Johanna Christiane Woost, en \u00e4nka. Woyzeck dricker nu mycket, och halvt galen av svartsjuka misshandlar han Woost vid \u00e5terkommande tillf\u00e4llen. Han b\u00f6rjar ocks\u00e5 h\u00f6ra r\u00f6ster som hetsar honom att d\u00f6da henne. F\u00f6rst st\u00e5r han emot \u2013 men till slut k\u00f6per han en s\u00f6nderbruten sabelklinga och med den m\u00f6rdar han Woost. Det \u00e4r den 21 juni 1821.<\/p>\n\n\n\n<p>S\u00e5 l\u00e5ngt Woyzecks liv i frihet. Under de tre \u00e5r som f\u00f6ljer tar en omfattande r\u00e4ttsprocess vid. Woyzecks psykiska h\u00e4lsa blir f\u00f6rem\u00e5l f\u00f6r omfattande l\u00e4karunders\u00f6kningar. \u00c4r han galen? \u00c4r han frisk? Och om han \u00e4r galen, kan man d\u00e5 med gott samvete och i enlighet med g\u00e4llande lag verkligen l\u00e5ta avr\u00e4tta honom f\u00f6r hans brott?<\/p>\n\n\n\n<p>Att skuldfr\u00e5gan \u00e4gnades en s\u00e5 noggrann och detaljrik uppm\u00e4rksamhet tillh\u00f6rde f\u00f6rst\u00e5s inte vanligheterna. Och att den anklagades psykiska h\u00e4lsa blev f\u00f6rem\u00e5l f\u00f6r omfattande unders\u00f6kningar \u2013 som ofta tog formen av djuplodande samtal \u2013 var snart sagt unikt.<\/p>\n\n\n\n<div style=\"height:20px\" aria-hidden=\"true\" class=\"wp-block-spacer\"><\/div>\n\n\n\n<figure class=\"wp-block-image size-large\"><a href=\"https:\/\/litteraturbanken.se\/diktensmuseum\/wp-content\/uploads\/2020\/10\/csm_Woyzecks_Hinrichtung_497970a45d.jpg\" target=\"_blank\" rel=\"noreferrer noopener\"><img decoding=\"async\" width=\"1024\" height=\"872\" src=\"https:\/\/litteraturbanken.se\/diktensmuseum\/wp-content\/uploads\/2020\/10\/csm_Woyzecks_Hinrichtung_497970a45d-1024x872.jpg\" alt=\"\" class=\"wp-image-5498\" loading=\"lazy\" srcset=\"https:\/\/litteraturbanken.se\/diktensmuseum\/wp-content\/uploads\/2020\/10\/csm_Woyzecks_Hinrichtung_497970a45d-1024x872.jpg 1024w, https:\/\/litteraturbanken.se\/diktensmuseum\/wp-content\/uploads\/2020\/10\/csm_Woyzecks_Hinrichtung_497970a45d-300x256.jpg 300w, https:\/\/litteraturbanken.se\/diktensmuseum\/wp-content\/uploads\/2020\/10\/csm_Woyzecks_Hinrichtung_497970a45d-768x654.jpg 768w, https:\/\/litteraturbanken.se\/diktensmuseum\/wp-content\/uploads\/2020\/10\/csm_Woyzecks_Hinrichtung_497970a45d-480x409.jpg 480w, https:\/\/litteraturbanken.se\/diktensmuseum\/wp-content\/uploads\/2020\/10\/csm_Woyzecks_Hinrichtung_497970a45d.jpg 1200w\" sizes=\"auto, (max-width: 1024px) 100vw, 1024px\" \/><\/a><figcaption><em>Avr\u00e4ttningen av J. C. Woyzeck, Leipzig 1824. Ett samtida kopparstick.<\/em><\/figcaption><\/figure>\n\n\n\n<div style=\"height:30px\" aria-hidden=\"true\" class=\"wp-block-spacer\"><\/div>\n\n\n\n<p>Till slut kom \u00e4nd\u00e5 den v\u00e4ntade domen. Woyzeck var skyldig. Hans vanf\u00f6rest\u00e4llningar var inte tillr\u00e4ckliga f\u00f6r att frik\u00e4nna honom fr\u00e5n ansvar: han borde \u00e4nd\u00e5 ha f\u00f6rst\u00e5tt skillnaden mellan fel och r\u00e4tt. Woyzeck d\u00f6mdes till d\u00f6den, och den 27 augusti 1824 avr\u00e4ttades han.<\/p>\n\n\n\n<p>S\u00e5 l\u00e5ngt allts\u00e5 pj\u00e4sen \u2013 och s\u00e5 l\u00e5ngt verkligheten.<\/p>\n\n\n\n<div style=\"height:20px\" aria-hidden=\"true\" class=\"wp-block-spacer\"><\/div>\n\n\n\n<h3 class=\"wp-block-heading\">F\u00f6rvandlingen<\/h3>\n\n\n\n<div style=\"height:20px\" aria-hidden=\"true\" class=\"wp-block-spacer\"><\/div>\n\n\n\n<p>I B\u00fcchners text blir Woyzeck en spegel. Ber\u00e4ttelsen om <em>en<\/em> individ, om <em>en<\/em> m\u00e4nniskas \u00f6de, blir till en ber\u00e4ttelse om livets mest grundl\u00e4ggande och oerh\u00f6rda villkor. Textens fragmentariska tabl\u00e5er ber\u00e4ttar om en v\u00e4rld som ob\u00f6nh\u00f6rligt och h\u00e4nsynsl\u00f6st krossar den som \u00e4r svag, och gestalterna som r\u00f6r sig p\u00e5 scenen agerar som vore de mekaniska delar i ett ofattbart grymt maskineri. Det \u00e4r egentligen bara Woyzeck och Marie som beskrivs med n\u00e5got slags psykologisk trov\u00e4rdighet: \u00f6vriga rollfigurer f\u00f6rblir karikatyrer, skissartat \u00e5tergivna, kuggar i \u00f6desmaskinen.<\/p>\n\n\n\n<div style=\"height:20px\" aria-hidden=\"true\" class=\"wp-block-spacer\"><\/div>\n\n\n\n<figure class=\"wp-block-image size-large\"><a href=\"https:\/\/litteraturbanken.se\/diktensmuseum\/wp-content\/uploads\/2020\/10\/woyzeck_kinski.jpg\" target=\"_blank\" rel=\"noreferrer noopener\"><img decoding=\"async\" width=\"900\" height=\"550\" src=\"https:\/\/litteraturbanken.se\/diktensmuseum\/wp-content\/uploads\/2020\/10\/woyzeck_kinski.jpg\" alt=\"\" class=\"wp-image-5502\" loading=\"lazy\" srcset=\"https:\/\/litteraturbanken.se\/diktensmuseum\/wp-content\/uploads\/2020\/10\/woyzeck_kinski.jpg 900w, https:\/\/litteraturbanken.se\/diktensmuseum\/wp-content\/uploads\/2020\/10\/woyzeck_kinski-300x183.jpg 300w, https:\/\/litteraturbanken.se\/diktensmuseum\/wp-content\/uploads\/2020\/10\/woyzeck_kinski-768x469.jpg 768w, https:\/\/litteraturbanken.se\/diktensmuseum\/wp-content\/uploads\/2020\/10\/woyzeck_kinski-480x293.jpg 480w\" sizes=\"auto, (max-width: 900px) 100vw, 900px\" \/><\/a><figcaption><em>Klaus Kinski som Woyzeck i Werner Herzogs filmatisering av B\u00fcchners pj\u00e4s (1979).<\/em><\/figcaption><\/figure>\n\n\n\n<div style=\"height:30px\" aria-hidden=\"true\" class=\"wp-block-spacer\"><\/div>\n\n\n\n<p>S\u00e5 namnl\u00f6st och anonymt framtr\u00e4der till slut makten och \u00f6verheten. Och det \u00e4r mot denna iskalla fond som Woyzeck g\u00e5r allt djupare in i vanvettet.<\/p>\n\n\n\n<p>Allt \u00e4r \u00f6vergripande och grovhugget tecknat\u00a0av B\u00fcchner \u2013 och samtidigt brutalt, knivskarpt, insiktsfullt. H\u00e4r skapas distans. Men ocks\u00e5 intim n\u00e4rhet.\u00a0<\/p>\n\n\n\n<p>Allt finns samtidigt.<\/p>\n\n\n\n<div style=\"height:20px\" aria-hidden=\"true\" class=\"wp-block-spacer\"><\/div>\n\n\n\n<h3 class=\"wp-block-heading\">En ordnad oordning<\/h3>\n\n\n\n<div style=\"height:20px\" aria-hidden=\"true\" class=\"wp-block-spacer\"><\/div>\n\n\n\n<p>B\u00fcchners d\u00f6d avbr\u00f6t arbetet med <em>Woyzeck<\/em>. Det han l\u00e4mnade efter sig var <a href=\"http:\/\/buechnerportal.de\/werke\/woyzeck\/\" target=\"_blank\" rel=\"noreferrer noopener\" aria-label=\"ett antal mer eller mindre f\u00e4rdiga fragment (\u00f6ppnas i en ny flik)\">ett antal mer eller mindre f\u00e4rdiga fragment<\/a>. 1879, n\u00e4r pj\u00e4sen trycktes f\u00f6r f\u00f6rsta g\u00e5ngen, var det i <a href=\"https:\/\/de.wikisource.org\/wiki\/Wozzeck\" target=\"_blank\" rel=\"noreferrer noopener\" aria-label=\"en version (\u00f6ppnas i en ny flik)\">en version<\/a> som i avg\u00f6rande delar s\u00e5g helt annorlunda ut \u00e4n den pj\u00e4s vi har att tillg\u00e5 idag. Inte nog med att utgivaren hade l\u00e4st titeln fel:\u00a0<em><a rel=\"noreferrer noopener\" aria-label=\"Wozzeck (\u00f6ppnas i en ny flik)\" href=\"https:\/\/de.wikisource.org\/wiki\/Wozzeck\" target=\"_blank\">Wozzeck<\/a><\/em>\u00a0ist\u00e4llet f\u00f6r\u00a0<em>Woyzeck<\/em>. Scenernas ordningsf\u00f6ljd var heller inte sj\u00e4lvklar, och inte heller hur scenerna faktiskt l\u00f6d.<\/p>\n\n\n\n<p><strong>Scenordningen i <a href=\"https:\/\/de.wikisource.org\/wiki\/Wozzeck\" target=\"_blank\" rel=\"noreferrer noopener\" aria-label=\"1879 \u00e5rs utg\u00e5va (\u00f6ppnas i en ny flik)\">1879 \u00e5rs utg\u00e5va<\/a>:<\/strong><\/p>\n\n\n\n<ol class=\"wp-block-list\"><li>Zimmer. \u201dLangsam, Wozzeck, langsam\u201d<\/li><li>Oeffentlicher Platz. Buden. \u201dAuf der Welt ist kein Bestand\u201d<\/li><li>Das Innere der Bude. \u201dZeig den Talent!\u201d<\/li><li>Stube. \u201dWas die Steine gl\u00e4nzen?\u201d<\/li><li>Der Hof des Doctors. \u201dMeine Herren! ich bin auf dem Dache wie David\u201d<\/li><li>Freies Feld. Die Stadt in der Ferne. \u201dDu, der Platz ist verflucht!\u201d<\/li><li>Die Stadt. \u201dHe Bub! Sa sa! Ra ra ra! H\u00f6rst? Da kommen sie!\u201d<\/li><li>Studirstube des Doctors. \u201dWas erleb\u2019 ich, Wozzeck?\u201d<\/li><li>Stra\u00dfe. \u201dGeh\u2019 einmal vor dich hin!\u201d<\/li><li>Stra\u00dfe. \u201dWohin so eilig, geehrtester Herr Sargnagel?\u201d<\/li><li>Mariens Stube. \u201dGuten Tag, Franz.\u201d<\/li><\/ol>\n\n\n\n<p>L\u00e4nge s\u00e5g allts\u00e5 pj\u00e4sen ut p\u00e5 ett annat s\u00e4tt \u00e4n vad den g\u00f6r nu. Enklast kan det illustreras genom inledningsscenen. 1879, och under stora delar av 1900-talet, inleddes pj\u00e4sen med en scen som i de versioner vi nu har att tillg\u00e5 kommer f\u00f6rst som nummer <em>nio<\/em>.<\/p>\n\n\n\n<div style=\"height:20px\" aria-hidden=\"true\" class=\"wp-block-spacer\"><\/div>\n\n\n\n<figure class=\"wp-block-image size-large\"><a href=\"https:\/\/litteraturbanken.se\/diktensmuseum\/wp-content\/uploads\/2020\/10\/1961_1.jpg\" target=\"_blank\" rel=\"noreferrer noopener\"><img decoding=\"async\" width=\"1024\" height=\"791\" src=\"https:\/\/litteraturbanken.se\/diktensmuseum\/wp-content\/uploads\/2020\/10\/1961_1-1024x791.jpg\" alt=\"\" class=\"wp-image-5339\" loading=\"lazy\" srcset=\"https:\/\/litteraturbanken.se\/diktensmuseum\/wp-content\/uploads\/2020\/10\/1961_1-1024x791.jpg 1024w, https:\/\/litteraturbanken.se\/diktensmuseum\/wp-content\/uploads\/2020\/10\/1961_1-300x232.jpg 300w, https:\/\/litteraturbanken.se\/diktensmuseum\/wp-content\/uploads\/2020\/10\/1961_1-768x593.jpg 768w, https:\/\/litteraturbanken.se\/diktensmuseum\/wp-content\/uploads\/2020\/10\/1961_1-480x371.jpg 480w, https:\/\/litteraturbanken.se\/diktensmuseum\/wp-content\/uploads\/2020\/10\/1961_1.jpg 1200w\" sizes=\"auto, (max-width: 1024px) 100vw, 1024px\" \/><\/a><figcaption><em>Tage Aurell, fr\u00e5n manuskriptet till \u00f6vers\u00e4ttningen av Georg B\u00fcchners Woyzeck (1961).<\/em><\/figcaption><\/figure>\n\n\n\n<div style=\"height:30px\" aria-hidden=\"true\" class=\"wp-block-spacer\"><\/div>\n\n\n\n<p><strong>\u201d<a rel=\"noreferrer noopener\" aria-label=\"Hauptmann (\u00f6ppnas i en ny flik)\" href=\"https:\/\/de.wikisource.org\/wiki\/Wozzeck\" target=\"_blank\">Hauptmann<\/a>.<\/strong>\u00a0Langsam, Wozzeck, langsam; eins nach dem Andern. Er macht mir ganz schwindlich. Was soll ich denn mit den zehn Minuten anfangen, die Er heut\u2019 zu fr\u00fch fertig wird? Wozzeck! bedenk\u2019 Er, Er hat noch seine sch\u00f6nen drei\u00dfig Jahre zu leben! Drei\u00dfig Jahr! macht dreihundert und sechzig Monate und erst wie viel Tage, Stunden, Minuten! Was will Er denn mit der ungeheueren Zeit all anfangen? Theil Er sich ein, Wozzeck!\u201d\u00a0<\/p>\n\n\n\n<p><a href=\"https:\/\/de.wikisource.org\/wiki\/Wozzeck\" target=\"_blank\" rel=\"noreferrer noopener\" aria-label=\"1879 \u00e5rs version (\u00f6ppnas i en ny flik)\">1879 \u00e5rs version<\/a> reviderades med \u00e5ren, men inledningsscenen f\u00f6rblev l\u00e4nge densamma. I 1909 \u00e5rs utg\u00e5va s\u00e5g scenordningen ut s\u00e5 h\u00e4r, numrerad efter 1879 \u00e5rs scenf\u00f6ljd: 1 \u2013 6 \u2013 7 \u2013 8 \u2013 2 \u2013 3 \u2013 9 \u2013 5 \u2013 4 \u2013 10 \u2013 11.<\/p>\n\n\n\n<p>Ett visst kaos, allts\u00e5. Och det h\u00e4r f\u00e5r f\u00f6rst\u00e5s konsekvenser f\u00f6r hur man tolkat och tolkar pj\u00e4sen. <\/p>\n\n\n\n<p>Anslaget spelar roll.<\/p>\n\n\n\n<p> <a rel=\"noreferrer noopener\" aria-label=\"I Tage Aurells version fr\u00e5n 1961 (\u00f6ppnas i en ny flik)\" href=\"https:\/\/litteraturbanken.se\/f%C3%B6rfattare\/B%C3%BCchnerG\/titlar\/Woyzeck1961\/sida\/497\/etext\" target=\"_blank\">I Tage Aurells version fr\u00e5n 1961<\/a> var scenordningen f\u00f6r de f\u00f6rsta sju scenerna ist\u00e4llet f\u00f6ljande (h\u00e4r numrerad enligt 1879 \u00e5rs utg\u00e5va):<\/p>\n\n\n\n<p>1. Hos kaptenen<br>6. Ute p\u00e5 \u00f6ppna f\u00e4ltet<br>7. Staden<br>2. Marknadsst\u00e5nd<br>3. Det inre av det upplysta t\u00e4ltet<br>4. Maries kammare<br>8. Hos doktorn<\/p>\n\n\n\n<div style=\"height:20px\" aria-hidden=\"true\" class=\"wp-block-spacer\"><\/div>\n\n\n\n<figure class=\"wp-block-image size-large\"><a href=\"https:\/\/litteraturbanken.se\/diktensmuseum\/wp-content\/uploads\/2020\/10\/B_1956_%C3%96ppet-f%C3%A4lt.jpg\" target=\"_blank\" rel=\"noreferrer noopener\"><img decoding=\"async\" src=\"https:\/\/litteraturbanken.se\/diktensmuseum\/wp-content\/uploads\/2020\/10\/B_1956_%C3%96ppet-f%C3%A4lt-1024x713.jpg\" alt=\"\" class=\"wp-image-5395\" loading=\"lazy\"><\/a><figcaption><em>Tage Aurell, fr\u00e5n manuskriptet till \u00f6vers\u00e4ttning B av Georg B\u00fcchners Woyzeck (1956). Denna scen \u00e4r numera pj\u00e4sens f\u00f6rsta.<\/em><\/figcaption><\/figure>\n\n\n\n<div style=\"height:30px\" aria-hidden=\"true\" class=\"wp-block-spacer\"><\/div>\n\n\n\n<p>I de senaste textkritiska utg\u00e5vorna av pj\u00e4sen \u00e4r ordningen f\u00f6r\u00e4ndrad p\u00e5 nytt. Nu inleds pj\u00e4sen med scen 6, 7 och 2 (numrerad efter <a href=\"https:\/\/de.wikisource.org\/wiki\/Wozzeck\" target=\"_blank\" rel=\"noreferrer noopener\" aria-label=\"1879 \u00e5rs utg\u00e5va (\u00f6ppnas i en ny flik)\">1879 \u00e5rs utg\u00e5va<\/a>). Rakstugescenen, som s\u00e5 l\u00e4nge inledde dramat, kommer nu f\u00f6rst som nummer nio i scenordningen. Och inte heller st\u00e5r texten riktigt att k\u00e4nna igen. Nya r\u00f6n har f\u00f6rvandlat \u00e4ven inneh\u00e5llet. Replikskiften har tolkats om, f\u00f6r\u00e4ndrats, inplacerats p\u00e5 nya platser.<\/p>\n\n\n\n<p>Pj\u00e4sen tycks allts\u00e5 annorlunda i snart sagt varje ny utg\u00e5va och i varje ny \u00f6vers\u00e4ttning.<\/p>\n\n\n\n<p><a rel=\"noreferrer noopener\" href=\"https:\/\/litteraturbanken.se\/f%C3%B6rfattare\/B%C3%BCchnerG\/titlar\/B%C3%BCchnerWoyzeck1956aMS\/sida\/1\/faksimil\" target=\"_blank\">MANUSKRIPT A, WOYZECK (1956)<\/a><br><a rel=\"noreferrer noopener\" href=\"https:\/\/litteraturbanken.se\/f%C3%B6rfattare\/B%C3%BCchnerG\/titlar\/B%C3%BCchnerWoyzeck1956bMS\/sida\/1\/faksimil\" target=\"_blank\">MANUSKRIPT B, WOYZECK (1956)<\/a><br><a rel=\"noreferrer noopener\" href=\"https:\/\/litteraturbanken.se\/f%C3%B6rfattare\/B%C3%BCchnerG\/titlar\/B%C3%BCchnerWoyzeck1961MS\/sida\/1\/faksimil\" target=\"_blank\">TV\u00c5 MANUSKRIPT, WOYZECK (1961)<\/a><br><a rel=\"noreferrer noopener\" href=\"https:\/\/litteraturbanken.se\/f%C3%B6rfattare\/B%C3%BCchnerG\/titlar\/Woyzeck1961\/sida\/497\/etext\" target=\"_blank\">TRYCKT UTG\u00c5VA, WOYZECK (1961)<\/a><br><a rel=\"noreferrer noopener\" href=\"https:\/\/litteraturbanken.se\/f%C3%B6rfattare\/B%C3%BCchnerG\/titlar\/Woyzeck1972\/sida\/1\/etext\" target=\"_blank\">TRYCKT UTG\u00c5VA, WOYZECK (1972)<\/a><\/p>\n\n\n\n<p>Och som vi snart ska se \u00e4r det h\u00e4r som den allra st\u00f6rsta tolkningspotentialen finns \u2013 i uttolkningen av handskrifterna men ocks\u00e5 i \u00f6vers\u00e4ttningen till ett annat spr\u00e5k.<\/p>\n\n\n\n<p><em><a href=\"https:\/\/litteraturbanken.se\/diktensmuseum\/aurell-en-inledning\/buchner-i-sverige\/\">L\u00e4s vidare om Georg B\u00fcchner och Sverige.<\/a><\/em><\/p>\n<\/div>\n\n\n\n<div class=\"wp-block-column is-layout-flow wp-block-column-is-layout-flow\" style=\"flex-basis:35%\">\n<div style=\"height:20px\" aria-hidden=\"true\" class=\"wp-block-spacer\"><\/div>\n\n\n\n<p><a href=\"https:\/\/litteraturbanken.se\/diktensmuseum\/aurell-en-inledning\/\">EN INLEDNING<br><\/a><a href=\"https:\/\/litteraturbanken.se\/diktensmuseum\/aurell-en-inledning\/georg-buchner\/\">GEORG B\u00dcCHNER<\/a><br><a href=\"https:\/\/litteraturbanken.se\/diktensmuseum\/aurell-en-inledning\/pjasen-woyzeck\/\">WOYZECK: PJ\u00c4SEN<\/a><br><a href=\"https:\/\/litteraturbanken.se\/diktensmuseum\/aurell-en-inledning\/buchner-i-sverige\/\">B\u00dcCHNER I SVERIGE<\/a><br><a href=\"https:\/\/litteraturbanken.se\/diktensmuseum\/aurell-en-inledning\/aurell-woyzeck\/\">AURELL &amp; WOYZECK<\/a><br><a href=\"https:\/\/litteraturbanken.se\/diktensmuseum\/1-anslag\/\">1. ANSLAG<\/a><br><a href=\"https:\/\/litteraturbanken.se\/diktensmuseum\/woyzeck-2-tontraff\/\">2. TONTR\u00c4FF<\/a><br><a href=\"https:\/\/litteraturbanken.se\/diktensmuseum\/3-nyckelscen\/\">3. NYCKELSCEN<\/a><\/p>\n\n\n\n<div style=\"height:20px\" aria-hidden=\"true\" class=\"wp-block-spacer\"><\/div>\n\n\n\n<div style=\"height:20px\" aria-hidden=\"true\" class=\"wp-block-spacer\"><\/div>\n\n\n\n<div style=\"height:20px\" aria-hidden=\"true\" class=\"wp-block-spacer\"><\/div>\n\n\n\n<figure class=\"wp-block-image size-large\"><a href=\"https:\/\/litteraturbanken.se\/diktensmuseum\/wp-content\/uploads\/2020\/10\/gb_wozzeck_1879_b.jpg\" target=\"_blank\" rel=\"noreferrer noopener\"><img decoding=\"async\" width=\"600\" height=\"972\" src=\"https:\/\/litteraturbanken.se\/diktensmuseum\/wp-content\/uploads\/2020\/10\/Johann_Christian_Woyzeck.jpg\" alt=\"\" class=\"wp-image-5496\" loading=\"lazy\" srcset=\"https:\/\/litteraturbanken.se\/diktensmuseum\/wp-content\/uploads\/2020\/10\/Johann_Christian_Woyzeck.jpg 600w, https:\/\/litteraturbanken.se\/diktensmuseum\/wp-content\/uploads\/2020\/10\/Johann_Christian_Woyzeck-185x300.jpg 185w, https:\/\/litteraturbanken.se\/diktensmuseum\/wp-content\/uploads\/2020\/10\/Johann_Christian_Woyzeck-480x778.jpg 480w\" sizes=\"auto, (max-width: 600px) 100vw, 600px\" \/><\/a><figcaption><em>Johann Christian Woyzeck (1780\u20131824). Bilden har vi l\u00e5nat fr\u00e5n <a rel=\"noreferrer noopener\" aria-label=\"Wikipedia (\u00f6ppnas i en ny flik)\" href=\"https:\/\/de.wikipedia.org\/wiki\/Johann_Christian_Woyzeck#\/media\/Datei:Johann_Christian_Woyzeck.jpg\" target=\"_blank\">Wikipedia<\/a>.<\/em><\/figcaption><\/figure>\n\n\n\n<div style=\"height:20px\" aria-hidden=\"true\" class=\"wp-block-spacer\"><\/div>\n\n\n\n<hr class=\"wp-block-separator\">\n\n\n\n<h5 class=\"wp-block-heading\">AURELLS VERSIONER<\/h5>\n\n\n\n<p><a rel=\"noreferrer noopener\" href=\"https:\/\/litteraturbanken.se\/f%C3%B6rfattare\/B%C3%BCchnerG\/titlar\/B%C3%BCchnerWoyzeck1956aMS\/sida\/1\/faksimil\" target=\"_blank\">MANUSKRIPT A, WOYZECK (1956)<\/a><br><a rel=\"noreferrer noopener\" href=\"https:\/\/litteraturbanken.se\/f%C3%B6rfattare\/B%C3%BCchnerG\/titlar\/B%C3%BCchnerWoyzeck1956bMS\/sida\/1\/faksimil\" target=\"_blank\">MANUSKRIPT B, WOYZECK (1956)<\/a><br><a rel=\"noreferrer noopener\" href=\"https:\/\/litteraturbanken.se\/f%C3%B6rfattare\/B%C3%BCchnerG\/titlar\/B%C3%BCchnerWoyzeck1961MS\/sida\/1\/faksimil\" target=\"_blank\">TV\u00c5 MANUSKRIPT, WOYZECK (1961)<\/a><br><a rel=\"noreferrer noopener\" href=\"https:\/\/litteraturbanken.se\/f%C3%B6rfattare\/B%C3%BCchnerG\/titlar\/Woyzeck1961\/sida\/497\/etext\" target=\"_blank\">TRYCKT UTG\u00c5VA, WOYZECK (1961)<\/a><br><a rel=\"noreferrer noopener\" href=\"https:\/\/litteraturbanken.se\/f%C3%B6rfattare\/B%C3%BCchnerG\/titlar\/Woyzeck1972\/sida\/1\/etext\" target=\"_blank\">TRYCKT UTG\u00c5VA, WOYZECK (1972)<\/a><\/p>\n\n\n\n<div style=\"height:20px\" aria-hidden=\"true\" class=\"wp-block-spacer\"><\/div>\n\n\n\n<hr class=\"wp-block-separator\">\n\n\n\n<h5 class=\"wp-block-heading\">OM B\u00dcCHNER &amp; AURELL<\/h5>\n\n\n\n<p style=\"font-size:11px\"><em>\u201dB\u00fcchner &amp; Aurell\u201d producerades f\u00f6r Litteraturbanken under 2020<\/em> av<em> <a href=\"mailto:dick.claesson@litteraturbanken.se\">Dick Cla\u00e9sson<\/a>. Alla citat ur Tage Aurells \u00f6vers\u00e4ttningar \u00e5terges med tillst\u00e5nd fr\u00e5n r\u00e4ttighetshavaren. D\u00e4r inget annat anges \u00e4r alla kringtexter skrivna av Dick Cla\u00e9sson.<\/em><\/p>\n\n\n\n<div style=\"height:20px\" aria-hidden=\"true\" class=\"wp-block-spacer\"><\/div>\n<\/div>\n<\/div>\n\n\n\n<div style=\"height:20px\" aria-hidden=\"true\" class=\"wp-block-spacer\"><\/div>\n\n\n\n<div style=\"height:20px\" aria-hidden=\"true\" class=\"wp-block-spacer\"><\/div>\n<\/body>","protected":false},"excerpt":{"rendered":"<p>B\u00fcchner &amp; Aurell Woyzeck: pj\u00e4sen Ett litet liv \u201dWOYZECK [drar fram ett papper] Fredrik Johan Frans Woyzeck, soldat, grenadj\u00e4r\u00a0vid 2. bataljonen, 4. kompaniet, f\u00f6dd Mariae Beb\u00e5delsedag \u2014 I dag \u00e4r jag 30 \u00e5r, 7 m\u00e5nader och 12 dagar gammal.\u201d Woyzeck [&hellip;]<\/p>\n","protected":false},"author":1,"featured_media":5496,"parent":5063,"menu_order":1,"comment_status":"closed","ping_status":"closed","template":"","meta":{"footnotes":""},"class_list":["post-5150","page","type-page","status-publish","has-post-thumbnail","hentry"],"_links":{"self":[{"href":"https:\/\/litteraturbanken.se\/diktensmuseum\/wp-json\/wp\/v2\/pages\/5150","targetHints":{"allow":["GET"]}}],"collection":[{"href":"https:\/\/litteraturbanken.se\/diktensmuseum\/wp-json\/wp\/v2\/pages"}],"about":[{"href":"https:\/\/litteraturbanken.se\/diktensmuseum\/wp-json\/wp\/v2\/types\/page"}],"author":[{"embeddable":true,"href":"https:\/\/litteraturbanken.se\/diktensmuseum\/wp-json\/wp\/v2\/users\/1"}],"replies":[{"embeddable":true,"href":"https:\/\/litteraturbanken.se\/diktensmuseum\/wp-json\/wp\/v2\/comments?post=5150"}],"version-history":[{"count":42,"href":"https:\/\/litteraturbanken.se\/diktensmuseum\/wp-json\/wp\/v2\/pages\/5150\/revisions"}],"predecessor-version":[{"id":5703,"href":"https:\/\/litteraturbanken.se\/diktensmuseum\/wp-json\/wp\/v2\/pages\/5150\/revisions\/5703"}],"up":[{"embeddable":true,"href":"https:\/\/litteraturbanken.se\/diktensmuseum\/wp-json\/wp\/v2\/pages\/5063"}],"wp:featuredmedia":[{"embeddable":true,"href":"https:\/\/litteraturbanken.se\/diktensmuseum\/wp-json\/wp\/v2\/media\/5496"}],"wp:attachment":[{"href":"https:\/\/litteraturbanken.se\/diktensmuseum\/wp-json\/wp\/v2\/media?parent=5150"}],"curies":[{"name":"wp","href":"https:\/\/api.w.org\/{rel}","templated":true}]}}