{"id":5886,"date":"2021-02-18T06:48:11","date_gmt":"2021-02-18T05:48:11","guid":{"rendered":"https:\/\/litteraturbanken.se\/diktensmuseum\/?page_id=5886"},"modified":"2021-03-26T12:57:43","modified_gmt":"2021-03-26T11:57:43","slug":"nv-tema-folkskrifter","status":"publish","type":"page","link":"https:\/\/litteraturbanken.se\/diktensmuseum\/nv-tema-folkskrifter\/","title":{"rendered":"Folkskrifter"},"content":{"rendered":"<body>\n<div class=\"wp-block-columns is-layout-flex wp-container-core-columns-is-layout-9d6595d7 wp-block-columns-is-layout-flex\">\n<div class=\"wp-block-column is-layout-flow wp-block-column-is-layout-flow\" style=\"flex-basis:65%\">\n<h1 class=\"has-vivid-red-color has-text-color wp-block-heading\">Nya v\u00e4gar <br>till det f\u00f6rflutna<\/h1>\n\n\n\n<h3 class=\"wp-block-heading\">Tema: Skrifter om och till folket<\/h3>\n\n\n\n<div style=\"height:35px\" aria-hidden=\"true\" class=\"wp-block-spacer\"><\/div>\n\n\n\n<div style=\"height:40px\" aria-hidden=\"true\" class=\"wp-block-spacer\"><\/div>\n\n\n\n<div style=\"height:20px\" aria-hidden=\"true\" class=\"wp-block-spacer\"><\/div>\n\n\n\n<p>N\u00e4r man bl\u00e4ddrar igenom katalogen \u00f6ver de dryga tusen verk som vi l\u00e4gger ut i den f\u00f6rsta delpubliceringen av projektet\u00a0<em>Nya v\u00e4gar till det f\u00f6rflutna<\/em>\u00a0sl\u00e5s man av hur m\u00e5nga som har ett mer eller mindre uttalat tilltal till allm\u00e4nheten. Genrerna skiftar: folktro och s\u00e4gner blandas med skrifter med dokument\u00e4ra, g\u00e4rna lite spektakul\u00e4ra inslag; somliga \u00e4r helt enkelt till f\u00f6r att roa med en stunds avkopplande tidsf\u00f6rdriv.\u00a0<\/p>\n\n\n\n<div style=\"height:30px\" aria-hidden=\"true\" class=\"wp-block-spacer\"><\/div>\n\n\n\n<h2 class=\"wp-block-heading\"><strong>Folkkultur<\/strong><\/h2>\n\n\n\n<div style=\"height:20px\" aria-hidden=\"true\" class=\"wp-block-spacer\"><\/div>\n\n\n\n<p>Det nyv\u00e4ckta intresset f\u00f6r folkmusik och folkkultur leder under senare delen av 1800-talet till bildande av institutioner som Nordiska museet och Skansen. Deras grundare, Artur Hazelius, \u00e4r i materialet fr\u00e5n <em>Nya v\u00e4gar <\/em>representerad bland annat som redakt\u00f6r f\u00f6r den fler\u00e5riga skriftserien\u00a0<a href=\"https:\/\/litteraturbanken.se\/f%C3%B6rfattare\/HazeliusA\/titlar\/Sm%C3%A5skrifterF%C3%B6rFolket\/sida\/5\/faksimil\"><em>Sm\u00e5skrifter f\u00f6r folket<\/em>, I\u2013X<\/a>\u00a0(1870\u20131883), som inte s\u00e4llan utg\u00f6r avtryck ur hans tidigare samlingar. Sammanlagt handlar det om \u00f6ver 400 sidor s\u00e4gner om j\u00e4ttar och troll, visor och barns\u00e5nger.<\/p>\n\n\n\n<div style=\"height:20px\" aria-hidden=\"true\" class=\"wp-block-spacer\"><\/div>\n\n\n\n<figure class=\"wp-block-image size-large\"><a href=\"https:\/\/litteraturbanken.se\/diktensmuseum\/wp-content\/uploads\/2021\/02\/hazelius.jpg\" target=\"_blank\" rel=\"noreferrer noopener\"><img decoding=\"async\" width=\"676\" height=\"1024\" src=\"https:\/\/litteraturbanken.se\/diktensmuseum\/wp-content\/uploads\/2021\/02\/hazelius-676x1024.jpg\" alt=\"\" class=\"wp-image-5963\" loading=\"lazy\" srcset=\"https:\/\/litteraturbanken.se\/diktensmuseum\/wp-content\/uploads\/2021\/02\/hazelius-676x1024.jpg 676w, https:\/\/litteraturbanken.se\/diktensmuseum\/wp-content\/uploads\/2021\/02\/hazelius-198x300.jpg 198w, https:\/\/litteraturbanken.se\/diktensmuseum\/wp-content\/uploads\/2021\/02\/hazelius-768x1163.jpg 768w, https:\/\/litteraturbanken.se\/diktensmuseum\/wp-content\/uploads\/2021\/02\/hazelius-1014x1536.jpg 1014w, https:\/\/litteraturbanken.se\/diktensmuseum\/wp-content\/uploads\/2021\/02\/hazelius-480x727.jpg 480w, https:\/\/litteraturbanken.se\/diktensmuseum\/wp-content\/uploads\/2021\/02\/hazelius.jpg 1200w\" sizes=\"auto, (max-width: 676px) 100vw, 676px\" \/><\/a><figcaption><em>Ur Artur Hazelius, <a href=\"https:\/\/litteraturbanken.se\/f%C3%B6rfattare\/HazeliusA\/titlar\/Sm%C3%A5skrifterF%C3%B6rFolket\/sida\/5\/faksimil\">Sm\u00e5skrifter f\u00f6r folket, I\u2013X<\/a>\u00a0(1870\u20131883).<\/em><\/figcaption><\/figure>\n\n\n\n<div style=\"height:30px\" aria-hidden=\"true\" class=\"wp-block-spacer\"><\/div>\n\n\n\n<p>Sju av sammanlagt elva volymer\u00a0ur <a href=\"https:\/\/litteraturbanken.se\/f%C3%B6rfattare\/AfzeliusAA\/titlar\/SwenskaFolketsSagoh%C3%A4fder-08-03-01\/sida\/6\/faksimil\"><em>Svenska folkets sago-h\u00e4fder<\/em><\/a>\u00a0(1839\u20131870) av Arvid August Afzelius l\u00e4ggs ut den 1 mars 2021. Idag framst\u00e5r Afzelius arbetss\u00e4tt som daterat, men samlingen \u00e4r ett viktigt tidsvittne. P\u00e5 titelsidan anger Afzelius sin m\u00e5lgrupp: \u201dTill l\u00e4sning f\u00f6r folket.\u201d Afzelius f\u00f6rfattade ocks\u00e5 diktcykeln\u00a0<a href=\"https:\/\/litteraturbanken.se\/f%C3%B6rfattare\/AfzeliusAA\/titlar\/LidandetsV%C3%A4kter\/sida\/5\/faksimil\"><em>Lidandets v\u00e4kter<\/em><\/a>\u00a0(1850), om Kristi pinas historia, med ett ansl\u00e5ende fr\u00e4mre omslag.\u00a0<\/p>\n\n\n\n<div style=\"height:20px\" aria-hidden=\"true\" class=\"wp-block-spacer\"><\/div>\n\n\n\n<figure class=\"wp-block-image\"><img decoding=\"async\" width=\"1024\" height=\"351\" src=\"https:\/\/litteraturbanken.se\/diktensmuseum\/wp-content\/uploads\/2021\/02\/afzelius_1-1024x351.jpg\" alt=\"\" class=\"wp-image-5972\" loading=\"lazy\" srcset=\"https:\/\/litteraturbanken.se\/diktensmuseum\/wp-content\/uploads\/2021\/02\/afzelius_1-1024x351.jpg 1024w, https:\/\/litteraturbanken.se\/diktensmuseum\/wp-content\/uploads\/2021\/02\/afzelius_1-300x103.jpg 300w, https:\/\/litteraturbanken.se\/diktensmuseum\/wp-content\/uploads\/2021\/02\/afzelius_1-768x263.jpg 768w, https:\/\/litteraturbanken.se\/diktensmuseum\/wp-content\/uploads\/2021\/02\/afzelius_1-480x164.jpg 480w, https:\/\/litteraturbanken.se\/diktensmuseum\/wp-content\/uploads\/2021\/02\/afzelius_1.jpg 1200w\" sizes=\"auto, (max-width: 1024px) 100vw, 1024px\" \/><\/figure>\n\n\n\n<figure class=\"wp-block-image\"><img decoding=\"async\" src=\"https:\/\/litteraturbanken.se\/diktensmuseum\/wp-content\/uploads\/2021\/02\/afzelius_2-712x1024.jpg\" alt=\"\" loading=\"lazy\"><figcaption><em>Arvid August Afzelius, <a href=\"https:\/\/litteraturbanken.se\/f%C3%B6rfattare\/AfzeliusAA\/titlar\/SwenskaFolketsSagoh%C3%A4fder-08-03-01\/sida\/6\/faksimil\">Svenska folkets sago-h\u00e4fder<\/a>\u00a0(1839\u20131870) och <a href=\"https:\/\/litteraturbanken.se\/f%C3%B6rfattare\/AfzeliusAA\/titlar\/LidandetsV%C3%A4kter\/sida\/5\/faksimil\">Lidandets v\u00e4kter<\/a>\u00a0(1850).<\/em><\/figcaption><\/figure>\n\n\n\n<div style=\"height:30px\" aria-hidden=\"true\" class=\"wp-block-spacer\"><\/div>\n\n\n\n<p>\u00c4ven finlitteraturen p\u00e5verkades av intresset f\u00f6r folkliv. Under f\u00f6rsta halvan av 1800-talet b\u00f6rjade ber\u00e4ttelser som utspelar sig bland i l\u00e4grest\u00e5ndsmilj\u00f6er bli vanligare. Almqvists\u00a0<a href=\"https:\/\/litteraturbanken.se\/f%C3%B6rfattare\/AlmqvistCJL\/titlar\/Sk%C3%A4llnoraQvarn\/sida\/1\/faksimil\"><em>Sk\u00e4llnora qvarn. Ber\u00e4ttelse ur folklifvet<\/em><\/a>\u00a0(1875) publicerades f\u00f6rsta g\u00e5ngen 1838 som en del i det stora ramverket\u00a0<em>T\u00f6rnrosens bok<\/em>. Ber\u00e4ttelsen var ovanlig i sin samtid: en kriminalhistoria som utspelar sig i bondmilj\u00f6. N\u00e5gra \u00e5rtionden senare publicerades den igen, nu i en popul\u00e4rserie: \u201d\u00d6reskrifter f\u00f6r folket\u201d.<\/p>\n\n\n\n<p>I Litteraturbanken kan\u00a0<em>Sk\u00e4llnora kvarn<\/em>\u00a0sedan tidigare l\u00e4sas som\u00a0<a href=\"https:\/\/litteraturbanken.se\/f%C3%B6rfattare\/AlmqvistCJL\/titlar\/SamladeVerk8\/sida\/319\/etext\">e-text i en modern utg\u00e5va<\/a>\u00a0fr\u00e5n 1996.\u00a0<\/p>\n\n\n\n<div style=\"height:20px\" aria-hidden=\"true\" class=\"wp-block-spacer\"><\/div>\n\n\n\n<figure class=\"wp-block-image size-large\"><a href=\"https:\/\/litteraturbanken.se\/diktensmuseum\/wp-content\/uploads\/2021\/02\/almqvist.jpg\" target=\"_blank\" rel=\"noreferrer noopener\"><img decoding=\"async\" width=\"666\" height=\"1024\" src=\"https:\/\/litteraturbanken.se\/diktensmuseum\/wp-content\/uploads\/2021\/02\/almqvist-666x1024.jpg\" alt=\"\" class=\"wp-image-5961\" loading=\"lazy\" srcset=\"https:\/\/litteraturbanken.se\/diktensmuseum\/wp-content\/uploads\/2021\/02\/almqvist-666x1024.jpg 666w, https:\/\/litteraturbanken.se\/diktensmuseum\/wp-content\/uploads\/2021\/02\/almqvist-195x300.jpg 195w, https:\/\/litteraturbanken.se\/diktensmuseum\/wp-content\/uploads\/2021\/02\/almqvist-768x1181.jpg 768w, https:\/\/litteraturbanken.se\/diktensmuseum\/wp-content\/uploads\/2021\/02\/almqvist-999x1536.jpg 999w, https:\/\/litteraturbanken.se\/diktensmuseum\/wp-content\/uploads\/2021\/02\/almqvist-480x738.jpg 480w, https:\/\/litteraturbanken.se\/diktensmuseum\/wp-content\/uploads\/2021\/02\/almqvist.jpg 1200w\" sizes=\"auto, (max-width: 666px) 100vw, 666px\" \/><\/a><figcaption><em>Ur Carl Jonas Love Almqvist,<\/em> <em><a href=\"https:\/\/litteraturbanken.se\/f%C3%B6rfattare\/AlmqvistCJL\/titlar\/Sk%C3%A4llnoraQvarn\/sida\/1\/faksimil\">Sk\u00e4llnora qvarn. Ber\u00e4ttelse ur folklifvet<\/a><\/em>\u00a0<em>(1875).<\/em><\/figcaption><\/figure>\n\n\n\n<div style=\"height:30px\" aria-hidden=\"true\" class=\"wp-block-spacer\"><\/div>\n\n\n\n<p>Vidskeplighet och ett intresse f\u00f6r det \u00f6vernaturliga visas bland annat i den anonyma folkskriften\u00a0<a href=\"https:\/\/litteraturbanken.se\/f%C3%B6rfattare\/Anonym\/titlar\/SvenskaTrollk%C3%A4rringar\/sida\/5\/faksimil\"><em>Svenska Trollk\u00e4rringar, Sp\u00e5qvinnor och Kloka Gummor<\/em><\/a>\u00a0(1855). M\u00e5nga tragiska kvinno\u00f6den f\u00e5r h\u00e4r plats p\u00e5 knappa 40 sidor.<\/p>\n\n\n\n<div style=\"height:20px\" aria-hidden=\"true\" class=\"wp-block-spacer\"><\/div>\n\n\n\n<figure class=\"wp-block-image size-large\"><a href=\"https:\/\/litteraturbanken.se\/diktensmuseum\/wp-content\/uploads\/2021\/02\/trollk%C3%A4rringar.jpg\" target=\"_blank\" rel=\"noreferrer noopener\"><img decoding=\"async\" src=\"https:\/\/litteraturbanken.se\/diktensmuseum\/wp-content\/uploads\/2021\/02\/trollk%C3%A4rringar-751x1024.jpg\" alt=\"\" class=\"wp-image-5969\" loading=\"lazy\"><\/a><figcaption><em><a href=\"https:\/\/litteraturbanken.se\/f%C3%B6rfattare\/Anonym\/titlar\/SvenskaTrollk%C3%A4rringar\/sida\/5\/faksimil\">Svenska Trollk\u00e4rringar, Sp\u00e5qvinnor och Kloka Gummor<\/a>\u00a0(1855).<\/em><\/figcaption><\/figure>\n\n\n\n<div style=\"height:30px\" aria-hidden=\"true\" class=\"wp-block-spacer\"><\/div>\n\n\n\n<h2 class=\"wp-block-heading\"><strong>Ur verkligheten<\/strong><\/h2>\n\n\n\n<div style=\"height:20px\" aria-hidden=\"true\" class=\"wp-block-spacer\"><\/div>\n\n\n\n<p>Skillingtryck och folkb\u00f6cker inneh\u00f6ll under l\u00e5ng tid huvudsakligen visor, sagor, legender och liknande ber\u00e4ttelser ur folkdjupet; alla var mer eller mindre bearbetade. Vistrycken var i regel korta, ett ark vikt till \u00e5tta sidor, medan folkb\u00f6cker kunde vara lite l\u00e4ngre. B\u00e5da typerna trycktes i regel i frakturstil, som var den skrift som vanliga m\u00e4nniskor b\u00e4st beh\u00e4rskade. <\/p>\n\n\n\n<p>Under 1800-talet f\u00f6r\u00e4ndras gradvis tematiken. Folkbokens k\u00e4nnetecken \u2013 relativt kort, tryckt i fraktur och s\u00e5ld till ett l\u00e5gt pris \u2013 anv\u00e4nds som \u201df\u00f6rpackning\u201d n\u00e4r andra typer av r\u00f6ster b\u00f6rjar g\u00f6ra sig h\u00f6rda. Formatet \u00e4r tacksamt f\u00f6r ber\u00e4ttelser \u201dur verkligheten\u201d, med delvis dokument\u00e4rt, ibland uppseendev\u00e4ckande inneh\u00e5ll.<\/p>\n\n\n\n<p>P\u00e5 tolv t\u00e4ttryckta sidor och till en kostnad av 2 skilling banko kunde nyfikna l\u00e4sa om John Hall,\u00a0<a href=\"https:\/\/litteraturbanken.se\/f%C3%B6rfattare\/Anonym\/titlar\/JohnHall\/sida\/3\/faksimil\"><em>F\u00f6dd million\u00e4r \u2013 d\u00f6d utfattig<\/em><\/a>\u00a0(1857). Skildringen av Halls tragiska \u00f6de inleds med ett utrop, som samtidigt instruerar l\u00e4sarskaran hur livs\u00f6det b\u00f6r tolkas:\u00a0\u201dRikedom, werldsliga egodelar! F\u00f6rem\u00e5l f\u00f6r m\u00e4ngdens afund och lystnad, huru el\u00e4ndige \u00e4ren j icke, d\u00e5 j st\u00e5n ensamme, d\u00e5 j ej underst\u00f6dens af sj\u00e4lens egodelar?\u201d<\/p>\n\n\n\n<div style=\"height:20px\" aria-hidden=\"true\" class=\"wp-block-spacer\"><\/div>\n\n\n\n<figure class=\"wp-block-image size-large\"><a href=\"https:\/\/litteraturbanken.se\/diktensmuseum\/wp-content\/uploads\/2021\/02\/hall_1.jpg\" target=\"_blank\" rel=\"noreferrer noopener\"><img decoding=\"async\" width=\"769\" height=\"1024\" src=\"https:\/\/litteraturbanken.se\/diktensmuseum\/wp-content\/uploads\/2021\/02\/hall_1-769x1024.jpg\" alt=\"\" class=\"wp-image-5962\" loading=\"lazy\" srcset=\"https:\/\/litteraturbanken.se\/diktensmuseum\/wp-content\/uploads\/2021\/02\/hall_1-769x1024.jpg 769w, https:\/\/litteraturbanken.se\/diktensmuseum\/wp-content\/uploads\/2021\/02\/hall_1-225x300.jpg 225w, https:\/\/litteraturbanken.se\/diktensmuseum\/wp-content\/uploads\/2021\/02\/hall_1-768x1023.jpg 768w, https:\/\/litteraturbanken.se\/diktensmuseum\/wp-content\/uploads\/2021\/02\/hall_1-1153x1536.jpg 1153w, https:\/\/litteraturbanken.se\/diktensmuseum\/wp-content\/uploads\/2021\/02\/hall_1-480x639.jpg 480w, https:\/\/litteraturbanken.se\/diktensmuseum\/wp-content\/uploads\/2021\/02\/hall_1.jpg 1200w\" sizes=\"auto, (max-width: 769px) 100vw, 769px\" \/><\/a><figcaption><em>John Hall,\u00a0<a href=\"https:\/\/litteraturbanken.se\/f%C3%B6rfattare\/Anonym\/titlar\/JohnHall\/sida\/3\/faksimil\">F\u00f6dd million\u00e4r \u2013 d\u00f6d utfattig<\/a>\u00a0(1857).<\/em><\/figcaption><\/figure>\n\n\n\n<div style=\"height:30px\" aria-hidden=\"true\" class=\"wp-block-spacer\"><\/div>\n\n\n\n<p>En helt annan sort ber\u00e4ttelse \u00e4r den fiktiva historien\u00a0<a href=\"https:\/\/litteraturbanken.se\/f%C3%B6rfattare\/HasselqvistKG\/titlar\/EnSymamsells\/sida\/1\/faksimil\"><em>En Symamsells nattliga \u00e4fwentyr<\/em><\/a>\u00a0(1856) av Karl Gustaf Hasselqvist. I den ber\u00e4ttas om en fattig s\u00f6mmerska, utsatt f\u00f6r storstadens frestelser i allm\u00e4nhet och uppvaktning av herrar med ohederliga avsikter i synnerhet. Likheten med folkboken \u00e4r endast yttre (fraktur, kort, troligen billig). Men den representerar en ny typ av popul\u00e4rlitteratur i tiden, fiktion med l\u00e4tt skabr\u00f6sa inslag.\u00a0<\/p>\n\n\n\n<div style=\"height:30px\" aria-hidden=\"true\" class=\"wp-block-spacer\"><\/div>\n\n\n\n<h2 class=\"wp-block-heading\"><strong>Tidsf\u00f6rdriv<\/strong><\/h2>\n\n\n\n<div style=\"height:20px\" aria-hidden=\"true\" class=\"wp-block-spacer\"><\/div>\n\n\n\n<p>I en tid som saknade TV och sociala medier fanns desto mer av l\u00e4ttsm\u00e4lt litteratur som roade, sj\u00f6ngs eller l\u00e4stes h\u00f6gt i s\u00e4llskap.\u00a0\u00a0<\/p>\n\n\n\n<p>Fritz Ahlgrenssons\u00a0<a href=\"https:\/\/litteraturbanken.se\/editor\/lb1570431\/ix\/4\/f\"><em>Krafs<\/em><\/a><em>\u00a0<\/em>(1873) bjuder till exempel p\u00e5 humoristiska teckningar ur vardagen, kombinerade med korta verser eller aforismer. Varje sida \u00e4r ett litet konstverk i sig.<\/p>\n\n\n\n<div style=\"height:20px\" aria-hidden=\"true\" class=\"wp-block-spacer\"><\/div>\n\n\n\n<figure class=\"wp-block-image\"><img decoding=\"async\" width=\"1024\" height=\"709\" src=\"https:\/\/litteraturbanken.se\/diktensmuseum\/wp-content\/uploads\/2021\/02\/ahlgrensson_1-1024x709.jpg\" alt=\"\" class=\"wp-image-5959\" loading=\"lazy\" srcset=\"https:\/\/litteraturbanken.se\/diktensmuseum\/wp-content\/uploads\/2021\/02\/ahlgrensson_1-1024x709.jpg 1024w, https:\/\/litteraturbanken.se\/diktensmuseum\/wp-content\/uploads\/2021\/02\/ahlgrensson_1-300x208.jpg 300w, https:\/\/litteraturbanken.se\/diktensmuseum\/wp-content\/uploads\/2021\/02\/ahlgrensson_1-768x532.jpg 768w, https:\/\/litteraturbanken.se\/diktensmuseum\/wp-content\/uploads\/2021\/02\/ahlgrensson_1-480x332.jpg 480w, https:\/\/litteraturbanken.se\/diktensmuseum\/wp-content\/uploads\/2021\/02\/ahlgrensson_1.jpg 1200w\" sizes=\"auto, (max-width: 1024px) 100vw, 1024px\" \/><\/figure>\n\n\n\n<figure class=\"wp-block-image\"><img decoding=\"async\" width=\"1024\" height=\"771\" src=\"https:\/\/litteraturbanken.se\/diktensmuseum\/wp-content\/uploads\/2021\/02\/ahlgrensson_2-1024x771.jpg\" alt=\"\" class=\"wp-image-5960\" loading=\"lazy\" srcset=\"https:\/\/litteraturbanken.se\/diktensmuseum\/wp-content\/uploads\/2021\/02\/ahlgrensson_2-1024x771.jpg 1024w, https:\/\/litteraturbanken.se\/diktensmuseum\/wp-content\/uploads\/2021\/02\/ahlgrensson_2-300x226.jpg 300w, https:\/\/litteraturbanken.se\/diktensmuseum\/wp-content\/uploads\/2021\/02\/ahlgrensson_2-768x579.jpg 768w, https:\/\/litteraturbanken.se\/diktensmuseum\/wp-content\/uploads\/2021\/02\/ahlgrensson_2-480x362.jpg 480w, https:\/\/litteraturbanken.se\/diktensmuseum\/wp-content\/uploads\/2021\/02\/ahlgrensson_2.jpg 1200w\" sizes=\"auto, (max-width: 1024px) 100vw, 1024px\" \/><figcaption><em>Ur Fritz Ahlgrenssons\u00a0<a href=\"https:\/\/litteraturbanken.se\/f%C3%B6rfattare\/AhlgrenssonF\/titlar\/Krafs2\/sida\/5\/faksimil\" target=\"_blank\" rel=\"noreferrer noopener\" aria-label=\"Krafs (\u00f6ppnas i en ny flik)\">Krafs<\/a>\u00a0(1873)<\/em>.<\/figcaption><\/figure>\n\n\n\n<div style=\"height:30px\" aria-hidden=\"true\" class=\"wp-block-spacer\"><\/div>\n\n\n\n<p>En flitigt f\u00f6retr\u00e4dd genre i materialet som samlas genom <em>Nya v\u00e4gar<\/em> \u00e4r visboken. Oftast inneh\u00e5ller visboken bara text, med angivande av n\u00e5gon k\u00e4nd melodi att sjungas till. St\u00e4mningen \u00e4r glad och skojfrisk, s\u00e5som i dessa tv\u00e5: Frans Hodells\u00a0<a href=\"https:\/\/litteraturbanken.se\/f%C3%B6rfattare\/HodellF\/titlar\/VisorOchKupletter\/sida\/5\/faksimil\"><em>Visor och kupletter<\/em><\/a>\u00a0(1873) samt Per Johan Johansons\u00a0<a href=\"https:\/\/litteraturbanken.se\/f%C3%B6rfattare\/JohansonPJ\/titlar\/GladaS%C3%A5nger\/sida\/1\/faksimil\"><em>Glada s\u00e5nger f\u00f6r munterg\u00f6kar<\/em><\/a>\u00a0(1836).<\/p>\n\n\n\n<div style=\"height:20px\" aria-hidden=\"true\" class=\"wp-block-spacer\"><\/div>\n\n\n\n<figure class=\"wp-block-gallery columns-2 is-cropped wp-block-gallery-1 is-layout-flex wp-block-gallery-is-layout-flex\"><ul class=\"blocks-gallery-grid\"><li class=\"blocks-gallery-item\"><figure><a href=\"https:\/\/litteraturbanken.se\/diktensmuseum\/wp-content\/uploads\/2021\/02\/visor.jpg\"><img decoding=\"async\" width=\"626\" height=\"1024\" src=\"https:\/\/litteraturbanken.se\/diktensmuseum\/wp-content\/uploads\/2021\/02\/visor-626x1024.jpg\" alt=\"\" data-id=\"5970\" data-full-url=\"https:\/\/litteraturbanken.se\/diktensmuseum\/wp-content\/uploads\/2021\/02\/visor.jpg\" data-link=\"https:\/\/litteraturbanken.se\/diktensmuseum\/visor\/\" class=\"wp-image-5970\" loading=\"lazy\" srcset=\"https:\/\/litteraturbanken.se\/diktensmuseum\/wp-content\/uploads\/2021\/02\/visor-626x1024.jpg 626w, https:\/\/litteraturbanken.se\/diktensmuseum\/wp-content\/uploads\/2021\/02\/visor-183x300.jpg 183w, https:\/\/litteraturbanken.se\/diktensmuseum\/wp-content\/uploads\/2021\/02\/visor-768x1257.jpg 768w, https:\/\/litteraturbanken.se\/diktensmuseum\/wp-content\/uploads\/2021\/02\/visor-938x1536.jpg 938w, https:\/\/litteraturbanken.se\/diktensmuseum\/wp-content\/uploads\/2021\/02\/visor-480x786.jpg 480w, https:\/\/litteraturbanken.se\/diktensmuseum\/wp-content\/uploads\/2021\/02\/visor.jpg 1200w\" sizes=\"auto, (max-width: 626px) 100vw, 626px\" \/><\/a><\/figure><\/li><li class=\"blocks-gallery-item\"><figure><a href=\"https:\/\/litteraturbanken.se\/diktensmuseum\/wp-content\/uploads\/2021\/02\/munterg%C3%B6kar.jpg\"><img decoding=\"async\" src=\"https:\/\/litteraturbanken.se\/diktensmuseum\/wp-content\/uploads\/2021\/02\/munterg%C3%B6kar-627x1024.jpg\" alt=\"\" data-id=\"5967\" data-full-url=\"https:\/\/litteraturbanken.se\/diktensmuseum\/wp-content\/uploads\/2021\/02\/munterg\u00f6kar.jpg\" data-link=\"https:\/\/litteraturbanken.se\/diktensmuseum\/muntergokar\/\" class=\"wp-image-5967\" loading=\"lazy\"><\/a><\/figure><\/li><\/ul><figcaption class=\"blocks-gallery-caption\"><em>Ur Frans Hodells\u00a0<a href=\"https:\/\/litteraturbanken.se\/f%C3%B6rfattare\/HodellF\/titlar\/VisorOchKupletter\/sida\/5\/faksimil\">Visor och kupletter<\/a>\u00a0(1873) samt Per Johan Johansons\u00a0<a href=\"https:\/\/litteraturbanken.se\/f%C3%B6rfattare\/JohansonPJ\/titlar\/GladaS%C3%A5nger\/sida\/1\/faksimil\">Glada s\u00e5nger f\u00f6r munterg\u00f6kar<\/a>\u00a0(1836).<\/em><\/figcaption><\/figure>\n\n\n\n<div style=\"height:30px\" aria-hidden=\"true\" class=\"wp-block-spacer\"><\/div>\n\n\n\n<p>Att trycka musik var kostsamt \u2013 men i enstaka fall finns ocks\u00e5 musiknoter med, s\u00e5som i August Bondesons\u00a0<em><a href=\"https:\/\/litteraturbanken.se\/f%C3%B6rfattare\/BondesonA\/titlar\/Visor\/sida\/15\/faksimil\" target=\"_blank\" rel=\"noreferrer noopener\" aria-label=\"Visor p\u00e5 \u00c4tradalens\u00a0bygdem\u00e5l\u00a0 (\u00f6ppnas i en ny flik)\">Visor p\u00e5 \u00c4tradalens\u00a0bygdem\u00e5l\u00a0<\/a><\/em>(1878).\u00a0<\/p>\n\n\n\n<div style=\"height:20px\" aria-hidden=\"true\" class=\"wp-block-spacer\"><\/div>\n\n\n\n<figure class=\"wp-block-image size-large\"><a href=\"https:\/\/litteraturbanken.se\/diktensmuseum\/wp-content\/uploads\/2021\/02\/%C3%A4tradalen.jpg\" target=\"_blank\" rel=\"noreferrer noopener\"><img decoding=\"async\" src=\"https:\/\/litteraturbanken.se\/diktensmuseum\/wp-content\/uploads\/2021\/02\/%C3%A4tradalen-647x1024.jpg\" alt=\"\" class=\"wp-image-5971\" loading=\"lazy\"><\/a><figcaption><em>August Bondesons\u00a0<a rel=\"noreferrer noopener\" href=\"https:\/\/litteraturbanken.se\/f%C3%B6rfattare\/BondesonA\/titlar\/Visor\/sida\/15\/faksimil\" target=\"_blank\">Visor p\u00e5 \u00c4tradalens\u00a0bygdem\u00e5l\u00a0<\/a>(1878).<\/em><\/figcaption><\/figure>\n<\/div>\n\n\n\n<div class=\"wp-block-column is-layout-flow wp-block-column-is-layout-flow\" style=\"flex-basis:35%\">\n<div style=\"height:20px\" aria-hidden=\"true\" class=\"wp-block-spacer\"><\/div>\n\n\n\n<p><a href=\"https:\/\/litteraturbanken.se\/diktensmuseum\/nya-vagar-inledning\/\">INLEDNING<\/a><br><a href=\"https:\/\/litteraturbanken.se\/diktensmuseum\/nv-ur-projektbeskrivningen\/\">OM PROJEKTET<br><\/a><a href=\"https:\/\/litteraturbanken.se\/diktensmuseum\/nv-tema-folkskrifter\/\">FOLKSKRIFTER<\/a><br><a href=\"https:\/\/litteraturbanken.se\/diktensmuseum\/nv-tema-barnlitteratur\/\">BARNLITTERATUR<\/a><br><a href=\"https:\/\/litteraturbanken.se\/diktensmuseum\/nv-kvinnliga-prosaforfattare\/\">KVINNLIGA F\u00d6RFATTARE<\/a><br><a href=\"https:\/\/litteraturbanken.se\/diktensmuseum\/nv-tema-kalendrar\/\">KALENDRAR<br><\/a><a href=\"https:\/\/litteraturbanken.se\/diktensmuseum\/nv-lyssna-till-seklet\/\">LYSSNA<\/a><\/p>\n\n\n\n<div style=\"height:20px\" aria-hidden=\"true\" class=\"wp-block-spacer\"><\/div>\n\n\n\n<div style=\"height:20px\" aria-hidden=\"true\" class=\"wp-block-spacer\"><\/div>\n\n\n\n<div style=\"height:20px\" aria-hidden=\"true\" class=\"wp-block-spacer\"><\/div>\n\n\n\n<figure class=\"wp-block-image size-large\"><a href=\"https:\/\/litteraturbanken.se\/diktensmuseum\/wp-content\/uploads\/2021\/02\/lb_affisch_nyav%C3%A4gar_2.2021_a.jpg\" target=\"_blank\" rel=\"noreferrer noopener\"><img decoding=\"async\" src=\"https:\/\/litteraturbanken.se\/diktensmuseum\/wp-content\/uploads\/2021\/02\/lb_affisch_nyav%C3%A4gar_2.2021_a-740x1024.jpg\" alt=\"\" class=\"wp-image-5946\" loading=\"lazy\"><\/a><\/figure>\n\n\n\n<div style=\"height:40px\" aria-hidden=\"true\" class=\"wp-block-spacer\"><\/div>\n\n\n\n<hr class=\"wp-block-separator\">\n\n\n\n<h5 class=\"wp-block-heading\">OM UTST\u00c4LLNINGEN<\/h5>\n\n\n\n<p style=\"font-size:11px\"><em>Utst\u00e4llningen \u201dNya v\u00e4gar till det f\u00f6rflutna\u201d producerades f\u00f6r Litteraturbanken under 2021<\/em> av<em> Ljubica Mio\u010devi\u0107. D\u00e4r inget annat anges \u00e4r alla kringtexter skrivna av Ljubica Mio\u010devi\u0107.<\/em><\/p>\n\n\n\n<div style=\"height:20px\" aria-hidden=\"true\" class=\"wp-block-spacer\"><\/div>\n\n\n\n<p style=\"font-size:11px\"><em>I Biblioteket kan du\u00a0<a href=\"https:\/\/litteraturbanken.se\/bibliotek?nytillkommet&amp;sort=nytillkommet&amp;keywords=keyword:Folktryck\">s\u00f6ka p\u00e5 skillingtryck och folkb\u00f6cker<\/a>, samt avgr\u00e4nsa s\u00f6kningen kronologiskt.<\/em> <br><br><em>L\u00e4s mer om genren i v\u00e5r presentation\u00a0<a href=\"https:\/\/litteraturbanken.se\/presentationer\/specialomraden\/Skillingtryck.html\">Skillingtryck och folkets litteratur<\/a>.<\/em><br><br><em>I Biblioteket kan du ocks\u00e5 s\u00f6ka p\u00e5\u00a0<a href=\"https:\/\/litteraturbanken.se\/bibliotek?visa=works&amp;keywords=provenance.library:SVA\">visor, utgivna av Svenskt visarkiv<\/a>. H\u00e4r finns bland annat alla svenska medeltida ballader.<\/em><\/p>\n\n\n\n<div style=\"height:40px\" aria-hidden=\"true\" class=\"wp-block-spacer\"><\/div>\n\n\n\n<div style=\"height:20px\" aria-hidden=\"true\" class=\"wp-block-spacer\"><\/div>\n<\/div>\n<\/div>\n\n\n\n<div style=\"height:20px\" aria-hidden=\"true\" class=\"wp-block-spacer\"><\/div>\n\n\n\n<div style=\"height:20px\" aria-hidden=\"true\" class=\"wp-block-spacer\"><\/div>\n<\/body>","protected":false},"excerpt":{"rendered":"<p>Nya v\u00e4gar till det f\u00f6rflutna Tema: Skrifter om och till folket N\u00e4r man bl\u00e4ddrar igenom katalogen \u00f6ver de dryga tusen verk som vi l\u00e4gger ut i den f\u00f6rsta delpubliceringen av projektet\u00a0Nya v\u00e4gar till det f\u00f6rflutna\u00a0sl\u00e5s man av hur m\u00e5nga som [&hellip;]<\/p>\n","protected":false},"author":1,"featured_media":5946,"parent":0,"menu_order":1,"comment_status":"closed","ping_status":"closed","template":"","meta":{"footnotes":""},"class_list":["post-5886","page","type-page","status-publish","has-post-thumbnail","hentry"],"_links":{"self":[{"href":"https:\/\/litteraturbanken.se\/diktensmuseum\/wp-json\/wp\/v2\/pages\/5886","targetHints":{"allow":["GET"]}}],"collection":[{"href":"https:\/\/litteraturbanken.se\/diktensmuseum\/wp-json\/wp\/v2\/pages"}],"about":[{"href":"https:\/\/litteraturbanken.se\/diktensmuseum\/wp-json\/wp\/v2\/types\/page"}],"author":[{"embeddable":true,"href":"https:\/\/litteraturbanken.se\/diktensmuseum\/wp-json\/wp\/v2\/users\/1"}],"replies":[{"embeddable":true,"href":"https:\/\/litteraturbanken.se\/diktensmuseum\/wp-json\/wp\/v2\/comments?post=5886"}],"version-history":[{"count":22,"href":"https:\/\/litteraturbanken.se\/diktensmuseum\/wp-json\/wp\/v2\/pages\/5886\/revisions"}],"predecessor-version":[{"id":6713,"href":"https:\/\/litteraturbanken.se\/diktensmuseum\/wp-json\/wp\/v2\/pages\/5886\/revisions\/6713"}],"wp:featuredmedia":[{"embeddable":true,"href":"https:\/\/litteraturbanken.se\/diktensmuseum\/wp-json\/wp\/v2\/media\/5946"}],"wp:attachment":[{"href":"https:\/\/litteraturbanken.se\/diktensmuseum\/wp-json\/wp\/v2\/media?parent=5886"}],"curies":[{"name":"wp","href":"https:\/\/api.w.org\/{rel}","templated":true}]}}