{"id":11620,"date":"2024-09-09T11:56:40","date_gmt":"2024-09-09T09:56:40","guid":{"rendered":"https:\/\/litteraturbanken.se\/ljudochbild\/?page_id=11620"},"modified":"2024-09-10T12:17:16","modified_gmt":"2024-09-10T10:17:16","slug":"jandelr","status":"publish","type":"page","link":"https:\/\/litteraturbanken.se\/ljudochbild\/forfattare\/jandelr\/","title":{"rendered":"Ragnar J\u00e4ndel\u00a0(1895\u20131939)"},"content":{"rendered":"<div class=\"wp-block-image\">\n<figure class=\"alignright size-large is-resized\"><img loading=\"lazy\" decoding=\"async\" width=\"650\" height=\"1024\" src=\"https:\/\/litteraturbanken.se\/ljudochbild\/wp-content\/uploads\/2024\/09\/ragnarjandel-650x1024.jpg\" alt=\"Ragnar J\u00e4ndel\" class=\"wp-image-11622\" style=\"width:146px;height:auto\" srcset=\"https:\/\/litteraturbanken.se\/ljudochbild\/wp-content\/uploads\/2024\/09\/ragnarjandel-650x1024.jpg 650w, https:\/\/litteraturbanken.se\/ljudochbild\/wp-content\/uploads\/2024\/09\/ragnarjandel-190x300.jpg 190w, https:\/\/litteraturbanken.se\/ljudochbild\/wp-content\/uploads\/2024\/09\/ragnarjandel-768x1210.jpg 768w, https:\/\/litteraturbanken.se\/ljudochbild\/wp-content\/uploads\/2024\/09\/ragnarjandel-975x1536.jpg 975w, https:\/\/litteraturbanken.se\/ljudochbild\/wp-content\/uploads\/2024\/09\/ragnarjandel-480x756.jpg 480w, https:\/\/litteraturbanken.se\/ljudochbild\/wp-content\/uploads\/2024\/09\/ragnarjandel.jpg 1200w\" sizes=\"auto, (max-width: 650px) 100vw, 650px\" \/><\/figure>\n<\/div>\n\n\n<p>\u201dRAGNAR J\u00c4NDEL (1895\u20131939) tycks sitt liv igenom f\u00f6rg\u00e4ves ha s\u00f6kt efter en trygg, osviklig hemvist i tillvaron. Uppv\u00e4xten i Blekinge pr\u00e4glades av sv\u00e4lt, h\u00e5rt slit, faderns alkoholism och en brors sinnessjukdom. J\u00e4ndel fann tillf\u00e4llig v\u00e4nskap i den ungsocialistiska r\u00f6relsen, men efter att han en hungrande, heml\u00f6s natt erfarit en uppenbarelse om gudomlig k\u00e4rlek, och d\u00e4rvid kommit att se socialismen som alltf\u00f6r inriktad p\u00e5 det materiella, blev han av sina tidigare kamrater skylld f\u00f6r att vara klassf\u00f6rr\u00e4dare och lycks\u00f6kare. Kristendomen blev dock inte heller den en tryggad grund. J\u00e4ndel kom att alltmer uppleva l\u00e4ran om synden som livsfientlig och f\u00f6rtryckande. Tr\u00f6st fann han i naturen och n\u00e5gra av hans starkaste och samtidigt mest personliga dikter \u00e4r av naturlyrisk art, s\u00e5 i exempelvis&nbsp;<a href=\"https:\/\/litteraturbanken.se\/forfattare\/JandelR\/titlar\/HavetsKlockor\/sida\/3\/faksimil\" target=\"_blank\" rel=\"noreferrer noopener\"><em>Havets klockor<\/em><\/a>&nbsp;(1923),&nbsp;<a href=\"https:\/\/litteraturbanken.se\/forfattare\/JandelR\/titlar\/HedenOchHavet\/sida\/3\/faksimil\" target=\"_blank\" rel=\"noreferrer noopener\"><em>Heden och havet<\/em><\/a>&nbsp;(1925) och&nbsp;<a href=\"https:\/\/litteraturbanken.se\/forfattare\/JandelR\/titlar\/StenarnaBlomma\/sida\/5\/etext\" target=\"_blank\" rel=\"noreferrer noopener\"><em>Stenarna blomma<\/em><\/a>&nbsp;(1938).\u201d<\/p>\n\n\n\n<p>Stycket ovan \u00e4r h\u00e4mtat fr\u00e5n Lotta Lotass introduktion om J\u00e4ndel hos Litteraturbanken.<\/p>\n\n\n\n<div class=\"wp-block-buttons is-layout-flex wp-block-buttons-is-layout-flex\">\n<div class=\"wp-block-button has-custom-font-size read-more-button\" style=\"font-size:14px\"><a class=\"wp-block-button__link has-white-color has-text-color has-background wp-element-button\" href=\"https:\/\/litteraturbanken.se\/f%C3%B6rfattare\/J%C3%A4ndelR\" style=\"border-radius:0px;background-color:#cd2400\" target=\"_blank\" rel=\"noopener\"><strong>L\u00c4S MER OM RAGNAR J\u00c4NDEL<\/strong><\/a><\/div>\n\n\n\n<div class=\"wp-block-button has-custom-font-size read-more-button\" style=\"font-size:14px\"><a class=\"wp-block-button__link has-white-color has-text-color has-background wp-element-button\" href=\"https:\/\/litteraturbanken.se\/f%C3%B6rfattare\/J%C3%A4ndelR\/titlar\" style=\"border-radius:0px;background-color:#cd2400\" target=\"_blank\" rel=\"noopener\"><strong>L\u00c4S RAGNAR J\u00c4NDELS VERK HOS LB.SE<\/strong><\/a><\/div>\n<\/div>\n\n\n\n<div style=\"height:20px\" aria-hidden=\"true\" class=\"wp-block-spacer\"><\/div>\n\n\n\n<div class=\"wp-playlist wp-audio-playlist wp-playlist-light\">\n\t\t\t<div class=\"wp-playlist-current-item\"><\/div>\n\t\t<audio controls=\"controls\" preload=\"none\" width=\"618\"\n\t\t\t><\/audio>\n\t<div class=\"wp-playlist-next\"><\/div>\n\t<div class=\"wp-playlist-prev\"><\/div>\n\t<noscript>\n\t<ol>\n\t\t<li><a href='https:\/\/litteraturbanken.se\/ljudochbild\/wp-content\/uploads\/2024\/09\/jandel_detregnar_dolata.mp3'>Det regnar<\/a><\/li>\t<\/ol>\n\t<\/noscript>\n\t<script type=\"application\/json\" class=\"wp-playlist-script\">{\"type\":\"audio\",\"tracklist\":true,\"tracknumbers\":true,\"images\":true,\"artists\":true,\"tracks\":[{\"src\":\"https:\/\/litteraturbanken.se\/ljudochbild\/wp-content\/uploads\/2024\/09\/jandel_detregnar_dolata.mp3\",\"type\":\"audio\/mpeg\",\"title\":\"Det regnar\",\"caption\":\"\",\"description\":\"\\u201dDet regnar\\u201d fr\\u00e5n Ragnar J\\u00e4ndel l\\u00e4st av Adrian Dolata &amp; Jan Dolata av Dikt 1593\\u20131939. Svensk och finlandssvensk lyrik i uppl\\u00e4sning av svenska och finlandssvenska sk\\u00e5despelare.\",\"meta\":{\"artist\":\"Adrian Dolata & Jan Dolata l\\u00e4ser Ragnar J\\u00e4ndel. Dikt 1593\\u20131939\",\"album\":\"Ragnar J\\u00e4ndel\",\"length_formatted\":\"2:23\"},\"image\":{\"src\":\"https:\/\/litteraturbanken.se\/ljudochbild\/wp-content\/uploads\/2024\/09\/almqvist_denlyssnandemaria_lindh-mp3-image.jpg\",\"width\":1200,\"height\":1201},\"thumb\":{\"src\":\"https:\/\/litteraturbanken.se\/ljudochbild\/wp-content\/uploads\/2024\/09\/almqvist_denlyssnandemaria_lindh-mp3-image-150x150.jpg\",\"width\":150,\"height\":150}}]}<\/script>\n<\/div>\n\t\n\n\n\n<hr class=\"wp-block-separator has-alpha-channel-opacity\"\/>\n\n\n\n<p><em>Inspelningen tillg\u00e4ngligg\u00f6rs h\u00e4r med tillst\u00e5nd fr\u00e5n inl\u00e4sarna. \u2013 Fotografiet ovanf\u00f6r har vi l\u00e5nat fr\u00e5n <a href=\"https:\/\/commons.wikimedia.org\/wiki\/File:Ragnar_J%C3%A4ndel.jpg\" target=\"_blank\" rel=\"noreferrer noopener\">Wikimedia Commons<\/a>.<\/em><\/p>\n\n\n<h3 class=\"wp-block-heading author-related-title\">L\u00e4s mer<\/h3>\r\n<div class=\"display-posts-listing grid\"><div class=\"listing-item\"><a class=\"image\" href=\"https:\/\/litteraturbanken.se\/ljudochbild\/2022\/06\/28\/erik-lindorm-laser-dikter\/\"><img loading=\"lazy\" decoding=\"async\" width=\"640\" height=\"938\" src=\"https:\/\/litteraturbanken.se\/ljudochbild\/wp-content\/uploads\/2022\/06\/lindorm_rod-699x1024.jpg\" class=\"attachment-large size-large wp-post-image\" alt=\"Erik Lindorm\" srcset=\"https:\/\/litteraturbanken.se\/ljudochbild\/wp-content\/uploads\/2022\/06\/lindorm_rod-699x1024.jpg 699w, https:\/\/litteraturbanken.se\/ljudochbild\/wp-content\/uploads\/2022\/06\/lindorm_rod-205x300.jpg 205w, https:\/\/litteraturbanken.se\/ljudochbild\/wp-content\/uploads\/2022\/06\/lindorm_rod-768x1126.jpg 768w, https:\/\/litteraturbanken.se\/ljudochbild\/wp-content\/uploads\/2022\/06\/lindorm_rod-1048x1536.jpg 1048w, https:\/\/litteraturbanken.se\/ljudochbild\/wp-content\/uploads\/2022\/06\/lindorm_rod-480x704.jpg 480w, https:\/\/litteraturbanken.se\/ljudochbild\/wp-content\/uploads\/2022\/06\/lindorm_rod.jpg 1200w\" sizes=\"auto, (max-width: 640px) 100vw, 640px\" \/><\/a> <a class=\"title\" href=\"https:\/\/litteraturbanken.se\/ljudochbild\/2022\/06\/28\/erik-lindorm-laser-dikter\/\">Fattigdomens psyke<\/a><\/div><div class=\"listing-item\"><a class=\"image\" href=\"https:\/\/litteraturbanken.se\/ljudochbild\/2024\/10\/24\/min-hand-ar-langtan\/\"><img loading=\"lazy\" decoding=\"async\" width=\"640\" height=\"832\" src=\"https:\/\/litteraturbanken.se\/ljudochbild\/wp-content\/uploads\/2024\/10\/omslag-788x1024.jpg\" class=\"attachment-large size-large wp-post-image\" alt=\"Min hand \u00e4r l\u00e4ngtan\" srcset=\"https:\/\/litteraturbanken.se\/ljudochbild\/wp-content\/uploads\/2024\/10\/omslag-788x1024.jpg 788w, https:\/\/litteraturbanken.se\/ljudochbild\/wp-content\/uploads\/2024\/10\/omslag-231x300.jpg 231w, https:\/\/litteraturbanken.se\/ljudochbild\/wp-content\/uploads\/2024\/10\/omslag-768x998.jpg 768w, https:\/\/litteraturbanken.se\/ljudochbild\/wp-content\/uploads\/2024\/10\/omslag-480x624.jpg 480w, https:\/\/litteraturbanken.se\/ljudochbild\/wp-content\/uploads\/2024\/10\/omslag.jpg 1154w\" sizes=\"auto, (max-width: 640px) 100vw, 640px\" \/><\/a> <a class=\"title\" href=\"https:\/\/litteraturbanken.se\/ljudochbild\/2024\/10\/24\/min-hand-ar-langtan\/\">Min hand \u00e4r l\u00e4ngtan<\/a><\/div><\/div>\r\n\r\n\n","protected":false},"excerpt":{"rendered":"<p>\u201dRAGNAR J\u00c4NDEL (1895\u20131939) tycks sitt liv igenom f\u00f6rg\u00e4ves ha s\u00f6kt efter en trygg, osviklig hemvist i tillvaron. Uppv\u00e4xten i Blekinge pr\u00e4glades av sv\u00e4lt, h\u00e5rt slit, faderns alkoholism och en brors sinnessjukdom. J\u00e4ndel fann tillf\u00e4llig v\u00e4nskap i den ungsocialistiska [&hellip;]<\/p>\n","protected":false},"author":5,"featured_media":11622,"parent":7,"menu_order":0,"comment_status":"closed","ping_status":"closed","template":"","meta":{"footnotes":""},"class_list":["post-11620","page","type-page","status-publish","has-post-thumbnail","hentry"],"yoast_head":"<!-- This site is optimized with the Yoast SEO plugin v27.1.1 - https:\/\/yoast.com\/product\/yoast-seo-wordpress\/ -->\n<title>Ragnar J\u00e4ndel\u00a0(1895\u20131939) - Ljud &amp; Bild<\/title>\n<meta name=\"robots\" content=\"index, follow, max-snippet:-1, max-image-preview:large, max-video-preview:-1\" \/>\n<link rel=\"canonical\" href=\"https:\/\/litteraturbanken.se\/ljudochbild\/forfattare\/jandelr\/\" \/>\n<meta property=\"og:locale\" content=\"sv_SE\" \/>\n<meta property=\"og:type\" content=\"article\" \/>\n<meta property=\"og:title\" content=\"Ragnar J\u00e4ndel\u00a0(1895\u20131939) - Ljud &amp; Bild\" \/>\n<meta property=\"og:description\" content=\"\u201dRAGNAR J\u00c4NDEL (1895\u20131939) tycks sitt liv igenom f\u00f6rg\u00e4ves ha s\u00f6kt efter en trygg, osviklig hemvist i tillvaron. Uppv\u00e4xten i Blekinge pr\u00e4glades av sv\u00e4lt, h\u00e5rt slit, faderns alkoholism och en brors sinnessjukdom. J\u00e4ndel fann tillf\u00e4llig v\u00e4nskap i den ungsocialistiska [&hellip;]\" \/>\n<meta property=\"og:url\" content=\"https:\/\/litteraturbanken.se\/ljudochbild\/forfattare\/jandelr\/\" \/>\n<meta property=\"og:site_name\" content=\"Ljud &amp; Bild\" \/>\n<meta property=\"article:publisher\" content=\"https:\/\/www.facebook.com\/Litteraturbanken.se\" \/>\n<meta property=\"article:modified_time\" content=\"2024-09-10T10:17:16+00:00\" \/>\n<meta property=\"og:image\" content=\"https:\/\/litteraturbanken.se\/ljudochbild\/wp-content\/uploads\/2024\/09\/ragnarjandel.jpg\" \/>\n\t<meta property=\"og:image:width\" content=\"1200\" \/>\n\t<meta property=\"og:image:height\" content=\"1891\" \/>\n\t<meta property=\"og:image:type\" content=\"image\/jpeg\" \/>\n<meta name=\"twitter:card\" content=\"summary_large_image\" \/>\n<meta name=\"twitter:site\" content=\"@litteraturbank\" \/>\n<meta name=\"twitter:label1\" content=\"Ber\u00e4knad l\u00e4stid\" \/>\n\t<meta name=\"twitter:data1\" content=\"2 minuter\" \/>\n<script type=\"application\/ld+json\" class=\"yoast-schema-graph\">{\"@context\":\"https:\/\/schema.org\",\"@graph\":[{\"@type\":\"WebPage\",\"@id\":\"https:\/\/litteraturbanken.se\/ljudochbild\/forfattare\/jandelr\/\",\"url\":\"https:\/\/litteraturbanken.se\/ljudochbild\/forfattare\/jandelr\/\",\"name\":\"Ragnar J\u00e4ndel\u00a0(1895\u20131939) - Ljud &amp; Bild\",\"isPartOf\":{\"@id\":\"https:\/\/litteraturbanken.se\/ljudochbild\/#website\"},\"primaryImageOfPage\":{\"@id\":\"https:\/\/litteraturbanken.se\/ljudochbild\/forfattare\/jandelr\/#primaryimage\"},\"image\":{\"@id\":\"https:\/\/litteraturbanken.se\/ljudochbild\/forfattare\/jandelr\/#primaryimage\"},\"thumbnailUrl\":\"https:\/\/litteraturbanken.se\/ljudochbild\/wp-content\/uploads\/2024\/09\/ragnarjandel.jpg\",\"datePublished\":\"2024-09-09T09:56:40+00:00\",\"dateModified\":\"2024-09-10T10:17:16+00:00\",\"breadcrumb\":{\"@id\":\"https:\/\/litteraturbanken.se\/ljudochbild\/forfattare\/jandelr\/#breadcrumb\"},\"inLanguage\":\"sv-SE\",\"potentialAction\":[{\"@type\":\"ReadAction\",\"target\":[\"https:\/\/litteraturbanken.se\/ljudochbild\/forfattare\/jandelr\/\"]}]},{\"@type\":\"ImageObject\",\"inLanguage\":\"sv-SE\",\"@id\":\"https:\/\/litteraturbanken.se\/ljudochbild\/forfattare\/jandelr\/#primaryimage\",\"url\":\"https:\/\/litteraturbanken.se\/ljudochbild\/wp-content\/uploads\/2024\/09\/ragnarjandel.jpg\",\"contentUrl\":\"https:\/\/litteraturbanken.se\/ljudochbild\/wp-content\/uploads\/2024\/09\/ragnarjandel.jpg\",\"width\":1200,\"height\":1891,\"caption\":\"Ragnar J\u00e4ndel\"},{\"@type\":\"BreadcrumbList\",\"@id\":\"https:\/\/litteraturbanken.se\/ljudochbild\/forfattare\/jandelr\/#breadcrumb\",\"itemListElement\":[{\"@type\":\"ListItem\",\"position\":1,\"name\":\"Hem\",\"item\":\"https:\/\/litteraturbanken.se\/ljudochbild\/\"},{\"@type\":\"ListItem\",\"position\":2,\"name\":\"F\u00f6rfattare\",\"item\":\"https:\/\/litteraturbanken.se\/ljudochbild\/forfattare\/\"},{\"@type\":\"ListItem\",\"position\":3,\"name\":\"Ragnar J\u00e4ndel\u00a0(1895\u20131939)\"}]},{\"@type\":\"WebSite\",\"@id\":\"https:\/\/litteraturbanken.se\/ljudochbild\/#website\",\"url\":\"https:\/\/litteraturbanken.se\/ljudochbild\/\",\"name\":\"Ljud & Bild\",\"description\":\"Ur Litteraturbankens samlingar\",\"potentialAction\":[{\"@type\":\"SearchAction\",\"target\":{\"@type\":\"EntryPoint\",\"urlTemplate\":\"https:\/\/litteraturbanken.se\/ljudochbild\/?s={search_term_string}\"},\"query-input\":{\"@type\":\"PropertyValueSpecification\",\"valueRequired\":true,\"valueName\":\"search_term_string\"}}],\"inLanguage\":\"sv-SE\"}]}<\/script>\n<!-- \/ Yoast SEO plugin. -->","yoast_head_json":{"title":"Ragnar J\u00e4ndel\u00a0(1895\u20131939) - Ljud &amp; Bild","robots":{"index":"index","follow":"follow","max-snippet":"max-snippet:-1","max-image-preview":"max-image-preview:large","max-video-preview":"max-video-preview:-1"},"canonical":"https:\/\/litteraturbanken.se\/ljudochbild\/forfattare\/jandelr\/","og_locale":"sv_SE","og_type":"article","og_title":"Ragnar J\u00e4ndel\u00a0(1895\u20131939) - Ljud &amp; Bild","og_description":"\u201dRAGNAR J\u00c4NDEL (1895\u20131939) tycks sitt liv igenom f\u00f6rg\u00e4ves ha s\u00f6kt efter en trygg, osviklig hemvist i tillvaron. Uppv\u00e4xten i Blekinge pr\u00e4glades av sv\u00e4lt, h\u00e5rt slit, faderns alkoholism och en brors sinnessjukdom. J\u00e4ndel fann tillf\u00e4llig v\u00e4nskap i den ungsocialistiska [&hellip;]","og_url":"https:\/\/litteraturbanken.se\/ljudochbild\/forfattare\/jandelr\/","og_site_name":"Ljud &amp; Bild","article_publisher":"https:\/\/www.facebook.com\/Litteraturbanken.se","article_modified_time":"2024-09-10T10:17:16+00:00","og_image":[{"width":1200,"height":1891,"url":"https:\/\/litteraturbanken.se\/ljudochbild\/wp-content\/uploads\/2024\/09\/ragnarjandel.jpg","type":"image\/jpeg"}],"twitter_card":"summary_large_image","twitter_site":"@litteraturbank","twitter_misc":{"Ber\u00e4knad l\u00e4stid":"2 minuter"},"schema":{"@context":"https:\/\/schema.org","@graph":[{"@type":"WebPage","@id":"https:\/\/litteraturbanken.se\/ljudochbild\/forfattare\/jandelr\/","url":"https:\/\/litteraturbanken.se\/ljudochbild\/forfattare\/jandelr\/","name":"Ragnar J\u00e4ndel\u00a0(1895\u20131939) - Ljud &amp; Bild","isPartOf":{"@id":"https:\/\/litteraturbanken.se\/ljudochbild\/#website"},"primaryImageOfPage":{"@id":"https:\/\/litteraturbanken.se\/ljudochbild\/forfattare\/jandelr\/#primaryimage"},"image":{"@id":"https:\/\/litteraturbanken.se\/ljudochbild\/forfattare\/jandelr\/#primaryimage"},"thumbnailUrl":"https:\/\/litteraturbanken.se\/ljudochbild\/wp-content\/uploads\/2024\/09\/ragnarjandel.jpg","datePublished":"2024-09-09T09:56:40+00:00","dateModified":"2024-09-10T10:17:16+00:00","breadcrumb":{"@id":"https:\/\/litteraturbanken.se\/ljudochbild\/forfattare\/jandelr\/#breadcrumb"},"inLanguage":"sv-SE","potentialAction":[{"@type":"ReadAction","target":["https:\/\/litteraturbanken.se\/ljudochbild\/forfattare\/jandelr\/"]}]},{"@type":"ImageObject","inLanguage":"sv-SE","@id":"https:\/\/litteraturbanken.se\/ljudochbild\/forfattare\/jandelr\/#primaryimage","url":"https:\/\/litteraturbanken.se\/ljudochbild\/wp-content\/uploads\/2024\/09\/ragnarjandel.jpg","contentUrl":"https:\/\/litteraturbanken.se\/ljudochbild\/wp-content\/uploads\/2024\/09\/ragnarjandel.jpg","width":1200,"height":1891,"caption":"Ragnar J\u00e4ndel"},{"@type":"BreadcrumbList","@id":"https:\/\/litteraturbanken.se\/ljudochbild\/forfattare\/jandelr\/#breadcrumb","itemListElement":[{"@type":"ListItem","position":1,"name":"Hem","item":"https:\/\/litteraturbanken.se\/ljudochbild\/"},{"@type":"ListItem","position":2,"name":"F\u00f6rfattare","item":"https:\/\/litteraturbanken.se\/ljudochbild\/forfattare\/"},{"@type":"ListItem","position":3,"name":"Ragnar J\u00e4ndel\u00a0(1895\u20131939)"}]},{"@type":"WebSite","@id":"https:\/\/litteraturbanken.se\/ljudochbild\/#website","url":"https:\/\/litteraturbanken.se\/ljudochbild\/","name":"Ljud & Bild","description":"Ur Litteraturbankens samlingar","potentialAction":[{"@type":"SearchAction","target":{"@type":"EntryPoint","urlTemplate":"https:\/\/litteraturbanken.se\/ljudochbild\/?s={search_term_string}"},"query-input":{"@type":"PropertyValueSpecification","valueRequired":true,"valueName":"search_term_string"}}],"inLanguage":"sv-SE"}]}},"_links":{"self":[{"href":"https:\/\/litteraturbanken.se\/ljudochbild\/wp-json\/wp\/v2\/pages\/11620","targetHints":{"allow":["GET"]}}],"collection":[{"href":"https:\/\/litteraturbanken.se\/ljudochbild\/wp-json\/wp\/v2\/pages"}],"about":[{"href":"https:\/\/litteraturbanken.se\/ljudochbild\/wp-json\/wp\/v2\/types\/page"}],"author":[{"embeddable":true,"href":"https:\/\/litteraturbanken.se\/ljudochbild\/wp-json\/wp\/v2\/users\/5"}],"replies":[{"embeddable":true,"href":"https:\/\/litteraturbanken.se\/ljudochbild\/wp-json\/wp\/v2\/comments?post=11620"}],"version-history":[{"count":7,"href":"https:\/\/litteraturbanken.se\/ljudochbild\/wp-json\/wp\/v2\/pages\/11620\/revisions"}],"predecessor-version":[{"id":11721,"href":"https:\/\/litteraturbanken.se\/ljudochbild\/wp-json\/wp\/v2\/pages\/11620\/revisions\/11721"}],"up":[{"embeddable":true,"href":"https:\/\/litteraturbanken.se\/ljudochbild\/wp-json\/wp\/v2\/pages\/7"}],"wp:featuredmedia":[{"embeddable":true,"href":"https:\/\/litteraturbanken.se\/ljudochbild\/wp-json\/wp\/v2\/media\/11622"}],"wp:attachment":[{"href":"https:\/\/litteraturbanken.se\/ljudochbild\/wp-json\/wp\/v2\/media?parent=11620"}],"curies":[{"name":"wp","href":"https:\/\/api.w.org\/{rel}","templated":true}]}}