{"id":11635,"date":"2024-09-09T15:48:27","date_gmt":"2024-09-09T13:48:27","guid":{"rendered":"https:\/\/litteraturbanken.se\/ljudochbild\/?page_id=11635"},"modified":"2024-09-10T15:01:28","modified_gmt":"2024-09-10T13:01:28","slug":"procopeh","status":"publish","type":"page","link":"https:\/\/litteraturbanken.se\/ljudochbild\/forfattare\/procopeh\/","title":{"rendered":"Hjalmar Procop\u00e9\u00a0(1868\u20131927)"},"content":{"rendered":"<div class=\"wp-block-image\">\n<figure class=\"alignright size-large is-resized\"><img loading=\"lazy\" decoding=\"async\" width=\"661\" height=\"1024\" src=\"https:\/\/litteraturbanken.se\/ljudochbild\/wp-content\/uploads\/2024\/09\/hjalmarprocope-661x1024.jpg\" alt=\"Hjalmar Procop\u00e9\" class=\"wp-image-11637\" style=\"width:184px;height:auto\" srcset=\"https:\/\/litteraturbanken.se\/ljudochbild\/wp-content\/uploads\/2024\/09\/hjalmarprocope-661x1024.jpg 661w, https:\/\/litteraturbanken.se\/ljudochbild\/wp-content\/uploads\/2024\/09\/hjalmarprocope-194x300.jpg 194w, https:\/\/litteraturbanken.se\/ljudochbild\/wp-content\/uploads\/2024\/09\/hjalmarprocope-768x1190.jpg 768w, https:\/\/litteraturbanken.se\/ljudochbild\/wp-content\/uploads\/2024\/09\/hjalmarprocope-991x1536.jpg 991w, https:\/\/litteraturbanken.se\/ljudochbild\/wp-content\/uploads\/2024\/09\/hjalmarprocope-480x744.jpg 480w, https:\/\/litteraturbanken.se\/ljudochbild\/wp-content\/uploads\/2024\/09\/hjalmarprocope.jpg 1200w\" sizes=\"auto, (max-width: 661px) 100vw, 661px\" \/><\/figure>\n<\/div>\n\n\n<p>\u201dHJALMAR PROCOP\u00c9 (1868\u20131927), f\u00f6dd i Helsingfors, debuterade 1900 med samlingen&nbsp;<em><a href=\"https:\/\/litteraturbanken.se\/f%C3%B6rfattare\/Procop%C3%A9H\/titlar\/Dikter\/sida\/I\/faksimil\" target=\"_blank\" rel=\"noreferrer noopener\">Dikter<\/a><\/em>. Sin f\u00f6rfattarg\u00e4rning kom han att \u00e4gna lyriken och dramatiken i ett tiotal diktsamlingar och flera sk\u00e5despel. Sina starkaste litter\u00e4ra influenser fann han hos Fr\u00f6ding, Heine och Tavaststjerna. Som lyriker kom han mest till sin r\u00e4tt i den kosmiska visionens diktning, i samlingar som&nbsp;<em><a href=\"https:\/\/litteraturbanken.se\/f%C3%B6rfattare\/Procop%C3%A9H\/titlar\/Mot%C3%96knen\/sida\/VI\/faksimil\" target=\"_blank\" rel=\"noreferrer noopener\">Mot \u00f6knen<\/a><\/em>&nbsp;(1905),&nbsp;<em><a href=\"https:\/\/litteraturbanken.se\/f%C3%B6rfattare\/Procop%C3%A9H\/titlar\/R%C3%B6daSkyar\/sida\/3\/etext\" target=\"_blank\" rel=\"noreferrer noopener\">R\u00f6da skyar<\/a><\/em>&nbsp;(1907) och&nbsp;<em>Under stj\u00e4rnorna<\/em>&nbsp;(1913). Procop\u00e9 skrev \u00e4ven patriotiska dikter i skuggan av det ryska f\u00f6rtrycket. Som dramatiker var folklustspelen hans mest framg\u00e5ngsrika genre; h\u00e4r kan n\u00e4mnas&nbsp;<em>Galgf\u00e5glar<\/em>&nbsp;(1914) och&nbsp;<em>Tvillingarna fr\u00e5n Borg\u00e5<\/em>&nbsp;(1916). En insats som sk\u00e5despelare gjorde Procop\u00e9 i den av Karl Emil St\u00e5hlberg regisserade stumfilmen&nbsp;<em>Margaretaa ajetaan takaa<\/em>&nbsp;(1912) d\u00e4r han ikl\u00e4dde sig rollen J. W. Goethe.\u201d<\/p>\n\n\n\n<p>Stycket ovan \u00e4r h\u00e4mtat fr\u00e5n Lotta Lotass introduktion om Procop\u00e9 hos Litteraturbanken.<\/p>\n\n\n\n<div class=\"wp-block-buttons is-layout-flex wp-block-buttons-is-layout-flex\">\n<div class=\"wp-block-button has-custom-font-size read-more-button\" style=\"font-size:14px\"><a class=\"wp-block-button__link has-white-color has-text-color has-background wp-element-button\" href=\"https:\/\/litteraturbanken.se\/f%C3%B6rfattare\/Procop%C3%A9H\" style=\"border-radius:0px;background-color:#cd2400\" target=\"_blank\" rel=\"noopener\"><strong>L\u00c4S MER OM HJALMAR PROCOP\u00c9<\/strong><\/a><\/div>\n\n\n\n<div class=\"wp-block-button has-custom-font-size read-more-button\" style=\"font-size:14px\"><a class=\"wp-block-button__link has-white-color has-text-color has-background wp-element-button\" href=\"https:\/\/litteraturbanken.se\/f%C3%B6rfattare\/Procop%C3%A9H\/titlar\" style=\"border-radius:0px;background-color:#cd2400\" target=\"_blank\" rel=\"noopener\"><strong>L\u00c4S <strong>HJALMAR PROCOP\u00c9<\/strong>S VERK HOS LB.SE<\/strong><\/a><\/div>\n<\/div>\n\n\n\n<div style=\"height:20px\" aria-hidden=\"true\" class=\"wp-block-spacer\"><\/div>\n\n\n\n<div class=\"wp-playlist wp-audio-playlist wp-playlist-light\">\n\t\t\t<div class=\"wp-playlist-current-item\"><\/div>\n\t\t<audio controls=\"controls\" preload=\"none\" width=\"618\"\n\t\t\t><\/audio>\n\t<div class=\"wp-playlist-next\"><\/div>\n\t<div class=\"wp-playlist-prev\"><\/div>\n\t<noscript>\n\t<ol>\n\t\t<li><a href='https:\/\/litteraturbanken.se\/ljudochbild\/wp-content\/uploads\/2024\/09\/procope_urdisiectamembra_engstrom.mp3'>Ur \u201dDisjecta membra\u201d<\/a><\/li>\t<\/ol>\n\t<\/noscript>\n\t<script type=\"application\/json\" class=\"wp-playlist-script\">{\"type\":\"audio\",\"tracklist\":true,\"tracknumbers\":true,\"images\":true,\"artists\":true,\"tracks\":[{\"src\":\"https:\/\/litteraturbanken.se\/ljudochbild\/wp-content\/uploads\/2024\/09\/procope_urdisiectamembra_engstrom.mp3\",\"type\":\"audio\/mpeg\",\"title\":\"Ur \\u201dDisjecta membra\\u201d\",\"caption\":\"\",\"description\":\"\\u201dUr \\u201dDisjecta membra\\u201d\\u201d fr\\u00e5n Hjalmar Procop\\u00e9 l\\u00e4st av Stina Engstr\\u00f6m av Dikt 1593\\u20131939. Svensk och finlandssvensk lyrik i uppl\\u00e4sning av svenska och finlandssvenska sk\\u00e5despelare.\",\"meta\":{\"artist\":\"Stina Engstr\\u00f6m l\\u00e4ser Hjalmar Procop\\u00e9. Dikt 1593\\u20131939\",\"album\":\"Hjalmar Procop\\u00e9\",\"length_formatted\":\"1:00\"},\"image\":{\"src\":\"https:\/\/litteraturbanken.se\/ljudochbild\/wp-content\/uploads\/2024\/09\/almqvist_denlyssnandemaria_lindh-mp3-image.jpg\",\"width\":1200,\"height\":1201},\"thumb\":{\"src\":\"https:\/\/litteraturbanken.se\/ljudochbild\/wp-content\/uploads\/2024\/09\/almqvist_denlyssnandemaria_lindh-mp3-image-150x150.jpg\",\"width\":150,\"height\":150}}]}<\/script>\n<\/div>\n\t\n\n\n\n<hr class=\"wp-block-separator has-alpha-channel-opacity\"\/>\n\n\n\n<p><em>Inspelningen tillg\u00e4ngligg\u00f6rs h\u00e4r med tillst\u00e5nd fr\u00e5n inl\u00e4saren. \u2013 Fotografiet ovanf\u00f6r, som \u00e4r fotograferat i Salon Strindberg, har vi l\u00e5nat fr\u00e5n <a href=\"https:\/\/www.finna.fi\/Record\/musketti.M012:HK19681126:64?lng=sv\" target=\"_blank\" rel=\"noreferrer noopener\">Museiverket i Finland<\/a> (<a href=\"https:\/\/creativecommons.org\/licenses\/by\/4.0\/deed.sv\" target=\"_blank\" rel=\"noreferrer noopener\">CC BY<\/a>).<\/em><\/p>\n\n\n<h3 class=\"wp-block-heading author-related-title\">L\u00e4s mer<\/h3>\r\n\r\n\r\n\n","protected":false},"excerpt":{"rendered":"<p>\u201dHJALMAR PROCOP\u00c9 (1868\u20131927), f\u00f6dd i Helsingfors, debuterade 1900 med samlingen&nbsp;Dikter. Sin f\u00f6rfattarg\u00e4rning kom han att \u00e4gna lyriken och dramatiken i ett tiotal diktsamlingar och flera sk\u00e5despel. Sina starkaste litter\u00e4ra influenser fann han hos Fr\u00f6ding, Heine och Tavaststjerna. Som [&hellip;]<\/p>\n","protected":false},"author":5,"featured_media":11637,"parent":7,"menu_order":0,"comment_status":"closed","ping_status":"closed","template":"","meta":{"footnotes":""},"class_list":["post-11635","page","type-page","status-publish","has-post-thumbnail","hentry"],"yoast_head":"<!-- This site is optimized with the Yoast SEO plugin v27.1.1 - https:\/\/yoast.com\/product\/yoast-seo-wordpress\/ -->\n<title>Hjalmar Procop\u00e9\u00a0(1868\u20131927) - Ljud &amp; Bild<\/title>\n<meta name=\"robots\" content=\"index, follow, max-snippet:-1, max-image-preview:large, max-video-preview:-1\" \/>\n<link rel=\"canonical\" href=\"https:\/\/litteraturbanken.se\/ljudochbild\/forfattare\/procopeh\/\" \/>\n<meta property=\"og:locale\" content=\"sv_SE\" \/>\n<meta property=\"og:type\" content=\"article\" \/>\n<meta property=\"og:title\" content=\"Hjalmar Procop\u00e9\u00a0(1868\u20131927) - Ljud &amp; Bild\" \/>\n<meta property=\"og:description\" content=\"\u201dHJALMAR PROCOP\u00c9 (1868\u20131927), f\u00f6dd i Helsingfors, debuterade 1900 med samlingen&nbsp;Dikter. Sin f\u00f6rfattarg\u00e4rning kom han att \u00e4gna lyriken och dramatiken i ett tiotal diktsamlingar och flera sk\u00e5despel. Sina starkaste litter\u00e4ra influenser fann han hos Fr\u00f6ding, Heine och Tavaststjerna. Som [&hellip;]\" \/>\n<meta property=\"og:url\" content=\"https:\/\/litteraturbanken.se\/ljudochbild\/forfattare\/procopeh\/\" \/>\n<meta property=\"og:site_name\" content=\"Ljud &amp; Bild\" \/>\n<meta property=\"article:publisher\" content=\"https:\/\/www.facebook.com\/Litteraturbanken.se\" \/>\n<meta property=\"article:modified_time\" content=\"2024-09-10T13:01:28+00:00\" \/>\n<meta property=\"og:image\" content=\"https:\/\/litteraturbanken.se\/ljudochbild\/wp-content\/uploads\/2024\/09\/hjalmarprocope.jpg\" \/>\n\t<meta property=\"og:image:width\" content=\"1200\" \/>\n\t<meta property=\"og:image:height\" content=\"1860\" \/>\n\t<meta property=\"og:image:type\" content=\"image\/jpeg\" \/>\n<meta name=\"twitter:card\" content=\"summary_large_image\" \/>\n<meta name=\"twitter:site\" content=\"@litteraturbank\" \/>\n<meta name=\"twitter:label1\" content=\"Ber\u00e4knad l\u00e4stid\" \/>\n\t<meta name=\"twitter:data1\" content=\"2 minuter\" \/>\n<script type=\"application\/ld+json\" class=\"yoast-schema-graph\">{\"@context\":\"https:\/\/schema.org\",\"@graph\":[{\"@type\":\"WebPage\",\"@id\":\"https:\/\/litteraturbanken.se\/ljudochbild\/forfattare\/procopeh\/\",\"url\":\"https:\/\/litteraturbanken.se\/ljudochbild\/forfattare\/procopeh\/\",\"name\":\"Hjalmar Procop\u00e9\u00a0(1868\u20131927) - Ljud &amp; Bild\",\"isPartOf\":{\"@id\":\"https:\/\/litteraturbanken.se\/ljudochbild\/#website\"},\"primaryImageOfPage\":{\"@id\":\"https:\/\/litteraturbanken.se\/ljudochbild\/forfattare\/procopeh\/#primaryimage\"},\"image\":{\"@id\":\"https:\/\/litteraturbanken.se\/ljudochbild\/forfattare\/procopeh\/#primaryimage\"},\"thumbnailUrl\":\"https:\/\/litteraturbanken.se\/ljudochbild\/wp-content\/uploads\/2024\/09\/hjalmarprocope.jpg\",\"datePublished\":\"2024-09-09T13:48:27+00:00\",\"dateModified\":\"2024-09-10T13:01:28+00:00\",\"breadcrumb\":{\"@id\":\"https:\/\/litteraturbanken.se\/ljudochbild\/forfattare\/procopeh\/#breadcrumb\"},\"inLanguage\":\"sv-SE\",\"potentialAction\":[{\"@type\":\"ReadAction\",\"target\":[\"https:\/\/litteraturbanken.se\/ljudochbild\/forfattare\/procopeh\/\"]}]},{\"@type\":\"ImageObject\",\"inLanguage\":\"sv-SE\",\"@id\":\"https:\/\/litteraturbanken.se\/ljudochbild\/forfattare\/procopeh\/#primaryimage\",\"url\":\"https:\/\/litteraturbanken.se\/ljudochbild\/wp-content\/uploads\/2024\/09\/hjalmarprocope.jpg\",\"contentUrl\":\"https:\/\/litteraturbanken.se\/ljudochbild\/wp-content\/uploads\/2024\/09\/hjalmarprocope.jpg\",\"width\":1200,\"height\":1860,\"caption\":\"Hjalmar Procop\u00e9\"},{\"@type\":\"BreadcrumbList\",\"@id\":\"https:\/\/litteraturbanken.se\/ljudochbild\/forfattare\/procopeh\/#breadcrumb\",\"itemListElement\":[{\"@type\":\"ListItem\",\"position\":1,\"name\":\"Hem\",\"item\":\"https:\/\/litteraturbanken.se\/ljudochbild\/\"},{\"@type\":\"ListItem\",\"position\":2,\"name\":\"F\u00f6rfattare\",\"item\":\"https:\/\/litteraturbanken.se\/ljudochbild\/forfattare\/\"},{\"@type\":\"ListItem\",\"position\":3,\"name\":\"Hjalmar Procop\u00e9\u00a0(1868\u20131927)\"}]},{\"@type\":\"WebSite\",\"@id\":\"https:\/\/litteraturbanken.se\/ljudochbild\/#website\",\"url\":\"https:\/\/litteraturbanken.se\/ljudochbild\/\",\"name\":\"Ljud & Bild\",\"description\":\"Ur Litteraturbankens samlingar\",\"potentialAction\":[{\"@type\":\"SearchAction\",\"target\":{\"@type\":\"EntryPoint\",\"urlTemplate\":\"https:\/\/litteraturbanken.se\/ljudochbild\/?s={search_term_string}\"},\"query-input\":{\"@type\":\"PropertyValueSpecification\",\"valueRequired\":true,\"valueName\":\"search_term_string\"}}],\"inLanguage\":\"sv-SE\"}]}<\/script>\n<!-- \/ Yoast SEO plugin. -->","yoast_head_json":{"title":"Hjalmar Procop\u00e9\u00a0(1868\u20131927) - Ljud &amp; Bild","robots":{"index":"index","follow":"follow","max-snippet":"max-snippet:-1","max-image-preview":"max-image-preview:large","max-video-preview":"max-video-preview:-1"},"canonical":"https:\/\/litteraturbanken.se\/ljudochbild\/forfattare\/procopeh\/","og_locale":"sv_SE","og_type":"article","og_title":"Hjalmar Procop\u00e9\u00a0(1868\u20131927) - Ljud &amp; Bild","og_description":"\u201dHJALMAR PROCOP\u00c9 (1868\u20131927), f\u00f6dd i Helsingfors, debuterade 1900 med samlingen&nbsp;Dikter. Sin f\u00f6rfattarg\u00e4rning kom han att \u00e4gna lyriken och dramatiken i ett tiotal diktsamlingar och flera sk\u00e5despel. Sina starkaste litter\u00e4ra influenser fann han hos Fr\u00f6ding, Heine och Tavaststjerna. Som [&hellip;]","og_url":"https:\/\/litteraturbanken.se\/ljudochbild\/forfattare\/procopeh\/","og_site_name":"Ljud &amp; Bild","article_publisher":"https:\/\/www.facebook.com\/Litteraturbanken.se","article_modified_time":"2024-09-10T13:01:28+00:00","og_image":[{"width":1200,"height":1860,"url":"https:\/\/litteraturbanken.se\/ljudochbild\/wp-content\/uploads\/2024\/09\/hjalmarprocope.jpg","type":"image\/jpeg"}],"twitter_card":"summary_large_image","twitter_site":"@litteraturbank","twitter_misc":{"Ber\u00e4knad l\u00e4stid":"2 minuter"},"schema":{"@context":"https:\/\/schema.org","@graph":[{"@type":"WebPage","@id":"https:\/\/litteraturbanken.se\/ljudochbild\/forfattare\/procopeh\/","url":"https:\/\/litteraturbanken.se\/ljudochbild\/forfattare\/procopeh\/","name":"Hjalmar Procop\u00e9\u00a0(1868\u20131927) - Ljud &amp; Bild","isPartOf":{"@id":"https:\/\/litteraturbanken.se\/ljudochbild\/#website"},"primaryImageOfPage":{"@id":"https:\/\/litteraturbanken.se\/ljudochbild\/forfattare\/procopeh\/#primaryimage"},"image":{"@id":"https:\/\/litteraturbanken.se\/ljudochbild\/forfattare\/procopeh\/#primaryimage"},"thumbnailUrl":"https:\/\/litteraturbanken.se\/ljudochbild\/wp-content\/uploads\/2024\/09\/hjalmarprocope.jpg","datePublished":"2024-09-09T13:48:27+00:00","dateModified":"2024-09-10T13:01:28+00:00","breadcrumb":{"@id":"https:\/\/litteraturbanken.se\/ljudochbild\/forfattare\/procopeh\/#breadcrumb"},"inLanguage":"sv-SE","potentialAction":[{"@type":"ReadAction","target":["https:\/\/litteraturbanken.se\/ljudochbild\/forfattare\/procopeh\/"]}]},{"@type":"ImageObject","inLanguage":"sv-SE","@id":"https:\/\/litteraturbanken.se\/ljudochbild\/forfattare\/procopeh\/#primaryimage","url":"https:\/\/litteraturbanken.se\/ljudochbild\/wp-content\/uploads\/2024\/09\/hjalmarprocope.jpg","contentUrl":"https:\/\/litteraturbanken.se\/ljudochbild\/wp-content\/uploads\/2024\/09\/hjalmarprocope.jpg","width":1200,"height":1860,"caption":"Hjalmar Procop\u00e9"},{"@type":"BreadcrumbList","@id":"https:\/\/litteraturbanken.se\/ljudochbild\/forfattare\/procopeh\/#breadcrumb","itemListElement":[{"@type":"ListItem","position":1,"name":"Hem","item":"https:\/\/litteraturbanken.se\/ljudochbild\/"},{"@type":"ListItem","position":2,"name":"F\u00f6rfattare","item":"https:\/\/litteraturbanken.se\/ljudochbild\/forfattare\/"},{"@type":"ListItem","position":3,"name":"Hjalmar Procop\u00e9\u00a0(1868\u20131927)"}]},{"@type":"WebSite","@id":"https:\/\/litteraturbanken.se\/ljudochbild\/#website","url":"https:\/\/litteraturbanken.se\/ljudochbild\/","name":"Ljud & Bild","description":"Ur Litteraturbankens samlingar","potentialAction":[{"@type":"SearchAction","target":{"@type":"EntryPoint","urlTemplate":"https:\/\/litteraturbanken.se\/ljudochbild\/?s={search_term_string}"},"query-input":{"@type":"PropertyValueSpecification","valueRequired":true,"valueName":"search_term_string"}}],"inLanguage":"sv-SE"}]}},"_links":{"self":[{"href":"https:\/\/litteraturbanken.se\/ljudochbild\/wp-json\/wp\/v2\/pages\/11635","targetHints":{"allow":["GET"]}}],"collection":[{"href":"https:\/\/litteraturbanken.se\/ljudochbild\/wp-json\/wp\/v2\/pages"}],"about":[{"href":"https:\/\/litteraturbanken.se\/ljudochbild\/wp-json\/wp\/v2\/types\/page"}],"author":[{"embeddable":true,"href":"https:\/\/litteraturbanken.se\/ljudochbild\/wp-json\/wp\/v2\/users\/5"}],"replies":[{"embeddable":true,"href":"https:\/\/litteraturbanken.se\/ljudochbild\/wp-json\/wp\/v2\/comments?post=11635"}],"version-history":[{"count":3,"href":"https:\/\/litteraturbanken.se\/ljudochbild\/wp-json\/wp\/v2\/pages\/11635\/revisions"}],"predecessor-version":[{"id":11746,"href":"https:\/\/litteraturbanken.se\/ljudochbild\/wp-json\/wp\/v2\/pages\/11635\/revisions\/11746"}],"up":[{"embeddable":true,"href":"https:\/\/litteraturbanken.se\/ljudochbild\/wp-json\/wp\/v2\/pages\/7"}],"wp:featuredmedia":[{"embeddable":true,"href":"https:\/\/litteraturbanken.se\/ljudochbild\/wp-json\/wp\/v2\/media\/11637"}],"wp:attachment":[{"href":"https:\/\/litteraturbanken.se\/ljudochbild\/wp-json\/wp\/v2\/media?parent=11635"}],"curies":[{"name":"wp","href":"https:\/\/api.w.org\/{rel}","templated":true}]}}