{"id":11643,"date":"2024-09-09T16:05:55","date_gmt":"2024-09-09T14:05:55","guid":{"rendered":"https:\/\/litteraturbanken.se\/ljudochbild\/?page_id=11643"},"modified":"2024-09-10T15:34:47","modified_gmt":"2024-09-10T13:34:47","slug":"stenbackl","status":"publish","type":"page","link":"https:\/\/litteraturbanken.se\/ljudochbild\/forfattare\/stenbackl\/","title":{"rendered":"Lars Stenb\u00e4ck\u00a0(1811\u20131870)"},"content":{"rendered":"<div class=\"wp-block-image\">\n<figure class=\"alignright size-large is-resized\"><img loading=\"lazy\" decoding=\"async\" width=\"862\" height=\"1024\" src=\"https:\/\/litteraturbanken.se\/ljudochbild\/wp-content\/uploads\/2024\/09\/larsstenback-862x1024.jpg\" alt=\"Lars Stenb\u00e4ck\" class=\"wp-image-11646\" style=\"width:199px;height:auto\" srcset=\"https:\/\/litteraturbanken.se\/ljudochbild\/wp-content\/uploads\/2024\/09\/larsstenback-862x1024.jpg 862w, https:\/\/litteraturbanken.se\/ljudochbild\/wp-content\/uploads\/2024\/09\/larsstenback-252x300.jpg 252w, https:\/\/litteraturbanken.se\/ljudochbild\/wp-content\/uploads\/2024\/09\/larsstenback-768x913.jpg 768w, https:\/\/litteraturbanken.se\/ljudochbild\/wp-content\/uploads\/2024\/09\/larsstenback-480x570.jpg 480w, https:\/\/litteraturbanken.se\/ljudochbild\/wp-content\/uploads\/2024\/09\/larsstenback.jpg 1200w\" sizes=\"auto, (max-width: 862px) 100vw, 862px\" \/><\/figure>\n<\/div>\n\n\n<p>\u201dLARS STENB\u00c4CK (1811\u20131870) var f\u00f6dd i Kuortane socken i \u00d6sterbotten. Under sin studietid i Uppsala 1830\u201332 greps han av k\u00e4rlek till diktkonsten och hans egna&nbsp;<em><a href=\"https:\/\/litteraturbanken.se\/f%C3%B6rfattare\/Stenb%C3%A4ckL\/titlar\/Dikter\/sida\/I\/etext\" target=\"_blank\" rel=\"noreferrer noopener\">Dikter<\/a><\/em>&nbsp;n\u00e5dde stor framg\u00e5ng och utgavs i tre upplagor (1840, 1850, 1868). Efter att ha genomg\u00e5tt en religi\u00f6s v\u00e4ckelse och blivit pietist tystnade Stenb\u00e4ck som diktare d\u00e5 poesin och religionen i denna hans religi\u00f6sa \u00f6vertygelse stod som varandras andliga motsatser. Detta ledde ocks\u00e5 till en tvekamp med Johan Ludvig Runeberg vars \u2019Den gamle tr\u00e4dg\u00e5rdsm\u00e4starens bref\u2019 \u00e4r st\u00e4llda till Lars Stenb\u00e4ck. Den poetiska \u00e5dran fann i st\u00e4llet sitt uttryck i Stenb\u00e4cks psalmdiktning; bland hans mest k\u00e4nda psalmer kan n\u00e4mnas \u2019Guds barn jag \u00e4r\u2019 och \u2019N\u00e4r den arma jordens tid f\u00f6rg\u00e5r\u2019\u201d.<\/p>\n\n\n\n<p>Stycket ovan \u00e4r h\u00e4mtat fr\u00e5n Lotta Lotass introduktion av Stenb\u00e4ck hos Litteraturbanken.<\/p>\n\n\n\n<div class=\"wp-block-buttons is-layout-flex wp-block-buttons-is-layout-flex\">\n<div class=\"wp-block-button has-custom-font-size read-more-button\" style=\"font-size:14px\"><a class=\"wp-block-button__link has-white-color has-text-color has-background wp-element-button\" href=\"https:\/\/litteraturbanken.se\/f%C3%B6rfattare\/Stenb%C3%A4ckL\" style=\"border-radius:0px;background-color:#cd2400\" target=\"_blank\" rel=\"noopener\"><strong>L\u00c4S MER OM LARS STENB\u00c4CK<\/strong><\/a><\/div>\n\n\n\n<div class=\"wp-block-button has-custom-font-size read-more-button\" style=\"font-size:14px\"><a class=\"wp-block-button__link has-white-color has-text-color has-background wp-element-button\" href=\"https:\/\/litteraturbanken.se\/f%C3%B6rfattare\/Stenb%C3%A4ckL\/titlar\" style=\"border-radius:0px;background-color:#cd2400\" target=\"_blank\" rel=\"noopener\"><strong>L\u00c4S LARS STENB\u00c4CK VERK HOS LB.SE<\/strong><\/a><\/div>\n<\/div>\n\n\n\n<div style=\"height:20px\" aria-hidden=\"true\" class=\"wp-block-spacer\"><\/div>\n\n\n\n<div class=\"wp-playlist wp-audio-playlist wp-playlist-light\">\n\t\t\t<div class=\"wp-playlist-current-item\"><\/div>\n\t\t<audio controls=\"controls\" preload=\"none\" width=\"618\"\n\t\t\t><\/audio>\n\t<div class=\"wp-playlist-next\"><\/div>\n\t<div class=\"wp-playlist-prev\"><\/div>\n\t<noscript>\n\t<ol>\n\t\t<li><a href='https:\/\/litteraturbanken.se\/ljudochbild\/wp-content\/uploads\/2024\/09\/stenback_forjesumildaogon_ekblad.mp3'>F\u00f6r Jesu milda \u00f6gon<\/a><\/li><li><a href='https:\/\/litteraturbanken.se\/ljudochbild\/wp-content\/uploads\/2024\/09\/stenback_sorgsnavan_henriksson.mp3'>Sorgsna v\u00e4n<\/a><\/li>\t<\/ol>\n\t<\/noscript>\n\t<script type=\"application\/json\" class=\"wp-playlist-script\">{\"type\":\"audio\",\"tracklist\":true,\"tracknumbers\":true,\"images\":true,\"artists\":true,\"tracks\":[{\"src\":\"https:\/\/litteraturbanken.se\/ljudochbild\/wp-content\/uploads\/2024\/09\/stenback_forjesumildaogon_ekblad.mp3\",\"type\":\"audio\/mpeg\",\"title\":\"F\\u00f6r Jesu milda \\u00f6gon\",\"caption\":\"\",\"description\":\"\\u201dF\\u00f6r Jesu milda \\u00f6gon\\u201d fr\\u00e5n Lars Stenb\\u00e4ck l\\u00e4st av Stina Ekblad av Dikt 1593\\u20131939. Svensk och finlandssvensk lyrik i uppl\\u00e4sning av svenska och finlandssvenska sk\\u00e5despelare.\",\"meta\":{\"artist\":\"Stina Ekblad l\\u00e4ser Lars Stenb\\u00e4ck. Dikt 1593\\u20131939\",\"album\":\"Lars Stenb\\u00e4ck\",\"length_formatted\":\"1:16\"},\"image\":{\"src\":\"https:\/\/litteraturbanken.se\/ljudochbild\/wp-content\/uploads\/2024\/09\/almqvist_denlyssnandemaria_lindh-mp3-image.jpg\",\"width\":1200,\"height\":1201},\"thumb\":{\"src\":\"https:\/\/litteraturbanken.se\/ljudochbild\/wp-content\/uploads\/2024\/09\/almqvist_denlyssnandemaria_lindh-mp3-image-150x150.jpg\",\"width\":150,\"height\":150}},{\"src\":\"https:\/\/litteraturbanken.se\/ljudochbild\/wp-content\/uploads\/2024\/09\/stenback_sorgsnavan_henriksson.mp3\",\"type\":\"audio\/mpeg\",\"title\":\"Sorgsna v\\u00e4n\",\"caption\":\"\",\"description\":\"\\u201dSorgsna v\\u00e4n\\u201d fr\\u00e5n Lars Stenb\\u00e4ck l\\u00e4st av Dan Henriksson av Dikt 1593\\u20131939. Svensk och finlandssvensk lyrik i uppl\\u00e4sning av svenska och finlandssvenska sk\\u00e5despelare.\",\"meta\":{\"artist\":\"Dan Henriksson l\\u00e4ser Lars Stenb\\u00e4ck. Dikt 1593\\u20131939\",\"album\":\"Lars Stenb\\u00e4ck\",\"length_formatted\":\"2:30\"},\"image\":{\"src\":\"https:\/\/litteraturbanken.se\/ljudochbild\/wp-content\/uploads\/2024\/09\/almqvist_denlyssnandemaria_lindh-mp3-image.jpg\",\"width\":1200,\"height\":1201},\"thumb\":{\"src\":\"https:\/\/litteraturbanken.se\/ljudochbild\/wp-content\/uploads\/2024\/09\/almqvist_denlyssnandemaria_lindh-mp3-image-150x150.jpg\",\"width\":150,\"height\":150}}]}<\/script>\n<\/div>\n\t\n\n\n\n<hr class=\"wp-block-separator has-alpha-channel-opacity\"\/>\n\n\n\n<p><em>Inspelningarna tillg\u00e4ngligg\u00f6rs h\u00e4r med tillst\u00e5nd fr\u00e5n inl\u00e4sarna. \u2013 Fotografiet ovanf\u00f6r, som \u00e4r taget av C. A. H\u00e5rdh, har vi l\u00e5nat fr\u00e5n <a href=\"https:\/\/finna.fi\/Record\/museovirasto.E3735DC6AE041E3E62889B427F7382E1?lng=sv\" target=\"_blank\" rel=\"noreferrer noopener\">Museiverket i Finland<\/a> (<a href=\"https:\/\/creativecommons.org\/licenses\/by\/4.0\/deed.sv\" target=\"_blank\" rel=\"noreferrer noopener\">CC BY<\/a>).<\/em><\/p>\n\n\n<h3 class=\"wp-block-heading author-related-title\">L\u00e4s mer<\/h3>\r\n\r\n\r\n\n","protected":false},"excerpt":{"rendered":"<p>\u201dLARS STENB\u00c4CK (1811\u20131870) var f\u00f6dd i Kuortane socken i \u00d6sterbotten. Under sin studietid i Uppsala 1830\u201332 greps han av k\u00e4rlek till diktkonsten och hans egna&nbsp;Dikter&nbsp;n\u00e5dde stor framg\u00e5ng och utgavs i tre upplagor (1840, 1850, 1868). Efter att ha [&hellip;]<\/p>\n","protected":false},"author":5,"featured_media":11646,"parent":7,"menu_order":0,"comment_status":"closed","ping_status":"closed","template":"","meta":{"footnotes":""},"class_list":["post-11643","page","type-page","status-publish","has-post-thumbnail","hentry"],"yoast_head":"<!-- This site is optimized with the Yoast SEO plugin v27.1.1 - https:\/\/yoast.com\/product\/yoast-seo-wordpress\/ -->\n<title>Lars Stenb\u00e4ck\u00a0(1811\u20131870) - Ljud &amp; Bild<\/title>\n<meta name=\"robots\" content=\"index, follow, max-snippet:-1, max-image-preview:large, max-video-preview:-1\" \/>\n<link rel=\"canonical\" href=\"https:\/\/litteraturbanken.se\/ljudochbild\/forfattare\/stenbackl\/\" \/>\n<meta property=\"og:locale\" content=\"sv_SE\" \/>\n<meta property=\"og:type\" content=\"article\" \/>\n<meta property=\"og:title\" content=\"Lars Stenb\u00e4ck\u00a0(1811\u20131870) - Ljud &amp; Bild\" \/>\n<meta property=\"og:description\" content=\"\u201dLARS STENB\u00c4CK (1811\u20131870) var f\u00f6dd i Kuortane socken i \u00d6sterbotten. Under sin studietid i Uppsala 1830\u201332 greps han av k\u00e4rlek till diktkonsten och hans egna&nbsp;Dikter&nbsp;n\u00e5dde stor framg\u00e5ng och utgavs i tre upplagor (1840, 1850, 1868). Efter att ha [&hellip;]\" \/>\n<meta property=\"og:url\" content=\"https:\/\/litteraturbanken.se\/ljudochbild\/forfattare\/stenbackl\/\" \/>\n<meta property=\"og:site_name\" content=\"Ljud &amp; Bild\" \/>\n<meta property=\"article:publisher\" content=\"https:\/\/www.facebook.com\/Litteraturbanken.se\" \/>\n<meta property=\"article:modified_time\" content=\"2024-09-10T13:34:47+00:00\" \/>\n<meta property=\"og:image\" content=\"https:\/\/litteraturbanken.se\/ljudochbild\/wp-content\/uploads\/2024\/09\/larsstenback.jpg\" \/>\n\t<meta property=\"og:image:width\" content=\"1200\" \/>\n\t<meta property=\"og:image:height\" content=\"1426\" \/>\n\t<meta property=\"og:image:type\" content=\"image\/jpeg\" \/>\n<meta name=\"twitter:card\" content=\"summary_large_image\" \/>\n<meta name=\"twitter:site\" content=\"@litteraturbank\" \/>\n<meta name=\"twitter:label1\" content=\"Ber\u00e4knad l\u00e4stid\" \/>\n\t<meta name=\"twitter:data1\" content=\"2 minuter\" \/>\n<script type=\"application\/ld+json\" class=\"yoast-schema-graph\">{\"@context\":\"https:\/\/schema.org\",\"@graph\":[{\"@type\":\"WebPage\",\"@id\":\"https:\/\/litteraturbanken.se\/ljudochbild\/forfattare\/stenbackl\/\",\"url\":\"https:\/\/litteraturbanken.se\/ljudochbild\/forfattare\/stenbackl\/\",\"name\":\"Lars Stenb\u00e4ck\u00a0(1811\u20131870) - Ljud &amp; Bild\",\"isPartOf\":{\"@id\":\"https:\/\/litteraturbanken.se\/ljudochbild\/#website\"},\"primaryImageOfPage\":{\"@id\":\"https:\/\/litteraturbanken.se\/ljudochbild\/forfattare\/stenbackl\/#primaryimage\"},\"image\":{\"@id\":\"https:\/\/litteraturbanken.se\/ljudochbild\/forfattare\/stenbackl\/#primaryimage\"},\"thumbnailUrl\":\"https:\/\/litteraturbanken.se\/ljudochbild\/wp-content\/uploads\/2024\/09\/larsstenback.jpg\",\"datePublished\":\"2024-09-09T14:05:55+00:00\",\"dateModified\":\"2024-09-10T13:34:47+00:00\",\"breadcrumb\":{\"@id\":\"https:\/\/litteraturbanken.se\/ljudochbild\/forfattare\/stenbackl\/#breadcrumb\"},\"inLanguage\":\"sv-SE\",\"potentialAction\":[{\"@type\":\"ReadAction\",\"target\":[\"https:\/\/litteraturbanken.se\/ljudochbild\/forfattare\/stenbackl\/\"]}]},{\"@type\":\"ImageObject\",\"inLanguage\":\"sv-SE\",\"@id\":\"https:\/\/litteraturbanken.se\/ljudochbild\/forfattare\/stenbackl\/#primaryimage\",\"url\":\"https:\/\/litteraturbanken.se\/ljudochbild\/wp-content\/uploads\/2024\/09\/larsstenback.jpg\",\"contentUrl\":\"https:\/\/litteraturbanken.se\/ljudochbild\/wp-content\/uploads\/2024\/09\/larsstenback.jpg\",\"width\":1200,\"height\":1426,\"caption\":\"Lars Stenb\u00e4ck\"},{\"@type\":\"BreadcrumbList\",\"@id\":\"https:\/\/litteraturbanken.se\/ljudochbild\/forfattare\/stenbackl\/#breadcrumb\",\"itemListElement\":[{\"@type\":\"ListItem\",\"position\":1,\"name\":\"Hem\",\"item\":\"https:\/\/litteraturbanken.se\/ljudochbild\/\"},{\"@type\":\"ListItem\",\"position\":2,\"name\":\"F\u00f6rfattare\",\"item\":\"https:\/\/litteraturbanken.se\/ljudochbild\/forfattare\/\"},{\"@type\":\"ListItem\",\"position\":3,\"name\":\"Lars Stenb\u00e4ck\u00a0(1811\u20131870)\"}]},{\"@type\":\"WebSite\",\"@id\":\"https:\/\/litteraturbanken.se\/ljudochbild\/#website\",\"url\":\"https:\/\/litteraturbanken.se\/ljudochbild\/\",\"name\":\"Ljud & Bild\",\"description\":\"Ur Litteraturbankens samlingar\",\"potentialAction\":[{\"@type\":\"SearchAction\",\"target\":{\"@type\":\"EntryPoint\",\"urlTemplate\":\"https:\/\/litteraturbanken.se\/ljudochbild\/?s={search_term_string}\"},\"query-input\":{\"@type\":\"PropertyValueSpecification\",\"valueRequired\":true,\"valueName\":\"search_term_string\"}}],\"inLanguage\":\"sv-SE\"}]}<\/script>\n<!-- \/ Yoast SEO plugin. -->","yoast_head_json":{"title":"Lars Stenb\u00e4ck\u00a0(1811\u20131870) - Ljud &amp; Bild","robots":{"index":"index","follow":"follow","max-snippet":"max-snippet:-1","max-image-preview":"max-image-preview:large","max-video-preview":"max-video-preview:-1"},"canonical":"https:\/\/litteraturbanken.se\/ljudochbild\/forfattare\/stenbackl\/","og_locale":"sv_SE","og_type":"article","og_title":"Lars Stenb\u00e4ck\u00a0(1811\u20131870) - Ljud &amp; Bild","og_description":"\u201dLARS STENB\u00c4CK (1811\u20131870) var f\u00f6dd i Kuortane socken i \u00d6sterbotten. Under sin studietid i Uppsala 1830\u201332 greps han av k\u00e4rlek till diktkonsten och hans egna&nbsp;Dikter&nbsp;n\u00e5dde stor framg\u00e5ng och utgavs i tre upplagor (1840, 1850, 1868). Efter att ha [&hellip;]","og_url":"https:\/\/litteraturbanken.se\/ljudochbild\/forfattare\/stenbackl\/","og_site_name":"Ljud &amp; Bild","article_publisher":"https:\/\/www.facebook.com\/Litteraturbanken.se","article_modified_time":"2024-09-10T13:34:47+00:00","og_image":[{"width":1200,"height":1426,"url":"https:\/\/litteraturbanken.se\/ljudochbild\/wp-content\/uploads\/2024\/09\/larsstenback.jpg","type":"image\/jpeg"}],"twitter_card":"summary_large_image","twitter_site":"@litteraturbank","twitter_misc":{"Ber\u00e4knad l\u00e4stid":"2 minuter"},"schema":{"@context":"https:\/\/schema.org","@graph":[{"@type":"WebPage","@id":"https:\/\/litteraturbanken.se\/ljudochbild\/forfattare\/stenbackl\/","url":"https:\/\/litteraturbanken.se\/ljudochbild\/forfattare\/stenbackl\/","name":"Lars Stenb\u00e4ck\u00a0(1811\u20131870) - Ljud &amp; Bild","isPartOf":{"@id":"https:\/\/litteraturbanken.se\/ljudochbild\/#website"},"primaryImageOfPage":{"@id":"https:\/\/litteraturbanken.se\/ljudochbild\/forfattare\/stenbackl\/#primaryimage"},"image":{"@id":"https:\/\/litteraturbanken.se\/ljudochbild\/forfattare\/stenbackl\/#primaryimage"},"thumbnailUrl":"https:\/\/litteraturbanken.se\/ljudochbild\/wp-content\/uploads\/2024\/09\/larsstenback.jpg","datePublished":"2024-09-09T14:05:55+00:00","dateModified":"2024-09-10T13:34:47+00:00","breadcrumb":{"@id":"https:\/\/litteraturbanken.se\/ljudochbild\/forfattare\/stenbackl\/#breadcrumb"},"inLanguage":"sv-SE","potentialAction":[{"@type":"ReadAction","target":["https:\/\/litteraturbanken.se\/ljudochbild\/forfattare\/stenbackl\/"]}]},{"@type":"ImageObject","inLanguage":"sv-SE","@id":"https:\/\/litteraturbanken.se\/ljudochbild\/forfattare\/stenbackl\/#primaryimage","url":"https:\/\/litteraturbanken.se\/ljudochbild\/wp-content\/uploads\/2024\/09\/larsstenback.jpg","contentUrl":"https:\/\/litteraturbanken.se\/ljudochbild\/wp-content\/uploads\/2024\/09\/larsstenback.jpg","width":1200,"height":1426,"caption":"Lars Stenb\u00e4ck"},{"@type":"BreadcrumbList","@id":"https:\/\/litteraturbanken.se\/ljudochbild\/forfattare\/stenbackl\/#breadcrumb","itemListElement":[{"@type":"ListItem","position":1,"name":"Hem","item":"https:\/\/litteraturbanken.se\/ljudochbild\/"},{"@type":"ListItem","position":2,"name":"F\u00f6rfattare","item":"https:\/\/litteraturbanken.se\/ljudochbild\/forfattare\/"},{"@type":"ListItem","position":3,"name":"Lars Stenb\u00e4ck\u00a0(1811\u20131870)"}]},{"@type":"WebSite","@id":"https:\/\/litteraturbanken.se\/ljudochbild\/#website","url":"https:\/\/litteraturbanken.se\/ljudochbild\/","name":"Ljud & Bild","description":"Ur Litteraturbankens samlingar","potentialAction":[{"@type":"SearchAction","target":{"@type":"EntryPoint","urlTemplate":"https:\/\/litteraturbanken.se\/ljudochbild\/?s={search_term_string}"},"query-input":{"@type":"PropertyValueSpecification","valueRequired":true,"valueName":"search_term_string"}}],"inLanguage":"sv-SE"}]}},"_links":{"self":[{"href":"https:\/\/litteraturbanken.se\/ljudochbild\/wp-json\/wp\/v2\/pages\/11643","targetHints":{"allow":["GET"]}}],"collection":[{"href":"https:\/\/litteraturbanken.se\/ljudochbild\/wp-json\/wp\/v2\/pages"}],"about":[{"href":"https:\/\/litteraturbanken.se\/ljudochbild\/wp-json\/wp\/v2\/types\/page"}],"author":[{"embeddable":true,"href":"https:\/\/litteraturbanken.se\/ljudochbild\/wp-json\/wp\/v2\/users\/5"}],"replies":[{"embeddable":true,"href":"https:\/\/litteraturbanken.se\/ljudochbild\/wp-json\/wp\/v2\/comments?post=11643"}],"version-history":[{"count":4,"href":"https:\/\/litteraturbanken.se\/ljudochbild\/wp-json\/wp\/v2\/pages\/11643\/revisions"}],"predecessor-version":[{"id":11760,"href":"https:\/\/litteraturbanken.se\/ljudochbild\/wp-json\/wp\/v2\/pages\/11643\/revisions\/11760"}],"up":[{"embeddable":true,"href":"https:\/\/litteraturbanken.se\/ljudochbild\/wp-json\/wp\/v2\/pages\/7"}],"wp:featuredmedia":[{"embeddable":true,"href":"https:\/\/litteraturbanken.se\/ljudochbild\/wp-json\/wp\/v2\/media\/11646"}],"wp:attachment":[{"href":"https:\/\/litteraturbanken.se\/ljudochbild\/wp-json\/wp\/v2\/media?parent=11643"}],"curies":[{"name":"wp","href":"https:\/\/api.w.org\/{rel}","templated":true}]}}