{"id":13040,"date":"2025-05-27T11:04:22","date_gmt":"2025-05-27T09:04:22","guid":{"rendered":"https:\/\/litteraturbanken.se\/ljudochbild\/?page_id=13040"},"modified":"2025-06-03T08:53:44","modified_gmt":"2025-06-03T06:53:44","slug":"wahlstroml","status":"publish","type":"page","link":"https:\/\/litteraturbanken.se\/ljudochbild\/forfattare\/wahlstroml\/","title":{"rendered":"Lydia Wahlstr\u00f6m (1869\u20131954)"},"content":{"rendered":"<div class=\"wp-block-image\">\n<figure class=\"alignright size-large is-resized\"><img loading=\"lazy\" decoding=\"async\" width=\"652\" height=\"1024\" src=\"https:\/\/litteraturbanken.se\/ljudochbild\/wp-content\/uploads\/2025\/05\/lydiawahlstrom-652x1024.jpg\" alt=\"Lydia Wahlstr\u00f6m\" class=\"wp-image-13041\" style=\"width:196px;height:auto\" srcset=\"https:\/\/litteraturbanken.se\/ljudochbild\/wp-content\/uploads\/2025\/05\/lydiawahlstrom-652x1024.jpg 652w, https:\/\/litteraturbanken.se\/ljudochbild\/wp-content\/uploads\/2025\/05\/lydiawahlstrom-191x300.jpg 191w, https:\/\/litteraturbanken.se\/ljudochbild\/wp-content\/uploads\/2025\/05\/lydiawahlstrom-768x1206.jpg 768w, https:\/\/litteraturbanken.se\/ljudochbild\/wp-content\/uploads\/2025\/05\/lydiawahlstrom-978x1536.jpg 978w, https:\/\/litteraturbanken.se\/ljudochbild\/wp-content\/uploads\/2025\/05\/lydiawahlstrom-480x754.jpg 480w, https:\/\/litteraturbanken.se\/ljudochbild\/wp-content\/uploads\/2025\/05\/lydiawahlstrom.jpg 1200w\" sizes=\"auto, (max-width: 652px) 100vw, 652px\" \/><\/figure>\n<\/div>\n\n\n<p>\u201d<em><a href=\"https:\/\/litteraturbanken.se\/f\u00f6rfattare\/Wahlstr\u00f6mL\/titlar\/TrotsigOchF\u00f6rsagd\/sida\/3\/faksimil\">Trotsig och f\u00f6rsagd<\/a><\/em> lyder den till h\u00e4lften missvisande titeln p\u00e5 Lydia Wahlstr\u00f6ms memoarer som utkom 1949. D\u00e5 var hon 80 \u00e5r. Det \u00e4r sv\u00e5rt att uppt\u00e4cka n\u00e5got f\u00f6rsagt hos studentr\u00f6relseledaren, kvinnosakskvinnan, r\u00f6str\u00e4ttspionj\u00e4ren, pedagogen, folkbildaren, studierektorn, doktorn i historia Lydia Wahlstr\u00f6m, som var djupt engagerad i tidens stora samh\u00e4llsfr\u00e5gor, en framg\u00e5ngsrik lobbyist \u2014 och aldrig i stillhet.\u201d<\/p>\n\n\n\n<p>\u201dI sina memoarer skildrar hon uppv\u00e4xten p\u00e5 Barkar\u00f6 pr\u00e4stg\u00e5rd i n\u00e4rheten av V\u00e4ster\u00e5s. Hon var yngst av fyra systrar och uppfostrades som den son den \u00e4lskade fadern pr\u00e4sten Johan Gustaf Wahlstr\u00f6m och modern Ida aldrig fick. Helst hade <a href=\"https:\/\/litteraturbanken.se\/f\u00f6rfattare\/Wahlstr\u00f6mL\">Lydia Wahlstr\u00f6m<\/a> ocks\u00e5 velat bli pr\u00e4st och hon argumenterade kraftfullt hela sitt liv f\u00f6r att kvinnor skulle f\u00e5 den m\u00f6jligheten. Tidigt utkristalliserades hennes livsintressen: kvinnofr\u00e5gorna, religionen och lusten att studera. Tre intresseomr\u00e5den som inspirerade till politisk aktivitet.\u201d<\/p>\n\n\n\n<p>S\u00e5 inleder Ingrid Svensson sin presentation av Lydia Wahlstr\u00f6ms f\u00f6rfattarskap. <\/p>\n\n\n\n<div class=\"wp-block-buttons is-layout-flex wp-block-buttons-is-layout-flex\">\n<div class=\"wp-block-button read-more-button\"><a class=\"wp-block-button__link has-white-color has-text-color has-background has-custom-font-size wp-element-button\" href=\"https:\/\/litteraturbanken.se\/f\u00f6rfattare\/SvenssonIngrid\/titlar\/LydiaWahlstr\u00f6m\/sida\/1\/etext\" style=\"border-radius:0px;background-color:#cd2400;font-size:14px\" target=\"_blank\" rel=\"noopener noreferrer noopener\"><strong>L\u00c4S MER OM LYDIA WAHLSTR\u00d6M<\/strong><\/a><\/div>\n\n\n\n<div class=\"wp-block-button read-more-button\"><a class=\"wp-block-button__link has-white-color has-text-color has-background has-custom-font-size wp-element-button\" href=\"https:\/\/litteraturbanken.se\/f\u00f6rfattare\/Wahlstr\u00f6mL\/titlar\" style=\"border-radius:0px;background-color:#cd2400;font-size:14px\" target=\"_blank\" rel=\"noopener noreferrer noopener\"><strong>L\u00c4S LYDIA WAHLSTR\u00d6MS VERK HOS LB.SE<\/strong><\/a><\/div>\n<\/div>\n\n\n\n<div style=\"height:30px\" aria-hidden=\"true\" class=\"wp-block-spacer\"><\/div>\n\n\n\n<p>I Litteraturbankens ljudsamlingar kan du lyssna till fyra radioprogram fr\u00e5n \u00e5ren 1934\u20131949 d\u00e4r Lydia Wahlstr\u00f6m sj\u00e4lv medverkar. Bland inspelningarna finns det sj\u00e4lvbiografiska f\u00f6redraget\u00a0\u201dSlyn\u00e5ren i Rackeby\u201d\u00a0\u2013 en ber\u00e4ttelse om Wahlstr\u00f6ms ungdoms\u00e5r, som \u00e4ven publicerades i de ovan n\u00e4mnda memoarerna <em><a href=\"https:\/\/litteraturbanken.se\/f\u00f6rfattare\/Wahlstr\u00f6mL\/titlar\/TrotsigOchF\u00f6rsagd\/sida\/43\/faksimil\">Trotsig och f\u00f6rsagd<\/a><\/em>. D\u00e4rtill h\u00f6rs tre kortare men inneh\u00e5llsrika f\u00f6redrag d\u00e4r Wahlstr\u00f6m delar med sig av sina tankar om den franska revolutionens gestalter, Maximilien de Robespierre och Henri Gr\u00e9goire, samt om Uppsala kvinnliga studentf\u00f6rening.<\/p>\n\n\n\n<div style=\"height:5px\" aria-hidden=\"true\" class=\"wp-block-spacer\"><\/div>\n\n\n\n<div class=\"wp-playlist wp-audio-playlist wp-playlist-light\">\n\t\t\t<div class=\"wp-playlist-current-item\"><\/div>\n\t\t<audio controls=\"controls\" preload=\"none\" width=\"618\"\n\t\t\t><\/audio>\n\t<div class=\"wp-playlist-next\"><\/div>\n\t<div class=\"wp-playlist-prev\"><\/div>\n\t<noscript>\n\t<ol>\n\t\t<li><a href='https:\/\/litteraturbanken.se\/ljudochbild\/wp-content\/uploads\/2025\/05\/wahlstrom_henrigregoire_wahlstrom.mp3'>Henri Gr\u00e9goire. En ekumen f\u00f6re Nathan S\u00f6derblom<\/a><\/li><li><a href='https:\/\/litteraturbanken.se\/ljudochbild\/wp-content\/uploads\/2025\/05\/wahlstrom_uppsalakvinnligastudentforening_wahlstrom.mp3'>Om Uppsala kvinnliga studentf\u00f6rening<\/a><\/li><li><a href='https:\/\/litteraturbanken.se\/ljudochbild\/wp-content\/uploads\/2025\/05\/wahlstrom_robespierre_wahlstrom.mp3'>Robespierre i nyare belysning<\/a><\/li><li><a href='https:\/\/litteraturbanken.se\/ljudochbild\/wp-content\/uploads\/2025\/05\/wahlstrom_slynarenirackeby_wahlstrom.mp3'>Slyn\u00e5ren i Rackeby<\/a><\/li>\t<\/ol>\n\t<\/noscript>\n\t<script type=\"application\/json\" class=\"wp-playlist-script\">{\"type\":\"audio\",\"tracklist\":true,\"tracknumbers\":true,\"images\":true,\"artists\":true,\"tracks\":[{\"src\":\"https:\/\/litteraturbanken.se\/ljudochbild\/wp-content\/uploads\/2025\/05\/wahlstrom_henrigregoire_wahlstrom.mp3\",\"type\":\"audio\/mpeg\",\"title\":\"Henri Gr\\u00e9goire. En ekumen f\\u00f6re Nathan S\\u00f6derblom\",\"caption\":\"\",\"description\":\"\\u201dHenri Gr\\u00e9goire. En ekumen f\\u00f6re Nathan S\\u00f6derblom\\u201d fr\\u00e5n Lydia Wahlstr\\u00f6m av Lydia Wahlstr\\u00f6m i Sveriges Radio (1934). Sl\\u00e4ppt: 1934.\",\"meta\":{\"artist\":\"Lydia Wahlstr\\u00f6m i Sveriges Radio (1934)\",\"album\":\"Lydia Wahlstr\\u00f6m\",\"year\":\"1934\",\"length_formatted\":\"6:40\"},\"image\":{\"src\":\"https:\/\/litteraturbanken.se\/ljudochbild\/wp-content\/uploads\/2019\/09\/wide_gub_wide-mp3-image.png\",\"width\":580,\"height\":612},\"thumb\":{\"src\":\"https:\/\/litteraturbanken.se\/ljudochbild\/wp-content\/uploads\/2019\/09\/wide_gub_wide-mp3-image-150x150.png\",\"width\":150,\"height\":150}},{\"src\":\"https:\/\/litteraturbanken.se\/ljudochbild\/wp-content\/uploads\/2025\/05\/wahlstrom_uppsalakvinnligastudentforening_wahlstrom.mp3\",\"type\":\"audio\/mpeg\",\"title\":\"Om Uppsala kvinnliga studentf\\u00f6rening\",\"caption\":\"\",\"description\":\"\\u201dOm Uppsala kvinnliga studentf\\u00f6rening\\u201d fr\\u00e5n Lydia Wahlstr\\u00f6m av Lydia Wahlstr\\u00f6m i Sveriges Radio (1949). Sl\\u00e4ppt: 1949.\",\"meta\":{\"artist\":\"Lydia Wahlstr\\u00f6m i Sveriges Radio (1949)\",\"album\":\"Lydia Wahlstr\\u00f6m\",\"year\":\"1949\",\"length_formatted\":\"4:46\"},\"image\":{\"src\":\"https:\/\/litteraturbanken.se\/ljudochbild\/wp-content\/uploads\/2019\/09\/wide_gub_wide-mp3-image.png\",\"width\":580,\"height\":612},\"thumb\":{\"src\":\"https:\/\/litteraturbanken.se\/ljudochbild\/wp-content\/uploads\/2019\/09\/wide_gub_wide-mp3-image-150x150.png\",\"width\":150,\"height\":150}},{\"src\":\"https:\/\/litteraturbanken.se\/ljudochbild\/wp-content\/uploads\/2025\/05\/wahlstrom_robespierre_wahlstrom.mp3\",\"type\":\"audio\/mpeg\",\"title\":\"Robespierre i nyare belysning\",\"caption\":\"\",\"description\":\"\\u201dRobespierre i nyare belysning\\u201d fr\\u00e5n Lydia Wahlstr\\u00f6m av Lydia Wahlstr\\u00f6m i Sveriges Radio (1934). Sl\\u00e4ppt: 1934.\",\"meta\":{\"artist\":\"Lydia Wahlstr\\u00f6m i Sveriges Radio (1934)\",\"album\":\"Lydia Wahlstr\\u00f6m\",\"year\":\"1934\",\"length_formatted\":\"2:56\"},\"image\":{\"src\":\"https:\/\/litteraturbanken.se\/ljudochbild\/wp-content\/uploads\/2019\/09\/wide_gub_wide-mp3-image.png\",\"width\":580,\"height\":612},\"thumb\":{\"src\":\"https:\/\/litteraturbanken.se\/ljudochbild\/wp-content\/uploads\/2019\/09\/wide_gub_wide-mp3-image-150x150.png\",\"width\":150,\"height\":150}},{\"src\":\"https:\/\/litteraturbanken.se\/ljudochbild\/wp-content\/uploads\/2025\/05\/wahlstrom_slynarenirackeby_wahlstrom.mp3\",\"type\":\"audio\/mpeg\",\"title\":\"Slyn\\u00e5ren i Rackeby\",\"caption\":\"\",\"description\":\"\\u201dSlyn\\u00e5ren i Rackeby\\u201d fr\\u00e5n Lydia Wahlstr\\u00f6m av Lydia Wahlstr\\u00f6m i Sveriges Radio (1949). Sl\\u00e4ppt: 1949.\",\"meta\":{\"artist\":\"Lydia Wahlstr\\u00f6m i Sveriges Radio (1949)\",\"album\":\"Lydia Wahlstr\\u00f6m\",\"year\":\"1949\",\"length_formatted\":\"27:29\"},\"image\":{\"src\":\"https:\/\/litteraturbanken.se\/ljudochbild\/wp-content\/uploads\/2019\/09\/wide_gub_wide-mp3-image.png\",\"width\":580,\"height\":612},\"thumb\":{\"src\":\"https:\/\/litteraturbanken.se\/ljudochbild\/wp-content\/uploads\/2019\/09\/wide_gub_wide-mp3-image-150x150.png\",\"width\":150,\"height\":150}}]}<\/script>\n<\/div>\n\t\n\n\n\n<div style=\"height:10px\" aria-hidden=\"true\" class=\"wp-block-spacer\"><\/div>\n\n\n\n<hr>\n\n\n\n<p><em>Inspelningarna tillg\u00e4ngligg\u00f6rs med tillst\u00e5nd fr\u00e5n Sveriges Radio. \u2013 Fotografiet ovanf\u00f6r, som \u00e4r taget av John Liljestr\u00f6m, har vi l\u00e5nat av <a href=\"https:\/\/libris.kb.se\/bib\/ctpl1rzx9k8scpz5\" target=\"_blank\" rel=\"noreferrer noopener\">Kungliga biblioteket<\/a>.<\/em><\/p>\n\n\n<h3 class=\"wp-block-heading author-related-title\">L\u00e4s mer<\/h3>\r\n<div class=\"display-posts-listing grid\"><div class=\"listing-item\"><a class=\"image\" href=\"https:\/\/litteraturbanken.se\/ljudochbild\/2025\/06\/05\/wahlstroms-portratt\/\"><img loading=\"lazy\" decoding=\"async\" width=\"640\" height=\"857\" src=\"https:\/\/litteraturbanken.se\/ljudochbild\/wp-content\/uploads\/2025\/06\/lydiawahlstrom1-765x1024.jpg\" class=\"attachment-large size-large wp-post-image\" alt=\"Lydia Wahlstr\u00f6m\" srcset=\"https:\/\/litteraturbanken.se\/ljudochbild\/wp-content\/uploads\/2025\/06\/lydiawahlstrom1-765x1024.jpg 765w, https:\/\/litteraturbanken.se\/ljudochbild\/wp-content\/uploads\/2025\/06\/lydiawahlstrom1-224x300.jpg 224w, https:\/\/litteraturbanken.se\/ljudochbild\/wp-content\/uploads\/2025\/06\/lydiawahlstrom1-768x1028.jpg 768w, https:\/\/litteraturbanken.se\/ljudochbild\/wp-content\/uploads\/2025\/06\/lydiawahlstrom1-1147x1536.jpg 1147w, https:\/\/litteraturbanken.se\/ljudochbild\/wp-content\/uploads\/2025\/06\/lydiawahlstrom1-480x643.jpg 480w, https:\/\/litteraturbanken.se\/ljudochbild\/wp-content\/uploads\/2025\/06\/lydiawahlstrom1.jpg 1200w\" sizes=\"auto, (max-width: 640px) 100vw, 640px\" \/><\/a> <a class=\"title\" href=\"https:\/\/litteraturbanken.se\/ljudochbild\/2025\/06\/05\/wahlstroms-portratt\/\">Wahlstr\u00f6ms portr\u00e4tt<\/a><\/div><div class=\"listing-item\"><a class=\"image\" href=\"https:\/\/litteraturbanken.se\/ljudochbild\/2023\/11\/28\/bilden-av-klara-johanson\/\"><img loading=\"lazy\" decoding=\"async\" width=\"454\" height=\"339\" src=\"https:\/\/litteraturbanken.se\/ljudochbild\/wp-content\/uploads\/2023\/11\/kj-liten.jpg\" class=\"attachment-large size-large wp-post-image\" alt=\"Klara Johanson\" srcset=\"https:\/\/litteraturbanken.se\/ljudochbild\/wp-content\/uploads\/2023\/11\/kj-liten.jpg 454w, https:\/\/litteraturbanken.se\/ljudochbild\/wp-content\/uploads\/2023\/11\/kj-liten-300x224.jpg 300w\" sizes=\"auto, (max-width: 454px) 100vw, 454px\" \/><\/a> <a class=\"title\" href=\"https:\/\/litteraturbanken.se\/ljudochbild\/2023\/11\/28\/bilden-av-klara-johanson\/\">Bilden av K.J.<\/a><\/div><\/div>\r\n\r\n\n","protected":false},"excerpt":{"rendered":"<p>\u201dTrotsig och f\u00f6rsagd lyder den till h\u00e4lften missvisande titeln p\u00e5 Lydia Wahlstr\u00f6ms memoarer som utkom 1949. D\u00e5 var hon 80 \u00e5r. Det \u00e4r sv\u00e5rt att uppt\u00e4cka n\u00e5got f\u00f6rsagt hos studentr\u00f6relseledaren, kvinnosakskvinnan, r\u00f6str\u00e4ttspionj\u00e4ren, pedagogen, folkbildaren, studierektorn, doktorn i historia [&hellip;]<\/p>\n","protected":false},"author":5,"featured_media":13041,"parent":7,"menu_order":0,"comment_status":"closed","ping_status":"closed","template":"","meta":{"footnotes":""},"class_list":["post-13040","page","type-page","status-publish","has-post-thumbnail","hentry"],"yoast_head":"<!-- This site is optimized with the Yoast SEO plugin v27.1.1 - https:\/\/yoast.com\/product\/yoast-seo-wordpress\/ -->\n<title>Lydia Wahlstr\u00f6m (1869\u20131954) - Ljud &amp; Bild<\/title>\n<meta name=\"robots\" content=\"index, follow, max-snippet:-1, max-image-preview:large, max-video-preview:-1\" \/>\n<link rel=\"canonical\" href=\"https:\/\/litteraturbanken.se\/ljudochbild\/forfattare\/wahlstroml\/\" \/>\n<meta property=\"og:locale\" content=\"sv_SE\" \/>\n<meta property=\"og:type\" content=\"article\" \/>\n<meta property=\"og:title\" content=\"Lydia Wahlstr\u00f6m (1869\u20131954) - Ljud &amp; Bild\" \/>\n<meta property=\"og:description\" content=\"\u201dTrotsig och f\u00f6rsagd lyder den till h\u00e4lften missvisande titeln p\u00e5 Lydia Wahlstr\u00f6ms memoarer som utkom 1949. D\u00e5 var hon 80 \u00e5r. Det \u00e4r sv\u00e5rt att uppt\u00e4cka n\u00e5got f\u00f6rsagt hos studentr\u00f6relseledaren, kvinnosakskvinnan, r\u00f6str\u00e4ttspionj\u00e4ren, pedagogen, folkbildaren, studierektorn, doktorn i historia [&hellip;]\" \/>\n<meta property=\"og:url\" content=\"https:\/\/litteraturbanken.se\/ljudochbild\/forfattare\/wahlstroml\/\" \/>\n<meta property=\"og:site_name\" content=\"Ljud &amp; Bild\" \/>\n<meta property=\"article:publisher\" content=\"https:\/\/www.facebook.com\/Litteraturbanken.se\" \/>\n<meta property=\"article:modified_time\" content=\"2025-06-03T06:53:44+00:00\" \/>\n<meta property=\"og:image\" content=\"https:\/\/litteraturbanken.se\/ljudochbild\/wp-content\/uploads\/2025\/05\/lydiawahlstrom.jpg\" \/>\n\t<meta property=\"og:image:width\" content=\"1200\" \/>\n\t<meta property=\"og:image:height\" content=\"1885\" \/>\n\t<meta property=\"og:image:type\" content=\"image\/jpeg\" \/>\n<meta name=\"twitter:card\" content=\"summary_large_image\" \/>\n<meta name=\"twitter:site\" content=\"@litteraturbank\" \/>\n<meta name=\"twitter:label1\" content=\"Ber\u00e4knad l\u00e4stid\" \/>\n\t<meta name=\"twitter:data1\" content=\"2 minuter\" \/>\n<script type=\"application\/ld+json\" class=\"yoast-schema-graph\">{\"@context\":\"https:\/\/schema.org\",\"@graph\":[{\"@type\":\"WebPage\",\"@id\":\"https:\/\/litteraturbanken.se\/ljudochbild\/forfattare\/wahlstroml\/\",\"url\":\"https:\/\/litteraturbanken.se\/ljudochbild\/forfattare\/wahlstroml\/\",\"name\":\"Lydia Wahlstr\u00f6m (1869\u20131954) - Ljud &amp; Bild\",\"isPartOf\":{\"@id\":\"https:\/\/litteraturbanken.se\/ljudochbild\/#website\"},\"primaryImageOfPage\":{\"@id\":\"https:\/\/litteraturbanken.se\/ljudochbild\/forfattare\/wahlstroml\/#primaryimage\"},\"image\":{\"@id\":\"https:\/\/litteraturbanken.se\/ljudochbild\/forfattare\/wahlstroml\/#primaryimage\"},\"thumbnailUrl\":\"https:\/\/litteraturbanken.se\/ljudochbild\/wp-content\/uploads\/2025\/05\/lydiawahlstrom.jpg\",\"datePublished\":\"2025-05-27T09:04:22+00:00\",\"dateModified\":\"2025-06-03T06:53:44+00:00\",\"breadcrumb\":{\"@id\":\"https:\/\/litteraturbanken.se\/ljudochbild\/forfattare\/wahlstroml\/#breadcrumb\"},\"inLanguage\":\"sv-SE\",\"potentialAction\":[{\"@type\":\"ReadAction\",\"target\":[\"https:\/\/litteraturbanken.se\/ljudochbild\/forfattare\/wahlstroml\/\"]}]},{\"@type\":\"ImageObject\",\"inLanguage\":\"sv-SE\",\"@id\":\"https:\/\/litteraturbanken.se\/ljudochbild\/forfattare\/wahlstroml\/#primaryimage\",\"url\":\"https:\/\/litteraturbanken.se\/ljudochbild\/wp-content\/uploads\/2025\/05\/lydiawahlstrom.jpg\",\"contentUrl\":\"https:\/\/litteraturbanken.se\/ljudochbild\/wp-content\/uploads\/2025\/05\/lydiawahlstrom.jpg\",\"width\":1200,\"height\":1885,\"caption\":\"Lydia Wahlstr\u00f6m\"},{\"@type\":\"BreadcrumbList\",\"@id\":\"https:\/\/litteraturbanken.se\/ljudochbild\/forfattare\/wahlstroml\/#breadcrumb\",\"itemListElement\":[{\"@type\":\"ListItem\",\"position\":1,\"name\":\"Hem\",\"item\":\"https:\/\/litteraturbanken.se\/ljudochbild\/\"},{\"@type\":\"ListItem\",\"position\":2,\"name\":\"F\u00f6rfattare\",\"item\":\"https:\/\/litteraturbanken.se\/ljudochbild\/forfattare\/\"},{\"@type\":\"ListItem\",\"position\":3,\"name\":\"Lydia Wahlstr\u00f6m (1869\u20131954)\"}]},{\"@type\":\"WebSite\",\"@id\":\"https:\/\/litteraturbanken.se\/ljudochbild\/#website\",\"url\":\"https:\/\/litteraturbanken.se\/ljudochbild\/\",\"name\":\"Ljud & Bild\",\"description\":\"Ur Litteraturbankens samlingar\",\"potentialAction\":[{\"@type\":\"SearchAction\",\"target\":{\"@type\":\"EntryPoint\",\"urlTemplate\":\"https:\/\/litteraturbanken.se\/ljudochbild\/?s={search_term_string}\"},\"query-input\":{\"@type\":\"PropertyValueSpecification\",\"valueRequired\":true,\"valueName\":\"search_term_string\"}}],\"inLanguage\":\"sv-SE\"}]}<\/script>\n<!-- \/ Yoast SEO plugin. -->","yoast_head_json":{"title":"Lydia Wahlstr\u00f6m (1869\u20131954) - Ljud &amp; Bild","robots":{"index":"index","follow":"follow","max-snippet":"max-snippet:-1","max-image-preview":"max-image-preview:large","max-video-preview":"max-video-preview:-1"},"canonical":"https:\/\/litteraturbanken.se\/ljudochbild\/forfattare\/wahlstroml\/","og_locale":"sv_SE","og_type":"article","og_title":"Lydia Wahlstr\u00f6m (1869\u20131954) - Ljud &amp; Bild","og_description":"\u201dTrotsig och f\u00f6rsagd lyder den till h\u00e4lften missvisande titeln p\u00e5 Lydia Wahlstr\u00f6ms memoarer som utkom 1949. D\u00e5 var hon 80 \u00e5r. Det \u00e4r sv\u00e5rt att uppt\u00e4cka n\u00e5got f\u00f6rsagt hos studentr\u00f6relseledaren, kvinnosakskvinnan, r\u00f6str\u00e4ttspionj\u00e4ren, pedagogen, folkbildaren, studierektorn, doktorn i historia [&hellip;]","og_url":"https:\/\/litteraturbanken.se\/ljudochbild\/forfattare\/wahlstroml\/","og_site_name":"Ljud &amp; Bild","article_publisher":"https:\/\/www.facebook.com\/Litteraturbanken.se","article_modified_time":"2025-06-03T06:53:44+00:00","og_image":[{"width":1200,"height":1885,"url":"https:\/\/litteraturbanken.se\/ljudochbild\/wp-content\/uploads\/2025\/05\/lydiawahlstrom.jpg","type":"image\/jpeg"}],"twitter_card":"summary_large_image","twitter_site":"@litteraturbank","twitter_misc":{"Ber\u00e4knad l\u00e4stid":"2 minuter"},"schema":{"@context":"https:\/\/schema.org","@graph":[{"@type":"WebPage","@id":"https:\/\/litteraturbanken.se\/ljudochbild\/forfattare\/wahlstroml\/","url":"https:\/\/litteraturbanken.se\/ljudochbild\/forfattare\/wahlstroml\/","name":"Lydia Wahlstr\u00f6m (1869\u20131954) - Ljud &amp; Bild","isPartOf":{"@id":"https:\/\/litteraturbanken.se\/ljudochbild\/#website"},"primaryImageOfPage":{"@id":"https:\/\/litteraturbanken.se\/ljudochbild\/forfattare\/wahlstroml\/#primaryimage"},"image":{"@id":"https:\/\/litteraturbanken.se\/ljudochbild\/forfattare\/wahlstroml\/#primaryimage"},"thumbnailUrl":"https:\/\/litteraturbanken.se\/ljudochbild\/wp-content\/uploads\/2025\/05\/lydiawahlstrom.jpg","datePublished":"2025-05-27T09:04:22+00:00","dateModified":"2025-06-03T06:53:44+00:00","breadcrumb":{"@id":"https:\/\/litteraturbanken.se\/ljudochbild\/forfattare\/wahlstroml\/#breadcrumb"},"inLanguage":"sv-SE","potentialAction":[{"@type":"ReadAction","target":["https:\/\/litteraturbanken.se\/ljudochbild\/forfattare\/wahlstroml\/"]}]},{"@type":"ImageObject","inLanguage":"sv-SE","@id":"https:\/\/litteraturbanken.se\/ljudochbild\/forfattare\/wahlstroml\/#primaryimage","url":"https:\/\/litteraturbanken.se\/ljudochbild\/wp-content\/uploads\/2025\/05\/lydiawahlstrom.jpg","contentUrl":"https:\/\/litteraturbanken.se\/ljudochbild\/wp-content\/uploads\/2025\/05\/lydiawahlstrom.jpg","width":1200,"height":1885,"caption":"Lydia Wahlstr\u00f6m"},{"@type":"BreadcrumbList","@id":"https:\/\/litteraturbanken.se\/ljudochbild\/forfattare\/wahlstroml\/#breadcrumb","itemListElement":[{"@type":"ListItem","position":1,"name":"Hem","item":"https:\/\/litteraturbanken.se\/ljudochbild\/"},{"@type":"ListItem","position":2,"name":"F\u00f6rfattare","item":"https:\/\/litteraturbanken.se\/ljudochbild\/forfattare\/"},{"@type":"ListItem","position":3,"name":"Lydia Wahlstr\u00f6m (1869\u20131954)"}]},{"@type":"WebSite","@id":"https:\/\/litteraturbanken.se\/ljudochbild\/#website","url":"https:\/\/litteraturbanken.se\/ljudochbild\/","name":"Ljud & Bild","description":"Ur Litteraturbankens samlingar","potentialAction":[{"@type":"SearchAction","target":{"@type":"EntryPoint","urlTemplate":"https:\/\/litteraturbanken.se\/ljudochbild\/?s={search_term_string}"},"query-input":{"@type":"PropertyValueSpecification","valueRequired":true,"valueName":"search_term_string"}}],"inLanguage":"sv-SE"}]}},"_links":{"self":[{"href":"https:\/\/litteraturbanken.se\/ljudochbild\/wp-json\/wp\/v2\/pages\/13040","targetHints":{"allow":["GET"]}}],"collection":[{"href":"https:\/\/litteraturbanken.se\/ljudochbild\/wp-json\/wp\/v2\/pages"}],"about":[{"href":"https:\/\/litteraturbanken.se\/ljudochbild\/wp-json\/wp\/v2\/types\/page"}],"author":[{"embeddable":true,"href":"https:\/\/litteraturbanken.se\/ljudochbild\/wp-json\/wp\/v2\/users\/5"}],"replies":[{"embeddable":true,"href":"https:\/\/litteraturbanken.se\/ljudochbild\/wp-json\/wp\/v2\/comments?post=13040"}],"version-history":[{"count":8,"href":"https:\/\/litteraturbanken.se\/ljudochbild\/wp-json\/wp\/v2\/pages\/13040\/revisions"}],"predecessor-version":[{"id":13059,"href":"https:\/\/litteraturbanken.se\/ljudochbild\/wp-json\/wp\/v2\/pages\/13040\/revisions\/13059"}],"up":[{"embeddable":true,"href":"https:\/\/litteraturbanken.se\/ljudochbild\/wp-json\/wp\/v2\/pages\/7"}],"wp:featuredmedia":[{"embeddable":true,"href":"https:\/\/litteraturbanken.se\/ljudochbild\/wp-json\/wp\/v2\/media\/13041"}],"wp:attachment":[{"href":"https:\/\/litteraturbanken.se\/ljudochbild\/wp-json\/wp\/v2\/media?parent=13040"}],"curies":[{"name":"wp","href":"https:\/\/api.w.org\/{rel}","templated":true}]}}