{"id":1464,"date":"2019-09-05T12:19:50","date_gmt":"2019-09-05T10:19:50","guid":{"rendered":"http:\/\/ordfabriken.org\/ljud\/?page_id=1464"},"modified":"2024-09-16T15:37:52","modified_gmt":"2024-09-16T13:37:52","slug":"gullberghj","status":"publish","type":"page","link":"https:\/\/litteraturbanken.se\/ljudochbild\/forfattare\/gullberghj\/","title":{"rendered":"Hjalmar Gullberg (1898\u20131961)"},"content":{"rendered":"<div class=\"wp-block-image is-style-default\">\n<figure class=\"alignright size-large is-resized\"><img loading=\"lazy\" decoding=\"async\" width=\"724\" height=\"1024\" src=\"https:\/\/litteraturbanken.se\/ljudochbild\/wp-content\/uploads\/2022\/11\/hjalmar_gullberg-724x1024.jpg\" alt=\"Hjalmar Gullberg\" class=\"wp-image-7989\" style=\"width:187px;height:264px\" srcset=\"https:\/\/litteraturbanken.se\/ljudochbild\/wp-content\/uploads\/2022\/11\/hjalmar_gullberg-724x1024.jpg 724w, https:\/\/litteraturbanken.se\/ljudochbild\/wp-content\/uploads\/2022\/11\/hjalmar_gullberg-212x300.jpg 212w, https:\/\/litteraturbanken.se\/ljudochbild\/wp-content\/uploads\/2022\/11\/hjalmar_gullberg-768x1086.jpg 768w, https:\/\/litteraturbanken.se\/ljudochbild\/wp-content\/uploads\/2022\/11\/hjalmar_gullberg-1086x1536.jpg 1086w, https:\/\/litteraturbanken.se\/ljudochbild\/wp-content\/uploads\/2022\/11\/hjalmar_gullberg-480x679.jpg 480w, https:\/\/litteraturbanken.se\/ljudochbild\/wp-content\/uploads\/2022\/11\/hjalmar_gullberg.jpg 1200w\" sizes=\"auto, (max-width: 724px) 100vw, 724px\" \/><\/figure>\n<\/div>\n\n\n<p>\u201dHjalmar Gullberg sv\u00e4r sig fri fr\u00e5n estetiska syften med sin diktning. Diktarens uppgift \u00e4r enligt hans mening att skala bort allt ov\u00e4sentligt, rycka bort de tillf\u00e4lliga masker som heta parti och samfundsbeteckningar, g\u00e5 fram personligt och aggressivt. En mission har diktaren, den saken st\u00e5r s\u00e5 klar f\u00f6r honom, att man, n\u00e4r man h\u00f6r honom tala d\u00e4rom p\u00e5 sitt stilla, f\u00f6rsynta s\u00e4tt, k\u00e4nner med pl\u00f6tslig trygghetsk\u00e4nsla, hur djupt han med hela sin egenartade, bisarra, fascinerande inspiration dock \u00e4r f\u00f6rankrad i denna ofr\u00e5nkomliga verklighet. Han fattar diktarens mission, s\u00e4ger han, som den att v\u00e4cka, befria, finna utv\u00e4gar, h\u00e4vda vars och ens plikt att frig\u00f6ra sig fr\u00e5n schablon och masst\u00e4nkande, och framf\u00f6r allt \u00e5ter och \u00e5ter g\u00f6ra boskillnad mellan d\u00f6tt och levande \u2013 inte minst i denna tid, d\u00e5 s\u00e5 mycket av det som bullrar v\u00e4rst och hoverar sig mest likafullt \u00e4r det d\u00f6daste av allt d\u00f6tt.\u201d<\/p>\n\n\n\n<p>Stycket ovanf\u00f6r har vi saxat ur M\u00e4rta Lindqvists portr\u00e4tt av Hjalmar Gullberg i boken <em><a href=\"https:\/\/litteraturbanken.se\/f\u00f6rfattare\/LindqvistM\/titlar\/M\u00e4nniskor\/sida\/209\/faksimil\" target=\"_blank\" rel=\"noreferrer noopener\">M\u00e4nniskor<\/a><\/em> (1938).<\/p>\n\n\n\n<div class=\"wp-block-buttons is-layout-flex wp-block-buttons-is-layout-flex\">\n<div class=\"wp-block-button has-custom-font-size read-more-button\" style=\"font-size:14px\"><a class=\"wp-block-button__link has-white-color has-text-color has-background wp-element-button\" href=\"https:\/\/litteraturbanken.se\/f%C3%B6rfattare\/LindqvistM\/titlar\/M%C3%A4nniskor\/sida\/209\/faksimil\" style=\"border-radius:0px;background-color:#cd2400\" target=\"_blank\" rel=\"noopener\"><strong>L\u00c4S MER OM HJALMAR GULLBERG<\/strong><\/a><\/div>\n\n\n\n<div class=\"wp-block-button has-custom-font-size read-more-button\" style=\"font-size:14px\"><a class=\"wp-block-button__link has-white-color has-text-color has-background wp-element-button\" href=\"https:\/\/litteraturbanken.se\/f%C3%B6rfattare\/GullbergHj\/titlar\" style=\"border-radius:0px;background-color:#cd2400\" target=\"_blank\" rel=\"noopener\"><strong>L\u00c4S HJALMAR GULLBERGS VERK HOS LB.SE<\/strong><\/a><\/div>\n<\/div>\n\n\n\n<div style=\"height:20px\" aria-hidden=\"true\" class=\"wp-block-spacer\"><\/div>\n\n\n\n<div style=\"height:1px\" aria-hidden=\"true\" class=\"wp-block-spacer\"><\/div>\n\n\n\n<div class=\"wp-playlist wp-audio-playlist wp-playlist-light\">\n\t\t\t<div class=\"wp-playlist-current-item\"><\/div>\n\t\t<audio controls=\"controls\" preload=\"none\" width=\"618\"\n\t\t\t><\/audio>\n\t<div class=\"wp-playlist-next\"><\/div>\n\t<div class=\"wp-playlist-prev\"><\/div>\n\t<noscript>\n\t<ol>\n\t\t<li><a href='https:\/\/litteraturbanken.se\/ljudochbild\/wp-content\/uploads\/2022\/11\/gullberg_detresersigetttorn_ekblad.mp3'>Det reser sig ett torn<\/a><\/li><li><a href='https:\/\/litteraturbanken.se\/ljudochbild\/wp-content\/uploads\/2019\/09\/gullberg_dodamazon_mossaed.mp3'>D\u00f6d amazon<\/a><\/li><li><a href='https:\/\/litteraturbanken.se\/ljudochbild\/wp-content\/uploads\/2022\/11\/gullberg_gudsordbarickebojor_ekblad.mp3'>Guds ord b\u00e4r icke bojor<\/a><\/li><li><a href='https:\/\/litteraturbanken.se\/ljudochbild\/wp-content\/uploads\/2022\/11\/gullberg_hanlevdekortochlevdesallan_ekblad.mp3'>Han levde kort och levde s\u00e4llan<\/a><\/li><li><a href='https:\/\/litteraturbanken.se\/ljudochbild\/wp-content\/uploads\/2022\/11\/gullberg_spelpataggtrad_ekblad.mp3'>Spel p\u00e5 taggtr\u00e5d<\/a><\/li><li><a href='https:\/\/litteraturbanken.se\/ljudochbild\/wp-content\/uploads\/2022\/11\/gullberg_tillennaktergal_ekblad.mp3'>Till en n\u00e4ktergal i Malm\u00f6<\/a><\/li>\t<\/ol>\n\t<\/noscript>\n\t<script type=\"application\/json\" class=\"wp-playlist-script\">{\"type\":\"audio\",\"tracklist\":true,\"tracknumbers\":true,\"images\":true,\"artists\":true,\"tracks\":[{\"src\":\"https:\/\/litteraturbanken.se\/ljudochbild\/wp-content\/uploads\/2022\/11\/gullberg_detresersigetttorn_ekblad.mp3\",\"type\":\"audio\/mpeg\",\"title\":\"Det reser sig ett torn\",\"caption\":\"\",\"description\":\"\\u201dDet reser sig ett torn\\u201d fr\\u00e5n Hjalmar Gullberg av Stina Ekblad l\\u00e4ser dikter. Sl\\u00e4ppt: 2022.\",\"meta\":{\"artist\":\"Stina Ekblad l\\u00e4ser Hjalmar Gullberg\",\"album\":\"Hjalmar Gullberg\",\"year\":\"2022\",\"length_formatted\":\"1:38\"},\"image\":{\"src\":\"https:\/\/litteraturbanken.se\/ljudochbild\/wp-content\/uploads\/2019\/09\/wide_gub_wide-mp3-image.png\",\"width\":580,\"height\":612},\"thumb\":{\"src\":\"https:\/\/litteraturbanken.se\/ljudochbild\/wp-content\/uploads\/2019\/09\/wide_gub_wide-mp3-image-150x150.png\",\"width\":150,\"height\":150}},{\"src\":\"https:\/\/litteraturbanken.se\/ljudochbild\/wp-content\/uploads\/2019\/09\/gullberg_dodamazon_mossaed.mp3\",\"type\":\"audio\/mpeg\",\"title\":\"D\\u00f6d amazon\",\"caption\":\"\",\"description\":\"\\\"D\\u00f6d amazon\\\" fr\\u00e5n Jila Mossaed l\\u00e4ser svenska klassiker av Gullberg, Hjalmar. Sl\\u00e4ppt: 2019. Sp\\u00e5r 11 av 22.\",\"meta\":{\"artist\":\"Jila Mossaed l\\u00e4ser Hjalmar Gullberg\",\"album\":\"Hjalmar Gullberg\",\"year\":\"2019\",\"length_formatted\":\"1:38\"},\"image\":{\"src\":\"https:\/\/litteraturbanken.se\/ljudochbild\/wp-content\/plugins\/media-library-assistant\/images\/crystal\/audio.png\",\"width\":48,\"height\":64},\"thumb\":{\"src\":\"https:\/\/litteraturbanken.se\/ljudochbild\/wp-content\/plugins\/media-library-assistant\/images\/crystal\/audio.png\",\"width\":48,\"height\":64}},{\"src\":\"https:\/\/litteraturbanken.se\/ljudochbild\/wp-content\/uploads\/2022\/11\/gullberg_gudsordbarickebojor_ekblad.mp3\",\"type\":\"audio\/mpeg\",\"title\":\"Guds ord b\\u00e4r icke bojor\",\"caption\":\"\",\"description\":\"\\u201dGuds ord b\\u00e4r icke bojor\\u201d fr\\u00e5n Hjalmar Gullberg av Stina Ekblad l\\u00e4ser dikter. Sl\\u00e4ppt: 2022.\",\"meta\":{\"artist\":\"Stina Ekblad l\\u00e4ser Hjalmar Gullberg\",\"album\":\"Hjalmar Gullberg\",\"year\":\"2022\",\"length_formatted\":\"3:23\"},\"image\":{\"src\":\"https:\/\/litteraturbanken.se\/ljudochbild\/wp-content\/uploads\/2019\/09\/wide_gub_wide-mp3-image.png\",\"width\":580,\"height\":612},\"thumb\":{\"src\":\"https:\/\/litteraturbanken.se\/ljudochbild\/wp-content\/uploads\/2019\/09\/wide_gub_wide-mp3-image-150x150.png\",\"width\":150,\"height\":150}},{\"src\":\"https:\/\/litteraturbanken.se\/ljudochbild\/wp-content\/uploads\/2022\/11\/gullberg_hanlevdekortochlevdesallan_ekblad.mp3\",\"type\":\"audio\/mpeg\",\"title\":\"Han levde kort och levde s\\u00e4llan\",\"caption\":\"\",\"description\":\"\\u201dHan levde kort och levde s\\u00e4llan\\u201d fr\\u00e5n Hjalmar Gullberg av Stina Ekblad l\\u00e4ser dikter. Sl\\u00e4ppt: 2022.\",\"meta\":{\"artist\":\"Stina Ekblad l\\u00e4ser Hjalmar Gullberg\",\"album\":\"Hjalmar Gullberg\",\"year\":\"2022\",\"length_formatted\":\"1:31\"},\"image\":{\"src\":\"https:\/\/litteraturbanken.se\/ljudochbild\/wp-content\/uploads\/2019\/09\/wide_gub_wide-mp3-image.png\",\"width\":580,\"height\":612},\"thumb\":{\"src\":\"https:\/\/litteraturbanken.se\/ljudochbild\/wp-content\/uploads\/2019\/09\/wide_gub_wide-mp3-image-150x150.png\",\"width\":150,\"height\":150}},{\"src\":\"https:\/\/litteraturbanken.se\/ljudochbild\/wp-content\/uploads\/2022\/11\/gullberg_spelpataggtrad_ekblad.mp3\",\"type\":\"audio\/mpeg\",\"title\":\"Spel p\\u00e5 taggtr\\u00e5d\",\"caption\":\"\",\"description\":\"\\u201dSpel p\\u00e5 taggtr\\u00e5d\\u201d fr\\u00e5n Hjalmar Gullberg av Stina Ekblad l\\u00e4ser dikter. Sl\\u00e4ppt: 2022.\",\"meta\":{\"artist\":\"Stina Ekblad l\\u00e4ser Hjalmar Gullberg\",\"album\":\"Hjalmar Gullberg\",\"year\":\"2022\",\"length_formatted\":\"2:50\"},\"image\":{\"src\":\"https:\/\/litteraturbanken.se\/ljudochbild\/wp-content\/uploads\/2019\/09\/wide_gub_wide-mp3-image.png\",\"width\":580,\"height\":612},\"thumb\":{\"src\":\"https:\/\/litteraturbanken.se\/ljudochbild\/wp-content\/uploads\/2019\/09\/wide_gub_wide-mp3-image-150x150.png\",\"width\":150,\"height\":150}},{\"src\":\"https:\/\/litteraturbanken.se\/ljudochbild\/wp-content\/uploads\/2022\/11\/gullberg_tillennaktergal_ekblad.mp3\",\"type\":\"audio\/mpeg\",\"title\":\"Till en n\\u00e4ktergal i Malm\\u00f6\",\"caption\":\"\",\"description\":\"\\u201dTill en n\\u00e4ktergal i Malm\\u00f6\\u201d fr\\u00e5n Hjalmar Gullberg av Stina Ekblad l\\u00e4ser dikter. Sl\\u00e4ppt: 2022.\",\"meta\":{\"artist\":\"Stina Ekblad l\\u00e4ser Hjalmar Gullberg\",\"album\":\"Hjalmar Gullberg\",\"year\":\"2022\",\"length_formatted\":\"3:28\"},\"image\":{\"src\":\"https:\/\/litteraturbanken.se\/ljudochbild\/wp-content\/uploads\/2019\/09\/wide_gub_wide-mp3-image.png\",\"width\":580,\"height\":612},\"thumb\":{\"src\":\"https:\/\/litteraturbanken.se\/ljudochbild\/wp-content\/uploads\/2019\/09\/wide_gub_wide-mp3-image-150x150.png\",\"width\":150,\"height\":150}}]}<\/script>\n<\/div>\n\t\n\n\n\n<hr>\n\n\n\n<p><em>Fotografiet av Hjalmar Bergman har vi l\u00e5nat fr\u00e5n Barbro Alvings bok <a href=\"http:\/\/LB.se\/f\/AlvingB\/t\/Profiler\/sida\/89\/etext\" target=\"_blank\" rel=\"noreferrer noopener\">Profiler<\/a> (1983)<\/em>.<\/p>\n\n\n<h3 class=\"wp-block-heading author-related-title\">L\u00e4s mer<\/h3>\r\n<div class=\"display-posts-listing grid\"><div class=\"listing-item\"><a class=\"image\" href=\"https:\/\/litteraturbanken.se\/ljudochbild\/2022\/02\/01\/elin-wagner-om-varen\/\"><img loading=\"lazy\" decoding=\"async\" width=\"640\" height=\"803\" src=\"https:\/\/litteraturbanken.se\/ljudochbild\/wp-content\/uploads\/2022\/01\/wagner_SA2-816x1024.jpg\" class=\"attachment-large size-large wp-post-image\" alt=\"Elin W\u00e4gner\" srcset=\"https:\/\/litteraturbanken.se\/ljudochbild\/wp-content\/uploads\/2022\/01\/wagner_SA2-816x1024.jpg 816w, https:\/\/litteraturbanken.se\/ljudochbild\/wp-content\/uploads\/2022\/01\/wagner_SA2-239x300.jpg 239w, https:\/\/litteraturbanken.se\/ljudochbild\/wp-content\/uploads\/2022\/01\/wagner_SA2-768x964.jpg 768w, https:\/\/litteraturbanken.se\/ljudochbild\/wp-content\/uploads\/2022\/01\/wagner_SA2-480x602.jpg 480w, https:\/\/litteraturbanken.se\/ljudochbild\/wp-content\/uploads\/2022\/01\/wagner_SA2.jpg 1200w\" sizes=\"auto, (max-width: 640px) 100vw, 640px\" \/><\/a> <a class=\"title\" href=\"https:\/\/litteraturbanken.se\/ljudochbild\/2022\/02\/01\/elin-wagner-om-varen\/\">Om v\u00e5ren i Sm\u00e5land<\/a><\/div><div class=\"listing-item\"><a class=\"image\" href=\"https:\/\/litteraturbanken.se\/ljudochbild\/2022\/11\/28\/stina-ekblad-vinterns-rost\/\"><img loading=\"lazy\" decoding=\"async\" width=\"640\" height=\"820\" src=\"https:\/\/litteraturbanken.se\/ljudochbild\/wp-content\/uploads\/2022\/11\/fjaestad_vinternsrost-799x1024.jpg\" class=\"attachment-large size-large wp-post-image\" alt=\"Vinter, Gustaf Fj\u00e6stad\" srcset=\"https:\/\/litteraturbanken.se\/ljudochbild\/wp-content\/uploads\/2022\/11\/fjaestad_vinternsrost-799x1024.jpg 799w, https:\/\/litteraturbanken.se\/ljudochbild\/wp-content\/uploads\/2022\/11\/fjaestad_vinternsrost-234x300.jpg 234w, https:\/\/litteraturbanken.se\/ljudochbild\/wp-content\/uploads\/2022\/11\/fjaestad_vinternsrost-768x984.jpg 768w, https:\/\/litteraturbanken.se\/ljudochbild\/wp-content\/uploads\/2022\/11\/fjaestad_vinternsrost-1198x1536.jpg 1198w, https:\/\/litteraturbanken.se\/ljudochbild\/wp-content\/uploads\/2022\/11\/fjaestad_vinternsrost-480x615.jpg 480w, https:\/\/litteraturbanken.se\/ljudochbild\/wp-content\/uploads\/2022\/11\/fjaestad_vinternsrost.jpg 1200w\" sizes=\"auto, (max-width: 640px) 100vw, 640px\" \/><\/a> <a class=\"title\" href=\"https:\/\/litteraturbanken.se\/ljudochbild\/2022\/11\/28\/stina-ekblad-vinterns-rost\/\">Vinterns r\u00f6st: Stina Ekblad<\/a><\/div><\/div>\r\n\r\n\n","protected":false},"excerpt":{"rendered":"<p>\u201dHjalmar Gullberg sv\u00e4r sig fri fr\u00e5n estetiska syften med sin diktning. Diktarens uppgift \u00e4r enligt hans mening att skala bort allt ov\u00e4sentligt, rycka bort de tillf\u00e4lliga masker som heta parti och samfundsbeteckningar, g\u00e5 fram personligt och aggressivt. En [&hellip;]<\/p>\n","protected":false},"author":1,"featured_media":7989,"parent":7,"menu_order":0,"comment_status":"closed","ping_status":"closed","template":"","meta":{"footnotes":""},"class_list":["post-1464","page","type-page","status-publish","has-post-thumbnail","hentry"],"yoast_head":"<!-- This site is optimized with the Yoast SEO plugin v27.1.1 - https:\/\/yoast.com\/product\/yoast-seo-wordpress\/ -->\n<title>Hjalmar Gullberg (1898\u20131961) - Ljud &amp; Bild<\/title>\n<meta name=\"robots\" content=\"index, follow, max-snippet:-1, max-image-preview:large, max-video-preview:-1\" \/>\n<link rel=\"canonical\" href=\"https:\/\/litteraturbanken.se\/ljudochbild\/forfattare\/gullberghj\/\" \/>\n<meta property=\"og:locale\" content=\"sv_SE\" \/>\n<meta property=\"og:type\" content=\"article\" \/>\n<meta property=\"og:title\" content=\"Hjalmar Gullberg (1898\u20131961) - Ljud &amp; Bild\" \/>\n<meta property=\"og:description\" content=\"\u201dHjalmar Gullberg sv\u00e4r sig fri fr\u00e5n estetiska syften med sin diktning. Diktarens uppgift \u00e4r enligt hans mening att skala bort allt ov\u00e4sentligt, rycka bort de tillf\u00e4lliga masker som heta parti och samfundsbeteckningar, g\u00e5 fram personligt och aggressivt. En [&hellip;]\" \/>\n<meta property=\"og:url\" content=\"https:\/\/litteraturbanken.se\/ljudochbild\/forfattare\/gullberghj\/\" \/>\n<meta property=\"og:site_name\" content=\"Ljud &amp; Bild\" \/>\n<meta property=\"article:publisher\" content=\"https:\/\/www.facebook.com\/Litteraturbanken.se\" \/>\n<meta property=\"article:modified_time\" content=\"2024-09-16T13:37:52+00:00\" \/>\n<meta property=\"og:image\" content=\"https:\/\/litteraturbanken.se\/ljudochbild\/wp-content\/uploads\/2022\/11\/hjalmar_gullberg.jpg\" \/>\n\t<meta property=\"og:image:width\" content=\"1200\" \/>\n\t<meta property=\"og:image:height\" content=\"1697\" \/>\n\t<meta property=\"og:image:type\" content=\"image\/jpeg\" \/>\n<meta name=\"twitter:card\" content=\"summary_large_image\" \/>\n<meta name=\"twitter:site\" content=\"@litteraturbank\" \/>\n<meta name=\"twitter:label1\" content=\"Ber\u00e4knad l\u00e4stid\" \/>\n\t<meta name=\"twitter:data1\" content=\"2 minuter\" \/>\n<script type=\"application\/ld+json\" class=\"yoast-schema-graph\">{\"@context\":\"https:\/\/schema.org\",\"@graph\":[{\"@type\":\"WebPage\",\"@id\":\"https:\/\/litteraturbanken.se\/ljudochbild\/forfattare\/gullberghj\/\",\"url\":\"https:\/\/litteraturbanken.se\/ljudochbild\/forfattare\/gullberghj\/\",\"name\":\"Hjalmar Gullberg (1898\u20131961) - Ljud &amp; Bild\",\"isPartOf\":{\"@id\":\"https:\/\/litteraturbanken.se\/ljudochbild\/#website\"},\"primaryImageOfPage\":{\"@id\":\"https:\/\/litteraturbanken.se\/ljudochbild\/forfattare\/gullberghj\/#primaryimage\"},\"image\":{\"@id\":\"https:\/\/litteraturbanken.se\/ljudochbild\/forfattare\/gullberghj\/#primaryimage\"},\"thumbnailUrl\":\"https:\/\/litteraturbanken.se\/ljudochbild\/wp-content\/uploads\/2022\/11\/hjalmar_gullberg.jpg\",\"datePublished\":\"2019-09-05T10:19:50+00:00\",\"dateModified\":\"2024-09-16T13:37:52+00:00\",\"breadcrumb\":{\"@id\":\"https:\/\/litteraturbanken.se\/ljudochbild\/forfattare\/gullberghj\/#breadcrumb\"},\"inLanguage\":\"sv-SE\",\"potentialAction\":[{\"@type\":\"ReadAction\",\"target\":[\"https:\/\/litteraturbanken.se\/ljudochbild\/forfattare\/gullberghj\/\"]}]},{\"@type\":\"ImageObject\",\"inLanguage\":\"sv-SE\",\"@id\":\"https:\/\/litteraturbanken.se\/ljudochbild\/forfattare\/gullberghj\/#primaryimage\",\"url\":\"https:\/\/litteraturbanken.se\/ljudochbild\/wp-content\/uploads\/2022\/11\/hjalmar_gullberg.jpg\",\"contentUrl\":\"https:\/\/litteraturbanken.se\/ljudochbild\/wp-content\/uploads\/2022\/11\/hjalmar_gullberg.jpg\",\"width\":1200,\"height\":1697,\"caption\":\"Hjalmar Gullberg\"},{\"@type\":\"BreadcrumbList\",\"@id\":\"https:\/\/litteraturbanken.se\/ljudochbild\/forfattare\/gullberghj\/#breadcrumb\",\"itemListElement\":[{\"@type\":\"ListItem\",\"position\":1,\"name\":\"Hem\",\"item\":\"https:\/\/litteraturbanken.se\/ljudochbild\/\"},{\"@type\":\"ListItem\",\"position\":2,\"name\":\"F\u00f6rfattare\",\"item\":\"https:\/\/litteraturbanken.se\/ljudochbild\/forfattare\/\"},{\"@type\":\"ListItem\",\"position\":3,\"name\":\"Hjalmar Gullberg (1898\u20131961)\"}]},{\"@type\":\"WebSite\",\"@id\":\"https:\/\/litteraturbanken.se\/ljudochbild\/#website\",\"url\":\"https:\/\/litteraturbanken.se\/ljudochbild\/\",\"name\":\"Ljud & Bild\",\"description\":\"Ur Litteraturbankens samlingar\",\"potentialAction\":[{\"@type\":\"SearchAction\",\"target\":{\"@type\":\"EntryPoint\",\"urlTemplate\":\"https:\/\/litteraturbanken.se\/ljudochbild\/?s={search_term_string}\"},\"query-input\":{\"@type\":\"PropertyValueSpecification\",\"valueRequired\":true,\"valueName\":\"search_term_string\"}}],\"inLanguage\":\"sv-SE\"}]}<\/script>\n<!-- \/ Yoast SEO plugin. -->","yoast_head_json":{"title":"Hjalmar Gullberg (1898\u20131961) - Ljud &amp; Bild","robots":{"index":"index","follow":"follow","max-snippet":"max-snippet:-1","max-image-preview":"max-image-preview:large","max-video-preview":"max-video-preview:-1"},"canonical":"https:\/\/litteraturbanken.se\/ljudochbild\/forfattare\/gullberghj\/","og_locale":"sv_SE","og_type":"article","og_title":"Hjalmar Gullberg (1898\u20131961) - Ljud &amp; Bild","og_description":"\u201dHjalmar Gullberg sv\u00e4r sig fri fr\u00e5n estetiska syften med sin diktning. Diktarens uppgift \u00e4r enligt hans mening att skala bort allt ov\u00e4sentligt, rycka bort de tillf\u00e4lliga masker som heta parti och samfundsbeteckningar, g\u00e5 fram personligt och aggressivt. En [&hellip;]","og_url":"https:\/\/litteraturbanken.se\/ljudochbild\/forfattare\/gullberghj\/","og_site_name":"Ljud &amp; Bild","article_publisher":"https:\/\/www.facebook.com\/Litteraturbanken.se","article_modified_time":"2024-09-16T13:37:52+00:00","og_image":[{"width":1200,"height":1697,"url":"https:\/\/litteraturbanken.se\/ljudochbild\/wp-content\/uploads\/2022\/11\/hjalmar_gullberg.jpg","type":"image\/jpeg"}],"twitter_card":"summary_large_image","twitter_site":"@litteraturbank","twitter_misc":{"Ber\u00e4knad l\u00e4stid":"2 minuter"},"schema":{"@context":"https:\/\/schema.org","@graph":[{"@type":"WebPage","@id":"https:\/\/litteraturbanken.se\/ljudochbild\/forfattare\/gullberghj\/","url":"https:\/\/litteraturbanken.se\/ljudochbild\/forfattare\/gullberghj\/","name":"Hjalmar Gullberg (1898\u20131961) - Ljud &amp; Bild","isPartOf":{"@id":"https:\/\/litteraturbanken.se\/ljudochbild\/#website"},"primaryImageOfPage":{"@id":"https:\/\/litteraturbanken.se\/ljudochbild\/forfattare\/gullberghj\/#primaryimage"},"image":{"@id":"https:\/\/litteraturbanken.se\/ljudochbild\/forfattare\/gullberghj\/#primaryimage"},"thumbnailUrl":"https:\/\/litteraturbanken.se\/ljudochbild\/wp-content\/uploads\/2022\/11\/hjalmar_gullberg.jpg","datePublished":"2019-09-05T10:19:50+00:00","dateModified":"2024-09-16T13:37:52+00:00","breadcrumb":{"@id":"https:\/\/litteraturbanken.se\/ljudochbild\/forfattare\/gullberghj\/#breadcrumb"},"inLanguage":"sv-SE","potentialAction":[{"@type":"ReadAction","target":["https:\/\/litteraturbanken.se\/ljudochbild\/forfattare\/gullberghj\/"]}]},{"@type":"ImageObject","inLanguage":"sv-SE","@id":"https:\/\/litteraturbanken.se\/ljudochbild\/forfattare\/gullberghj\/#primaryimage","url":"https:\/\/litteraturbanken.se\/ljudochbild\/wp-content\/uploads\/2022\/11\/hjalmar_gullberg.jpg","contentUrl":"https:\/\/litteraturbanken.se\/ljudochbild\/wp-content\/uploads\/2022\/11\/hjalmar_gullberg.jpg","width":1200,"height":1697,"caption":"Hjalmar Gullberg"},{"@type":"BreadcrumbList","@id":"https:\/\/litteraturbanken.se\/ljudochbild\/forfattare\/gullberghj\/#breadcrumb","itemListElement":[{"@type":"ListItem","position":1,"name":"Hem","item":"https:\/\/litteraturbanken.se\/ljudochbild\/"},{"@type":"ListItem","position":2,"name":"F\u00f6rfattare","item":"https:\/\/litteraturbanken.se\/ljudochbild\/forfattare\/"},{"@type":"ListItem","position":3,"name":"Hjalmar Gullberg (1898\u20131961)"}]},{"@type":"WebSite","@id":"https:\/\/litteraturbanken.se\/ljudochbild\/#website","url":"https:\/\/litteraturbanken.se\/ljudochbild\/","name":"Ljud & Bild","description":"Ur Litteraturbankens samlingar","potentialAction":[{"@type":"SearchAction","target":{"@type":"EntryPoint","urlTemplate":"https:\/\/litteraturbanken.se\/ljudochbild\/?s={search_term_string}"},"query-input":{"@type":"PropertyValueSpecification","valueRequired":true,"valueName":"search_term_string"}}],"inLanguage":"sv-SE"}]}},"_links":{"self":[{"href":"https:\/\/litteraturbanken.se\/ljudochbild\/wp-json\/wp\/v2\/pages\/1464","targetHints":{"allow":["GET"]}}],"collection":[{"href":"https:\/\/litteraturbanken.se\/ljudochbild\/wp-json\/wp\/v2\/pages"}],"about":[{"href":"https:\/\/litteraturbanken.se\/ljudochbild\/wp-json\/wp\/v2\/types\/page"}],"author":[{"embeddable":true,"href":"https:\/\/litteraturbanken.se\/ljudochbild\/wp-json\/wp\/v2\/users\/1"}],"replies":[{"embeddable":true,"href":"https:\/\/litteraturbanken.se\/ljudochbild\/wp-json\/wp\/v2\/comments?post=1464"}],"version-history":[{"count":6,"href":"https:\/\/litteraturbanken.se\/ljudochbild\/wp-json\/wp\/v2\/pages\/1464\/revisions"}],"predecessor-version":[{"id":12100,"href":"https:\/\/litteraturbanken.se\/ljudochbild\/wp-json\/wp\/v2\/pages\/1464\/revisions\/12100"}],"up":[{"embeddable":true,"href":"https:\/\/litteraturbanken.se\/ljudochbild\/wp-json\/wp\/v2\/pages\/7"}],"wp:featuredmedia":[{"embeddable":true,"href":"https:\/\/litteraturbanken.se\/ljudochbild\/wp-json\/wp\/v2\/media\/7989"}],"wp:attachment":[{"href":"https:\/\/litteraturbanken.se\/ljudochbild\/wp-json\/wp\/v2\/media?parent=1464"}],"curies":[{"name":"wp","href":"https:\/\/api.w.org\/{rel}","templated":true}]}}