{"id":3340,"date":"2020-02-16T13:18:47","date_gmt":"2020-02-16T12:18:47","guid":{"rendered":"https:\/\/litteraturbanken.se\/ljudochbild\/?page_id=3340"},"modified":"2024-09-17T10:44:24","modified_gmt":"2024-09-17T08:44:24","slug":"mallingm","status":"publish","type":"page","link":"https:\/\/litteraturbanken.se\/ljudochbild\/forfattare\/mallingm\/","title":{"rendered":"Mathilda Malling (1864\u20131942)"},"content":{"rendered":"<div class=\"wp-block-image\">\n<figure class=\"alignright size-medium\"><img loading=\"lazy\" decoding=\"async\" width=\"200\" height=\"300\" src=\"https:\/\/litteraturbanken.se\/ljudochbild\/wp-content\/uploads\/2020\/02\/malling-200x300.jpg\" alt=\"\" class=\"wp-image-3341\" srcset=\"https:\/\/litteraturbanken.se\/ljudochbild\/wp-content\/uploads\/2020\/02\/malling-200x300.jpg 200w, https:\/\/litteraturbanken.se\/ljudochbild\/wp-content\/uploads\/2020\/02\/malling.jpg 456w\" sizes=\"auto, (max-width: 200px) 100vw, 200px\" \/><\/figure>\n<\/div>\n\n\n<p>\u201dMATHILDA MALLING (1864\u20131942, f. Kruse) v\u00e4xte upp p\u00e5 den sk\u00e5nska landsbygden p\u00e5 Oscarsfarm i S\u00f6sdala, men fick tidigt ta del av andra milj\u00f6er. Efter gymnasietiden, som tillbringats i Stockholm, reste Mathilda Kruse med sin syster till Schweiz. Denna sommar blir betydelsefull f\u00f6r den unga Kleve som nu kommer i kontakt med nyare dansk och fransk litteratur. Verk av Herman Bang, J.P. Jacobsen, Baudelaire, Flaubert och br\u00f6derna Goncourt inspirerar Kruse att skriva n\u00e5got eget i samma anda, vilket hon ocks\u00e5 g\u00f6r, under pseudonymen Stella Kleve. Novellen om Berta Funcke, som s\u00e5 sm\u00e5ningom blir en roman, \u00e4r starkt pr\u00e4glad av de studerade f\u00f6rfattarnas verk. P\u00e5 v\u00e4g hem fr\u00e5n Schweiz tar Kruse tillf\u00e4llet att i K\u00f6penhamn presentera sin nyskrivna novell f\u00f6r Herman Bang, som inom kort \u00f6vers\u00e4tter manuskriptet till danska med titeln \u201dFlirtations\u201d. Novellen f\u00e5r positivt mottagande, vilket leder till att den snart omarbetas och ges ut i romanform i Sverige som\u00a0<a href=\"\/forfattare\/MallingM\/titlar\/BertaFuncke\/sida\/I\/etext\"><em>Berta Funcke<\/em><\/a>\u00a0(1885). Den svenska kritiken \u00e4r dock h\u00e5rdare, och romanen anses vara ett alster n\u00e4rt av en sjuklig fantasi.\u201d<\/p>\n\n\n\n<p>Stycket ovanf\u00f6r kommer ur Cecilia Carlanders introduktion av Mathilda Malling hos Litteraturbanken.<\/p>\n\n\n\n<div class=\"wp-block-buttons is-layout-flex wp-block-buttons-is-layout-flex\">\n<div class=\"wp-block-button has-custom-font-size read-more-button\" style=\"font-size:14px\"><a class=\"wp-block-button__link has-white-color has-text-color has-background wp-element-button\" href=\"https:\/\/litteraturbanken.se\/f%C3%B6rfattare\/MallingM\" style=\"border-radius:0px;background-color:#cd2400\" target=\"_blank\" rel=\"noopener\"><strong>L\u00c4S MER OM MATHILDA MALLING<\/strong><\/a><\/div>\n\n\n\n<div class=\"wp-block-button has-custom-font-size read-more-button\" style=\"font-size:14px\"><a class=\"wp-block-button__link has-white-color has-text-color has-background wp-element-button\" href=\"https:\/\/litteraturbanken.se\/f%C3%B6rfattare\/MallingM\/titlar\" style=\"border-radius:0px;background-color:#cd2400\" target=\"_blank\" rel=\"noopener\"><strong>L\u00c4S MATHILDA MALLINGS VERK HOS LB.SE<\/strong><\/a><\/div>\n<\/div>\n\n\n\n<div style=\"height:20px\" aria-hidden=\"true\" class=\"wp-block-spacer\"><\/div>\n\n\n\n<div class=\"wp-playlist wp-audio-playlist wp-playlist-light\">\n\t\t\t<div class=\"wp-playlist-current-item\"><\/div>\n\t\t<audio controls=\"controls\" preload=\"none\" width=\"618\"\n\t\t\t><\/audio>\n\t<div class=\"wp-playlist-next\"><\/div>\n\t<div class=\"wp-playlist-prev\"><\/div>\n\t<noscript>\n\t<ol>\n\t\t<li><a href='https:\/\/litteraturbanken.se\/ljudochbild\/wp-content\/uploads\/2020\/02\/kleve_pyrrhussegrar_elam.mp3'>Pyrrhussegrar<\/a><\/li>\t<\/ol>\n\t<\/noscript>\n\t<script type=\"application\/json\" class=\"wp-playlist-script\">{\"type\":\"audio\",\"tracklist\":true,\"tracknumbers\":true,\"images\":true,\"artists\":true,\"tracks\":[{\"src\":\"https:\/\/litteraturbanken.se\/ljudochbild\/wp-content\/uploads\/2020\/02\/kleve_pyrrhussegrar_elam.mp3\",\"type\":\"audio\/mpeg\",\"title\":\"Pyrrhussegrar\",\"caption\":\"\",\"description\":\"\\\"Pyrrhussegrar\\\" fr\\u00e5n Ingrid Elam l\\u00e4ser svenska noveller av Kleve, Stella. Sl\\u00e4ppt: 2020. Sp\\u00e5r 7.\",\"meta\":{\"artist\":\"Ingrid Elam l\\u00e4ser Mathilda Malling\",\"album\":\"Mathilda Malling\",\"year\":\"2020\",\"length_formatted\":\"19:54\"},\"image\":{\"src\":\"https:\/\/litteraturbanken.se\/ljudochbild\/wp-content\/uploads\/2019\/09\/wide_gub_wide-mp3-image.png\",\"width\":580,\"height\":612},\"thumb\":{\"src\":\"https:\/\/litteraturbanken.se\/ljudochbild\/wp-content\/uploads\/2019\/09\/wide_gub_wide-mp3-image-150x150.png\",\"width\":150,\"height\":150}}]}<\/script>\n<\/div>\n\t\n\n\n<h3 class=\"wp-block-heading author-related-title\">L\u00e4s mer<\/h3>\r\n<div class=\"display-posts-listing grid\"><div class=\"listing-item\"><a class=\"image\" href=\"https:\/\/litteraturbanken.se\/ljudochbild\/2020\/02\/20\/tretton-noveller\/\"><img loading=\"lazy\" decoding=\"async\" width=\"640\" height=\"854\" src=\"https:\/\/litteraturbanken.se\/ljudochbild\/wp-content\/uploads\/2020\/02\/novellantologi-767x1024.jpg\" class=\"attachment-large size-large wp-post-image\" alt=\"\" srcset=\"https:\/\/litteraturbanken.se\/ljudochbild\/wp-content\/uploads\/2020\/02\/novellantologi-767x1024.jpg 767w, https:\/\/litteraturbanken.se\/ljudochbild\/wp-content\/uploads\/2020\/02\/novellantologi-225x300.jpg 225w, https:\/\/litteraturbanken.se\/ljudochbild\/wp-content\/uploads\/2020\/02\/novellantologi-768x1026.jpg 768w, https:\/\/litteraturbanken.se\/ljudochbild\/wp-content\/uploads\/2020\/02\/novellantologi-480x641.jpg 480w, https:\/\/litteraturbanken.se\/ljudochbild\/wp-content\/uploads\/2020\/02\/novellantologi.jpg 900w\" sizes=\"auto, (max-width: 640px) 100vw, 640px\" \/><\/a> <a class=\"title\" href=\"https:\/\/litteraturbanken.se\/ljudochbild\/2020\/02\/20\/tretton-noveller\/\">Tretton noveller<\/a><\/div><div class=\"listing-item\"><a class=\"image\" href=\"https:\/\/litteraturbanken.se\/ljudochbild\/2021\/06\/27\/mickwitz-messling\/\"><img loading=\"lazy\" decoding=\"async\" width=\"640\" height=\"986\" src=\"https:\/\/litteraturbanken.se\/ljudochbild\/wp-content\/uploads\/2021\/06\/gerdavonmickwitz_lila-665x1024.jpg\" class=\"attachment-large size-large wp-post-image\" alt=\"Gerda von Mickwitz\" srcset=\"https:\/\/litteraturbanken.se\/ljudochbild\/wp-content\/uploads\/2021\/06\/gerdavonmickwitz_lila-665x1024.jpg 665w, https:\/\/litteraturbanken.se\/ljudochbild\/wp-content\/uploads\/2021\/06\/gerdavonmickwitz_lila-195x300.jpg 195w, https:\/\/litteraturbanken.se\/ljudochbild\/wp-content\/uploads\/2021\/06\/gerdavonmickwitz_lila-768x1182.jpg 768w, https:\/\/litteraturbanken.se\/ljudochbild\/wp-content\/uploads\/2021\/06\/gerdavonmickwitz_lila-998x1536.jpg 998w, https:\/\/litteraturbanken.se\/ljudochbild\/wp-content\/uploads\/2021\/06\/gerdavonmickwitz_lila-480x739.jpg 480w, https:\/\/litteraturbanken.se\/ljudochbild\/wp-content\/uploads\/2021\/06\/gerdavonmickwitz_lila.jpg 1000w\" sizes=\"auto, (max-width: 640px) 100vw, 640px\" \/><\/a> <a class=\"title\" href=\"https:\/\/litteraturbanken.se\/ljudochbild\/2021\/06\/27\/mickwitz-messling\/\">Sedlighetsdebatten: ett utsnitt<\/a><\/div><div class=\"listing-item\"><a class=\"image\" href=\"https:\/\/litteraturbanken.se\/ljudochbild\/2021\/10\/28\/alfhild-agrell-portrattbilder\/\"><img loading=\"lazy\" decoding=\"async\" width=\"640\" height=\"947\" src=\"https:\/\/litteraturbanken.se\/ljudochbild\/wp-content\/uploads\/2021\/10\/agrell_kollage1-692x1024.jpg\" class=\"attachment-large size-large wp-post-image\" alt=\"Alfhild Agrell, kollage\" srcset=\"https:\/\/litteraturbanken.se\/ljudochbild\/wp-content\/uploads\/2021\/10\/agrell_kollage1-692x1024.jpg 692w, https:\/\/litteraturbanken.se\/ljudochbild\/wp-content\/uploads\/2021\/10\/agrell_kollage1-203x300.jpg 203w, https:\/\/litteraturbanken.se\/ljudochbild\/wp-content\/uploads\/2021\/10\/agrell_kollage1-768x1137.jpg 768w, https:\/\/litteraturbanken.se\/ljudochbild\/wp-content\/uploads\/2021\/10\/agrell_kollage1-1037x1536.jpg 1037w, https:\/\/litteraturbanken.se\/ljudochbild\/wp-content\/uploads\/2021\/10\/agrell_kollage1-480x711.jpg 480w, https:\/\/litteraturbanken.se\/ljudochbild\/wp-content\/uploads\/2021\/10\/agrell_kollage1.jpg 1200w\" sizes=\"auto, (max-width: 640px) 100vw, 640px\" \/><\/a> <a class=\"title\" href=\"https:\/\/litteraturbanken.se\/ljudochbild\/2021\/10\/28\/alfhild-agrell-portrattbilder\/\">Alfhild Agrells portr\u00e4tt<\/a><\/div><\/div>\r\n\r\n\n","protected":false},"excerpt":{"rendered":"<p>\u201dMATHILDA MALLING (1864\u20131942, f. Kruse) v\u00e4xte upp p\u00e5 den sk\u00e5nska landsbygden p\u00e5 Oscarsfarm i S\u00f6sdala, men fick tidigt ta del av andra milj\u00f6er. Efter gymnasietiden, som tillbringats i Stockholm, reste Mathilda Kruse med sin syster till Schweiz. Denna [&hellip;]<\/p>\n","protected":false},"author":1,"featured_media":3341,"parent":7,"menu_order":0,"comment_status":"closed","ping_status":"closed","template":"","meta":{"footnotes":""},"class_list":["post-3340","page","type-page","status-publish","has-post-thumbnail","hentry"],"yoast_head":"<!-- This site is optimized with the Yoast SEO plugin v27.1.1 - https:\/\/yoast.com\/product\/yoast-seo-wordpress\/ -->\n<title>Mathilda Malling (1864\u20131942) - Ljud &amp; Bild<\/title>\n<meta name=\"robots\" content=\"index, follow, max-snippet:-1, max-image-preview:large, max-video-preview:-1\" \/>\n<link rel=\"canonical\" href=\"https:\/\/litteraturbanken.se\/ljudochbild\/forfattare\/mallingm\/\" \/>\n<meta property=\"og:locale\" content=\"sv_SE\" \/>\n<meta property=\"og:type\" content=\"article\" \/>\n<meta property=\"og:title\" content=\"Mathilda Malling (1864\u20131942) - Ljud &amp; Bild\" \/>\n<meta property=\"og:description\" content=\"\u201dMATHILDA MALLING (1864\u20131942, f. Kruse) v\u00e4xte upp p\u00e5 den sk\u00e5nska landsbygden p\u00e5 Oscarsfarm i S\u00f6sdala, men fick tidigt ta del av andra milj\u00f6er. Efter gymnasietiden, som tillbringats i Stockholm, reste Mathilda Kruse med sin syster till Schweiz. Denna [&hellip;]\" \/>\n<meta property=\"og:url\" content=\"https:\/\/litteraturbanken.se\/ljudochbild\/forfattare\/mallingm\/\" \/>\n<meta property=\"og:site_name\" content=\"Ljud &amp; Bild\" \/>\n<meta property=\"article:publisher\" content=\"https:\/\/www.facebook.com\/Litteraturbanken.se\" \/>\n<meta property=\"article:modified_time\" content=\"2024-09-17T08:44:24+00:00\" \/>\n<meta property=\"og:image\" content=\"https:\/\/litteraturbanken.se\/ljudochbild\/wp-content\/uploads\/2020\/02\/malling.jpg\" \/>\n\t<meta property=\"og:image:width\" content=\"456\" \/>\n\t<meta property=\"og:image:height\" content=\"684\" \/>\n\t<meta property=\"og:image:type\" content=\"image\/jpeg\" \/>\n<meta name=\"twitter:card\" content=\"summary_large_image\" \/>\n<meta name=\"twitter:site\" content=\"@litteraturbank\" \/>\n<meta name=\"twitter:label1\" content=\"Ber\u00e4knad l\u00e4stid\" \/>\n\t<meta name=\"twitter:data1\" content=\"2 minuter\" \/>\n<script type=\"application\/ld+json\" class=\"yoast-schema-graph\">{\"@context\":\"https:\/\/schema.org\",\"@graph\":[{\"@type\":\"WebPage\",\"@id\":\"https:\/\/litteraturbanken.se\/ljudochbild\/forfattare\/mallingm\/\",\"url\":\"https:\/\/litteraturbanken.se\/ljudochbild\/forfattare\/mallingm\/\",\"name\":\"Mathilda Malling (1864\u20131942) - Ljud &amp; Bild\",\"isPartOf\":{\"@id\":\"https:\/\/litteraturbanken.se\/ljudochbild\/#website\"},\"primaryImageOfPage\":{\"@id\":\"https:\/\/litteraturbanken.se\/ljudochbild\/forfattare\/mallingm\/#primaryimage\"},\"image\":{\"@id\":\"https:\/\/litteraturbanken.se\/ljudochbild\/forfattare\/mallingm\/#primaryimage\"},\"thumbnailUrl\":\"https:\/\/litteraturbanken.se\/ljudochbild\/wp-content\/uploads\/2020\/02\/malling.jpg\",\"datePublished\":\"2020-02-16T12:18:47+00:00\",\"dateModified\":\"2024-09-17T08:44:24+00:00\",\"breadcrumb\":{\"@id\":\"https:\/\/litteraturbanken.se\/ljudochbild\/forfattare\/mallingm\/#breadcrumb\"},\"inLanguage\":\"sv-SE\",\"potentialAction\":[{\"@type\":\"ReadAction\",\"target\":[\"https:\/\/litteraturbanken.se\/ljudochbild\/forfattare\/mallingm\/\"]}]},{\"@type\":\"ImageObject\",\"inLanguage\":\"sv-SE\",\"@id\":\"https:\/\/litteraturbanken.se\/ljudochbild\/forfattare\/mallingm\/#primaryimage\",\"url\":\"https:\/\/litteraturbanken.se\/ljudochbild\/wp-content\/uploads\/2020\/02\/malling.jpg\",\"contentUrl\":\"https:\/\/litteraturbanken.se\/ljudochbild\/wp-content\/uploads\/2020\/02\/malling.jpg\",\"width\":456,\"height\":684},{\"@type\":\"BreadcrumbList\",\"@id\":\"https:\/\/litteraturbanken.se\/ljudochbild\/forfattare\/mallingm\/#breadcrumb\",\"itemListElement\":[{\"@type\":\"ListItem\",\"position\":1,\"name\":\"Hem\",\"item\":\"https:\/\/litteraturbanken.se\/ljudochbild\/\"},{\"@type\":\"ListItem\",\"position\":2,\"name\":\"F\u00f6rfattare\",\"item\":\"https:\/\/litteraturbanken.se\/ljudochbild\/forfattare\/\"},{\"@type\":\"ListItem\",\"position\":3,\"name\":\"Mathilda Malling (1864\u20131942)\"}]},{\"@type\":\"WebSite\",\"@id\":\"https:\/\/litteraturbanken.se\/ljudochbild\/#website\",\"url\":\"https:\/\/litteraturbanken.se\/ljudochbild\/\",\"name\":\"Ljud & Bild\",\"description\":\"Ur Litteraturbankens samlingar\",\"potentialAction\":[{\"@type\":\"SearchAction\",\"target\":{\"@type\":\"EntryPoint\",\"urlTemplate\":\"https:\/\/litteraturbanken.se\/ljudochbild\/?s={search_term_string}\"},\"query-input\":{\"@type\":\"PropertyValueSpecification\",\"valueRequired\":true,\"valueName\":\"search_term_string\"}}],\"inLanguage\":\"sv-SE\"}]}<\/script>\n<!-- \/ Yoast SEO plugin. -->","yoast_head_json":{"title":"Mathilda Malling (1864\u20131942) - Ljud &amp; Bild","robots":{"index":"index","follow":"follow","max-snippet":"max-snippet:-1","max-image-preview":"max-image-preview:large","max-video-preview":"max-video-preview:-1"},"canonical":"https:\/\/litteraturbanken.se\/ljudochbild\/forfattare\/mallingm\/","og_locale":"sv_SE","og_type":"article","og_title":"Mathilda Malling (1864\u20131942) - Ljud &amp; Bild","og_description":"\u201dMATHILDA MALLING (1864\u20131942, f. Kruse) v\u00e4xte upp p\u00e5 den sk\u00e5nska landsbygden p\u00e5 Oscarsfarm i S\u00f6sdala, men fick tidigt ta del av andra milj\u00f6er. Efter gymnasietiden, som tillbringats i Stockholm, reste Mathilda Kruse med sin syster till Schweiz. Denna [&hellip;]","og_url":"https:\/\/litteraturbanken.se\/ljudochbild\/forfattare\/mallingm\/","og_site_name":"Ljud &amp; Bild","article_publisher":"https:\/\/www.facebook.com\/Litteraturbanken.se","article_modified_time":"2024-09-17T08:44:24+00:00","og_image":[{"width":456,"height":684,"url":"https:\/\/litteraturbanken.se\/ljudochbild\/wp-content\/uploads\/2020\/02\/malling.jpg","type":"image\/jpeg"}],"twitter_card":"summary_large_image","twitter_site":"@litteraturbank","twitter_misc":{"Ber\u00e4knad l\u00e4stid":"2 minuter"},"schema":{"@context":"https:\/\/schema.org","@graph":[{"@type":"WebPage","@id":"https:\/\/litteraturbanken.se\/ljudochbild\/forfattare\/mallingm\/","url":"https:\/\/litteraturbanken.se\/ljudochbild\/forfattare\/mallingm\/","name":"Mathilda Malling (1864\u20131942) - Ljud &amp; Bild","isPartOf":{"@id":"https:\/\/litteraturbanken.se\/ljudochbild\/#website"},"primaryImageOfPage":{"@id":"https:\/\/litteraturbanken.se\/ljudochbild\/forfattare\/mallingm\/#primaryimage"},"image":{"@id":"https:\/\/litteraturbanken.se\/ljudochbild\/forfattare\/mallingm\/#primaryimage"},"thumbnailUrl":"https:\/\/litteraturbanken.se\/ljudochbild\/wp-content\/uploads\/2020\/02\/malling.jpg","datePublished":"2020-02-16T12:18:47+00:00","dateModified":"2024-09-17T08:44:24+00:00","breadcrumb":{"@id":"https:\/\/litteraturbanken.se\/ljudochbild\/forfattare\/mallingm\/#breadcrumb"},"inLanguage":"sv-SE","potentialAction":[{"@type":"ReadAction","target":["https:\/\/litteraturbanken.se\/ljudochbild\/forfattare\/mallingm\/"]}]},{"@type":"ImageObject","inLanguage":"sv-SE","@id":"https:\/\/litteraturbanken.se\/ljudochbild\/forfattare\/mallingm\/#primaryimage","url":"https:\/\/litteraturbanken.se\/ljudochbild\/wp-content\/uploads\/2020\/02\/malling.jpg","contentUrl":"https:\/\/litteraturbanken.se\/ljudochbild\/wp-content\/uploads\/2020\/02\/malling.jpg","width":456,"height":684},{"@type":"BreadcrumbList","@id":"https:\/\/litteraturbanken.se\/ljudochbild\/forfattare\/mallingm\/#breadcrumb","itemListElement":[{"@type":"ListItem","position":1,"name":"Hem","item":"https:\/\/litteraturbanken.se\/ljudochbild\/"},{"@type":"ListItem","position":2,"name":"F\u00f6rfattare","item":"https:\/\/litteraturbanken.se\/ljudochbild\/forfattare\/"},{"@type":"ListItem","position":3,"name":"Mathilda Malling (1864\u20131942)"}]},{"@type":"WebSite","@id":"https:\/\/litteraturbanken.se\/ljudochbild\/#website","url":"https:\/\/litteraturbanken.se\/ljudochbild\/","name":"Ljud & Bild","description":"Ur Litteraturbankens samlingar","potentialAction":[{"@type":"SearchAction","target":{"@type":"EntryPoint","urlTemplate":"https:\/\/litteraturbanken.se\/ljudochbild\/?s={search_term_string}"},"query-input":{"@type":"PropertyValueSpecification","valueRequired":true,"valueName":"search_term_string"}}],"inLanguage":"sv-SE"}]}},"_links":{"self":[{"href":"https:\/\/litteraturbanken.se\/ljudochbild\/wp-json\/wp\/v2\/pages\/3340","targetHints":{"allow":["GET"]}}],"collection":[{"href":"https:\/\/litteraturbanken.se\/ljudochbild\/wp-json\/wp\/v2\/pages"}],"about":[{"href":"https:\/\/litteraturbanken.se\/ljudochbild\/wp-json\/wp\/v2\/types\/page"}],"author":[{"embeddable":true,"href":"https:\/\/litteraturbanken.se\/ljudochbild\/wp-json\/wp\/v2\/users\/1"}],"replies":[{"embeddable":true,"href":"https:\/\/litteraturbanken.se\/ljudochbild\/wp-json\/wp\/v2\/comments?post=3340"}],"version-history":[{"count":4,"href":"https:\/\/litteraturbanken.se\/ljudochbild\/wp-json\/wp\/v2\/pages\/3340\/revisions"}],"predecessor-version":[{"id":12192,"href":"https:\/\/litteraturbanken.se\/ljudochbild\/wp-json\/wp\/v2\/pages\/3340\/revisions\/12192"}],"up":[{"embeddable":true,"href":"https:\/\/litteraturbanken.se\/ljudochbild\/wp-json\/wp\/v2\/pages\/7"}],"wp:featuredmedia":[{"embeddable":true,"href":"https:\/\/litteraturbanken.se\/ljudochbild\/wp-json\/wp\/v2\/media\/3341"}],"wp:attachment":[{"href":"https:\/\/litteraturbanken.se\/ljudochbild\/wp-json\/wp\/v2\/media?parent=3340"}],"curies":[{"name":"wp","href":"https:\/\/api.w.org\/{rel}","templated":true}]}}