{"id":3353,"date":"2020-02-16T15:00:33","date_gmt":"2020-02-16T14:00:33","guid":{"rendered":"https:\/\/litteraturbanken.se\/ljudochbild\/?page_id=3353"},"modified":"2024-09-19T16:12:23","modified_gmt":"2024-09-19T14:12:23","slug":"zetterstromh","status":"publish","type":"page","link":"https:\/\/litteraturbanken.se\/ljudochbild\/forfattare\/zetterstromh\/","title":{"rendered":"Hasse Zetterstr\u00f6m (1877\u20131946)"},"content":{"rendered":"<div class=\"wp-block-image\">\n<figure class=\"alignright size-medium\"><img loading=\"lazy\" decoding=\"async\" width=\"221\" height=\"300\" src=\"https:\/\/litteraturbanken.se\/ljudochbild\/wp-content\/uploads\/2020\/02\/hassez-221x300.jpg\" alt=\"\" class=\"wp-image-3354\" srcset=\"https:\/\/litteraturbanken.se\/ljudochbild\/wp-content\/uploads\/2020\/02\/hassez-221x300.jpg 221w, https:\/\/litteraturbanken.se\/ljudochbild\/wp-content\/uploads\/2020\/02\/hassez-480x651.jpg 480w, https:\/\/litteraturbanken.se\/ljudochbild\/wp-content\/uploads\/2020\/02\/hassez.jpg 713w\" sizes=\"auto, (max-width: 221px) 100vw, 221px\" \/><\/figure>\n<\/div>\n\n\n<p>HASSE hette egentligen HANS ZETTERSTR\u00d6M. Men det \u00e4r som Hasse Z han g\u00e5tt till den svenska litteraturhistorien. Som f\u00e5 andra har han tecknat ramarna f\u00f6r en litter\u00e4r genre. Hasse Z:s fr\u00e4mste gren \u00e4r <em>k\u00e5seriet<\/em>; hans produktion \u00e4r omfattande och har s\u00e4llan \u00e5ldrats mindre \u00e4n hedersamt. Ett m\u00e4sterstycke \u00e4r och f\u00f6rblir texten <a href=\"https:\/\/litteraturbanken.se\/f\u00f6rfattare\/Zetterstr\u00f6mH\/titlar\/T\u00e4tningAvEnB\u00e5t\/sida\/5\/etext\">\u201dT\u00e4tning av en b\u00e5t\u201d<\/a>, som b\u00f6rjar: \u201dAplund \u00e4gde en segelb\u00e5t. Han hade k\u00f6pt den av en man, som visste vad han gjorde, f\u00f6r 50 kr. Med segel och allt. Jag bor bredvid Aplund, och Aplund bad mig hj\u00e4lpa honom rigga p\u00e5 b\u00e5ten. Vi riggade p\u00e5 b\u00e5ten, d. v. s. vi satte 2 segel med olika namn samt en mast i mitten och satte alltihop i sj\u00f6n. En erfaren sj\u00f6man skulle f\u00f6rst ha satt b\u00e5ten i sj\u00f6n och sedan riggat p\u00e5 den, men det har alltid legat n\u00e5got originellt \u00f6ver Aplund. D\u00e5 b\u00e5ten kom i sj\u00f6n sj\u00f6nk den. Den sj\u00f6nk inte sakta som en gr\u00e5sten utan fort som en ansjovisburk med h\u00e5l i botten. Vi blevo r\u00e4tt \u00f6verraskade och Aplund bad till Gud om en revolver och 22 kr. f\u00f6r att fara till V\u00e4stervik och tr\u00e4ffa mannen som s\u00e5lt b\u00e5ten f\u00f6r 50 kr. och som visste vad han gjorde. Vi togo d\u00e4rp\u00e5 en grogg och \u00f6vertalade en p\u00e5 platsen bosatt yngling att dra upp b\u00e5ten p\u00e5 land. Vi reste d\u00e4rp\u00e5 in till staden, sk\u00f6tte aff\u00e4rer, gingo p\u00e5 Cirkus och Kristallsalongen och tr\u00e4ffade personer.\u201d<\/p>\n\n\n\n<div class=\"wp-block-buttons is-layout-flex wp-block-buttons-is-layout-flex\">\n<div class=\"wp-block-button has-custom-font-size read-more-button\" style=\"font-size:14px\"><a class=\"wp-block-button__link has-white-color has-text-color has-background wp-element-button\" href=\"https:\/\/litteraturbanken.se\/f%C3%B6rfattare\/SernerG\/titlar\/UrMinnet\/sida\/16\/faksimil\" style=\"border-radius:0px;background-color:#cd2400\" target=\"_blank\" rel=\"noopener\"><strong>L\u00c4S MER OM HASSE ZETTERSTR\u00d6M<\/strong><\/a><\/div>\n\n\n\n<div class=\"wp-block-button has-custom-font-size read-more-button\" style=\"font-size:14px\"><a class=\"wp-block-button__link has-white-color has-text-color has-background wp-element-button\" href=\"https:\/\/litteraturbanken.se\/f%C3%B6rfattare\/Zetterstr%C3%B6mH\/titlar\" style=\"border-radius:0px;background-color:#cd2400\" target=\"_blank\" rel=\"noopener\"><strong>L\u00c4S HASSE ZETTERSTR\u00d6MS VERK HOS LB.SE<\/strong><\/a><\/div>\n<\/div>\n\n\n\n<div style=\"height:20px\" aria-hidden=\"true\" class=\"wp-block-spacer\"><\/div>\n\n\n\n<div class=\"wp-playlist wp-audio-playlist wp-playlist-light\">\n\t\t\t<div class=\"wp-playlist-current-item\"><\/div>\n\t\t<audio controls=\"controls\" preload=\"none\" width=\"618\"\n\t\t\t><\/audio>\n\t<div class=\"wp-playlist-next\"><\/div>\n\t<div class=\"wp-playlist-prev\"><\/div>\n\t<noscript>\n\t<ol>\n\t\t<li><a href='https:\/\/litteraturbanken.se\/ljudochbild\/wp-content\/uploads\/2022\/11\/zetterstrom_blast_zetterstrom.mp3'>Bl\u00e5st<\/a><\/li><li><a href='https:\/\/litteraturbanken.se\/ljudochbild\/wp-content\/uploads\/2023\/11\/zetterstrom_omhjalmarsoderberg.mp3'>Om Hjalmar S\u00f6derberg<\/a><\/li><li><a href='https:\/\/litteraturbanken.se\/ljudochbild\/wp-content\/uploads\/2022\/11\/zetterstrom_prinsen_zetterstrom.mp3'>Prinsen<\/a><\/li>\t<\/ol>\n\t<\/noscript>\n\t<script type=\"application\/json\" class=\"wp-playlist-script\">{\"type\":\"audio\",\"tracklist\":true,\"tracknumbers\":true,\"images\":true,\"artists\":true,\"tracks\":[{\"src\":\"https:\/\/litteraturbanken.se\/ljudochbild\/wp-content\/uploads\/2022\/11\/zetterstrom_blast_zetterstrom.mp3\",\"type\":\"audio\/mpeg\",\"title\":\"Bl\\u00e5st\",\"caption\":\"\",\"description\":\"\\u201dBl\\u00e5st\\u201d fr\\u00e5n Hasse Zetterstr\\u00f6m l\\u00e4ser egna verk av Hasse Zetterstr\\u00f6m.\",\"meta\":{\"artist\":\"Hasse Zetterstr\\u00f6m l\\u00e4ser egna verk\",\"album\":\"Hasse Zetterstr\\u00f6m\",\"length_formatted\":\"3:02\"},\"image\":{\"src\":\"https:\/\/litteraturbanken.se\/ljudochbild\/wp-content\/uploads\/2019\/09\/wide_gub_wide-mp3-image.png\",\"width\":580,\"height\":612},\"thumb\":{\"src\":\"https:\/\/litteraturbanken.se\/ljudochbild\/wp-content\/uploads\/2019\/09\/wide_gub_wide-mp3-image-150x150.png\",\"width\":150,\"height\":150}},{\"src\":\"https:\/\/litteraturbanken.se\/ljudochbild\/wp-content\/uploads\/2023\/11\/zetterstrom_omhjalmarsoderberg.mp3\",\"type\":\"audio\/mpeg\",\"title\":\"Om Hjalmar S\\u00f6derberg\",\"caption\":\"\",\"description\":\"\\u201dOm Hjalmar S\\u00f6derberg\\u201d fr\\u00e5n Hasse Zetterstr\\u00f6m av Hasse Zetterstr\\u00f6m i Sveriges Radio (1944). Sl\\u00e4ppt: 1944.\",\"meta\":{\"artist\":\"Hasse Zetterstr\\u00f6m i Sveriges Radio (1944)\",\"album\":\"Hasse Zetterstr\\u00f6m\",\"year\":\"1944\",\"length_formatted\":\"5:11\"},\"image\":{\"src\":\"https:\/\/litteraturbanken.se\/ljudochbild\/wp-content\/uploads\/2019\/09\/wide_gub_wide-mp3-image.png\",\"width\":580,\"height\":612},\"thumb\":{\"src\":\"https:\/\/litteraturbanken.se\/ljudochbild\/wp-content\/uploads\/2019\/09\/wide_gub_wide-mp3-image-150x150.png\",\"width\":150,\"height\":150}},{\"src\":\"https:\/\/litteraturbanken.se\/ljudochbild\/wp-content\/uploads\/2022\/11\/zetterstrom_prinsen_zetterstrom.mp3\",\"type\":\"audio\/mpeg\",\"title\":\"Prinsen\",\"caption\":\"\",\"description\":\"\\u201dPrinsen\\u201d fr\\u00e5n Hasse Zetterstr\\u00f6m l\\u00e4ser egna verk av Hasse Zetterstr\\u00f6m.\",\"meta\":{\"artist\":\"Hasse Zetterstr\\u00f6m l\\u00e4ser egna verk\",\"album\":\"Hasse Zetterstr\\u00f6m\",\"length_formatted\":\"2:33\"},\"image\":{\"src\":\"https:\/\/litteraturbanken.se\/ljudochbild\/wp-content\/uploads\/2019\/09\/wide_gub_wide-mp3-image.png\",\"width\":580,\"height\":612},\"thumb\":{\"src\":\"https:\/\/litteraturbanken.se\/ljudochbild\/wp-content\/uploads\/2019\/09\/wide_gub_wide-mp3-image-150x150.png\",\"width\":150,\"height\":150}}]}<\/script>\n<\/div>\n\t\n\n\n\n<div class=\"wp-playlist wp-audio-playlist wp-playlist-light\">\n\t\t\t<div class=\"wp-playlist-current-item\"><\/div>\n\t\t<audio controls=\"controls\" preload=\"none\" width=\"618\"\n\t\t\t><\/audio>\n\t<div class=\"wp-playlist-next\"><\/div>\n\t<div class=\"wp-playlist-prev\"><\/div>\n\t<noscript>\n\t<ol>\n\t\t<li><a href='https:\/\/litteraturbanken.se\/ljudochbild\/wp-content\/uploads\/2020\/02\/zetterstrom_tatningavenbat_elam.mp3'>T\u00e4tning av en b\u00e5t<\/a><\/li>\t<\/ol>\n\t<\/noscript>\n\t<script type=\"application\/json\" class=\"wp-playlist-script\">{\"type\":\"audio\",\"tracklist\":true,\"tracknumbers\":true,\"images\":true,\"artists\":true,\"tracks\":[{\"src\":\"https:\/\/litteraturbanken.se\/ljudochbild\/wp-content\/uploads\/2020\/02\/zetterstrom_tatningavenbat_elam.mp3\",\"type\":\"audio\/mpeg\",\"title\":\"T\\u00e4tning av en b\\u00e5t\",\"caption\":\"\",\"description\":\"\\\"T\\u00e4tning av en b\\u00e5t\\\" fr\\u00e5n Ingrid Elam l\\u00e4ser svenska noveller av Zetterstr\\u00f6m, Hans. Sl\\u00e4ppt: 2020. Sp\\u00e5r 13.\",\"meta\":{\"artist\":\"Ingrid Elam l\\u00e4ser Hasse Z\",\"album\":\"Hasse Z\",\"year\":\"2020\",\"length_formatted\":\"2:57\"},\"image\":{\"src\":\"https:\/\/litteraturbanken.se\/ljudochbild\/wp-content\/uploads\/2019\/09\/wide_gub_wide-mp3-image.png\",\"width\":580,\"height\":612},\"thumb\":{\"src\":\"https:\/\/litteraturbanken.se\/ljudochbild\/wp-content\/uploads\/2019\/09\/wide_gub_wide-mp3-image-150x150.png\",\"width\":150,\"height\":150}}]}<\/script>\n<\/div>\n\t\n\n\n<h3 class=\"wp-block-heading author-related-title\">L\u00e4s mer<\/h3>\r\n<div class=\"display-posts-listing grid\"><div class=\"listing-item\"><a class=\"image\" href=\"https:\/\/litteraturbanken.se\/ljudochbild\/2024\/09\/19\/zetterstrom-om-hjalmar-soderberg\/\"><img loading=\"lazy\" decoding=\"async\" width=\"640\" height=\"801\" src=\"https:\/\/litteraturbanken.se\/ljudochbild\/wp-content\/uploads\/2024\/09\/soderberg_hog-818x1024.jpg\" class=\"attachment-large size-large wp-post-image\" alt=\"Hjalmar S\u00f6derberg\" srcset=\"https:\/\/litteraturbanken.se\/ljudochbild\/wp-content\/uploads\/2024\/09\/soderberg_hog-818x1024.jpg 818w, https:\/\/litteraturbanken.se\/ljudochbild\/wp-content\/uploads\/2024\/09\/soderberg_hog-240x300.jpg 240w, https:\/\/litteraturbanken.se\/ljudochbild\/wp-content\/uploads\/2024\/09\/soderberg_hog-768x961.jpg 768w, https:\/\/litteraturbanken.se\/ljudochbild\/wp-content\/uploads\/2024\/09\/soderberg_hog-480x601.jpg 480w, https:\/\/litteraturbanken.se\/ljudochbild\/wp-content\/uploads\/2024\/09\/soderberg_hog.jpg 1200w\" sizes=\"auto, (max-width: 640px) 100vw, 640px\" \/><\/a> <a class=\"title\" href=\"https:\/\/litteraturbanken.se\/ljudochbild\/2024\/09\/19\/zetterstrom-om-hjalmar-soderberg\/\">Hasse Z om S\u00f6derberg<\/a><\/div><div class=\"listing-item\"><a class=\"image\" href=\"https:\/\/litteraturbanken.se\/ljudochbild\/2022\/12\/23\/hasse-z-laser\/\"><img loading=\"lazy\" decoding=\"async\" width=\"640\" height=\"975\" src=\"https:\/\/litteraturbanken.se\/ljudochbild\/wp-content\/uploads\/2022\/12\/hasse_z-672x1024.jpg\" class=\"attachment-large size-large wp-post-image\" alt=\"Hasse Z\" srcset=\"https:\/\/litteraturbanken.se\/ljudochbild\/wp-content\/uploads\/2022\/12\/hasse_z-672x1024.jpg 672w, https:\/\/litteraturbanken.se\/ljudochbild\/wp-content\/uploads\/2022\/12\/hasse_z-197x300.jpg 197w, https:\/\/litteraturbanken.se\/ljudochbild\/wp-content\/uploads\/2022\/12\/hasse_z-768x1171.jpg 768w, https:\/\/litteraturbanken.se\/ljudochbild\/wp-content\/uploads\/2022\/12\/hasse_z-1008x1536.jpg 1008w, https:\/\/litteraturbanken.se\/ljudochbild\/wp-content\/uploads\/2022\/12\/hasse_z-480x732.jpg 480w, https:\/\/litteraturbanken.se\/ljudochbild\/wp-content\/uploads\/2022\/12\/hasse_z.jpg 1200w\" sizes=\"auto, (max-width: 640px) 100vw, 640px\" \/><\/a> <a class=\"title\" href=\"https:\/\/litteraturbanken.se\/ljudochbild\/2022\/12\/23\/hasse-z-laser\/\">Hasse Z vid mikrofonen<\/a><\/div><div class=\"listing-item\"><a class=\"image\" href=\"https:\/\/litteraturbanken.se\/ljudochbild\/2024\/05\/17\/deklamatoren-gabriel-alw\/\"><img loading=\"lazy\" decoding=\"async\" width=\"640\" height=\"851\" src=\"https:\/\/litteraturbanken.se\/ljudochbild\/wp-content\/uploads\/2024\/05\/alw_postimage-770x1024.jpg\" class=\"attachment-large size-large wp-post-image\" alt=\"\" srcset=\"https:\/\/litteraturbanken.se\/ljudochbild\/wp-content\/uploads\/2024\/05\/alw_postimage-770x1024.jpg 770w, https:\/\/litteraturbanken.se\/ljudochbild\/wp-content\/uploads\/2024\/05\/alw_postimage-226x300.jpg 226w, https:\/\/litteraturbanken.se\/ljudochbild\/wp-content\/uploads\/2024\/05\/alw_postimage-768x1021.jpg 768w, https:\/\/litteraturbanken.se\/ljudochbild\/wp-content\/uploads\/2024\/05\/alw_postimage-1155x1536.jpg 1155w, https:\/\/litteraturbanken.se\/ljudochbild\/wp-content\/uploads\/2024\/05\/alw_postimage-480x638.jpg 480w, https:\/\/litteraturbanken.se\/ljudochbild\/wp-content\/uploads\/2024\/05\/alw_postimage.jpg 1200w\" sizes=\"auto, (max-width: 640px) 100vw, 640px\" \/><\/a> <a class=\"title\" href=\"https:\/\/litteraturbanken.se\/ljudochbild\/2024\/05\/17\/deklamatoren-gabriel-alw\/\">Deklamat\u00f6ren Gabriel Alw<\/a><\/div><\/div>\r\n\r\n\n","protected":false},"excerpt":{"rendered":"<p>HASSE hette egentligen HANS ZETTERSTR\u00d6M. Men det \u00e4r som Hasse Z han g\u00e5tt till den svenska litteraturhistorien. Som f\u00e5 andra har han tecknat ramarna f\u00f6r en litter\u00e4r genre. Hasse Z:s fr\u00e4mste gren \u00e4r k\u00e5seriet; hans produktion \u00e4r omfattande [&hellip;]<\/p>\n","protected":false},"author":1,"featured_media":3354,"parent":7,"menu_order":0,"comment_status":"closed","ping_status":"closed","template":"","meta":{"footnotes":""},"class_list":["post-3353","page","type-page","status-publish","has-post-thumbnail","hentry"],"yoast_head":"<!-- This site is optimized with the Yoast SEO plugin v27.1.1 - https:\/\/yoast.com\/product\/yoast-seo-wordpress\/ -->\n<title>Hasse Zetterstr\u00f6m (1877\u20131946) - Ljud &amp; Bild<\/title>\n<meta name=\"robots\" content=\"index, follow, max-snippet:-1, max-image-preview:large, max-video-preview:-1\" \/>\n<link rel=\"canonical\" href=\"https:\/\/litteraturbanken.se\/ljudochbild\/forfattare\/zetterstromh\/\" \/>\n<meta property=\"og:locale\" content=\"sv_SE\" \/>\n<meta property=\"og:type\" content=\"article\" \/>\n<meta property=\"og:title\" content=\"Hasse Zetterstr\u00f6m (1877\u20131946) - Ljud &amp; Bild\" \/>\n<meta property=\"og:description\" content=\"HASSE hette egentligen HANS ZETTERSTR\u00d6M. Men det \u00e4r som Hasse Z han g\u00e5tt till den svenska litteraturhistorien. Som f\u00e5 andra har han tecknat ramarna f\u00f6r en litter\u00e4r genre. Hasse Z:s fr\u00e4mste gren \u00e4r k\u00e5seriet; hans produktion \u00e4r omfattande [&hellip;]\" \/>\n<meta property=\"og:url\" content=\"https:\/\/litteraturbanken.se\/ljudochbild\/forfattare\/zetterstromh\/\" \/>\n<meta property=\"og:site_name\" content=\"Ljud &amp; Bild\" \/>\n<meta property=\"article:publisher\" content=\"https:\/\/www.facebook.com\/Litteraturbanken.se\" \/>\n<meta property=\"article:modified_time\" content=\"2024-09-19T14:12:23+00:00\" \/>\n<meta property=\"og:image\" content=\"https:\/\/litteraturbanken.se\/ljudochbild\/wp-content\/uploads\/2020\/02\/hassez.jpg\" \/>\n\t<meta property=\"og:image:width\" content=\"713\" \/>\n\t<meta property=\"og:image:height\" content=\"967\" \/>\n\t<meta property=\"og:image:type\" content=\"image\/jpeg\" \/>\n<meta name=\"twitter:card\" content=\"summary_large_image\" \/>\n<meta name=\"twitter:site\" content=\"@litteraturbank\" \/>\n<meta name=\"twitter:label1\" content=\"Ber\u00e4knad l\u00e4stid\" \/>\n\t<meta name=\"twitter:data1\" content=\"2 minuter\" \/>\n<script type=\"application\/ld+json\" class=\"yoast-schema-graph\">{\"@context\":\"https:\/\/schema.org\",\"@graph\":[{\"@type\":\"WebPage\",\"@id\":\"https:\/\/litteraturbanken.se\/ljudochbild\/forfattare\/zetterstromh\/\",\"url\":\"https:\/\/litteraturbanken.se\/ljudochbild\/forfattare\/zetterstromh\/\",\"name\":\"Hasse Zetterstr\u00f6m (1877\u20131946) - Ljud &amp; Bild\",\"isPartOf\":{\"@id\":\"https:\/\/litteraturbanken.se\/ljudochbild\/#website\"},\"primaryImageOfPage\":{\"@id\":\"https:\/\/litteraturbanken.se\/ljudochbild\/forfattare\/zetterstromh\/#primaryimage\"},\"image\":{\"@id\":\"https:\/\/litteraturbanken.se\/ljudochbild\/forfattare\/zetterstromh\/#primaryimage\"},\"thumbnailUrl\":\"https:\/\/litteraturbanken.se\/ljudochbild\/wp-content\/uploads\/2020\/02\/hassez.jpg\",\"datePublished\":\"2020-02-16T14:00:33+00:00\",\"dateModified\":\"2024-09-19T14:12:23+00:00\",\"breadcrumb\":{\"@id\":\"https:\/\/litteraturbanken.se\/ljudochbild\/forfattare\/zetterstromh\/#breadcrumb\"},\"inLanguage\":\"sv-SE\",\"potentialAction\":[{\"@type\":\"ReadAction\",\"target\":[\"https:\/\/litteraturbanken.se\/ljudochbild\/forfattare\/zetterstromh\/\"]}]},{\"@type\":\"ImageObject\",\"inLanguage\":\"sv-SE\",\"@id\":\"https:\/\/litteraturbanken.se\/ljudochbild\/forfattare\/zetterstromh\/#primaryimage\",\"url\":\"https:\/\/litteraturbanken.se\/ljudochbild\/wp-content\/uploads\/2020\/02\/hassez.jpg\",\"contentUrl\":\"https:\/\/litteraturbanken.se\/ljudochbild\/wp-content\/uploads\/2020\/02\/hassez.jpg\",\"width\":713,\"height\":967,\"caption\":\"Hasse Zetterstr\u00f6m\"},{\"@type\":\"BreadcrumbList\",\"@id\":\"https:\/\/litteraturbanken.se\/ljudochbild\/forfattare\/zetterstromh\/#breadcrumb\",\"itemListElement\":[{\"@type\":\"ListItem\",\"position\":1,\"name\":\"Hem\",\"item\":\"https:\/\/litteraturbanken.se\/ljudochbild\/\"},{\"@type\":\"ListItem\",\"position\":2,\"name\":\"F\u00f6rfattare\",\"item\":\"https:\/\/litteraturbanken.se\/ljudochbild\/forfattare\/\"},{\"@type\":\"ListItem\",\"position\":3,\"name\":\"Hasse Zetterstr\u00f6m (1877\u20131946)\"}]},{\"@type\":\"WebSite\",\"@id\":\"https:\/\/litteraturbanken.se\/ljudochbild\/#website\",\"url\":\"https:\/\/litteraturbanken.se\/ljudochbild\/\",\"name\":\"Ljud & Bild\",\"description\":\"Ur Litteraturbankens samlingar\",\"potentialAction\":[{\"@type\":\"SearchAction\",\"target\":{\"@type\":\"EntryPoint\",\"urlTemplate\":\"https:\/\/litteraturbanken.se\/ljudochbild\/?s={search_term_string}\"},\"query-input\":{\"@type\":\"PropertyValueSpecification\",\"valueRequired\":true,\"valueName\":\"search_term_string\"}}],\"inLanguage\":\"sv-SE\"}]}<\/script>\n<!-- \/ Yoast SEO plugin. -->","yoast_head_json":{"title":"Hasse Zetterstr\u00f6m (1877\u20131946) - Ljud &amp; Bild","robots":{"index":"index","follow":"follow","max-snippet":"max-snippet:-1","max-image-preview":"max-image-preview:large","max-video-preview":"max-video-preview:-1"},"canonical":"https:\/\/litteraturbanken.se\/ljudochbild\/forfattare\/zetterstromh\/","og_locale":"sv_SE","og_type":"article","og_title":"Hasse Zetterstr\u00f6m (1877\u20131946) - Ljud &amp; Bild","og_description":"HASSE hette egentligen HANS ZETTERSTR\u00d6M. Men det \u00e4r som Hasse Z han g\u00e5tt till den svenska litteraturhistorien. Som f\u00e5 andra har han tecknat ramarna f\u00f6r en litter\u00e4r genre. Hasse Z:s fr\u00e4mste gren \u00e4r k\u00e5seriet; hans produktion \u00e4r omfattande [&hellip;]","og_url":"https:\/\/litteraturbanken.se\/ljudochbild\/forfattare\/zetterstromh\/","og_site_name":"Ljud &amp; Bild","article_publisher":"https:\/\/www.facebook.com\/Litteraturbanken.se","article_modified_time":"2024-09-19T14:12:23+00:00","og_image":[{"width":713,"height":967,"url":"https:\/\/litteraturbanken.se\/ljudochbild\/wp-content\/uploads\/2020\/02\/hassez.jpg","type":"image\/jpeg"}],"twitter_card":"summary_large_image","twitter_site":"@litteraturbank","twitter_misc":{"Ber\u00e4knad l\u00e4stid":"2 minuter"},"schema":{"@context":"https:\/\/schema.org","@graph":[{"@type":"WebPage","@id":"https:\/\/litteraturbanken.se\/ljudochbild\/forfattare\/zetterstromh\/","url":"https:\/\/litteraturbanken.se\/ljudochbild\/forfattare\/zetterstromh\/","name":"Hasse Zetterstr\u00f6m (1877\u20131946) - Ljud &amp; Bild","isPartOf":{"@id":"https:\/\/litteraturbanken.se\/ljudochbild\/#website"},"primaryImageOfPage":{"@id":"https:\/\/litteraturbanken.se\/ljudochbild\/forfattare\/zetterstromh\/#primaryimage"},"image":{"@id":"https:\/\/litteraturbanken.se\/ljudochbild\/forfattare\/zetterstromh\/#primaryimage"},"thumbnailUrl":"https:\/\/litteraturbanken.se\/ljudochbild\/wp-content\/uploads\/2020\/02\/hassez.jpg","datePublished":"2020-02-16T14:00:33+00:00","dateModified":"2024-09-19T14:12:23+00:00","breadcrumb":{"@id":"https:\/\/litteraturbanken.se\/ljudochbild\/forfattare\/zetterstromh\/#breadcrumb"},"inLanguage":"sv-SE","potentialAction":[{"@type":"ReadAction","target":["https:\/\/litteraturbanken.se\/ljudochbild\/forfattare\/zetterstromh\/"]}]},{"@type":"ImageObject","inLanguage":"sv-SE","@id":"https:\/\/litteraturbanken.se\/ljudochbild\/forfattare\/zetterstromh\/#primaryimage","url":"https:\/\/litteraturbanken.se\/ljudochbild\/wp-content\/uploads\/2020\/02\/hassez.jpg","contentUrl":"https:\/\/litteraturbanken.se\/ljudochbild\/wp-content\/uploads\/2020\/02\/hassez.jpg","width":713,"height":967,"caption":"Hasse Zetterstr\u00f6m"},{"@type":"BreadcrumbList","@id":"https:\/\/litteraturbanken.se\/ljudochbild\/forfattare\/zetterstromh\/#breadcrumb","itemListElement":[{"@type":"ListItem","position":1,"name":"Hem","item":"https:\/\/litteraturbanken.se\/ljudochbild\/"},{"@type":"ListItem","position":2,"name":"F\u00f6rfattare","item":"https:\/\/litteraturbanken.se\/ljudochbild\/forfattare\/"},{"@type":"ListItem","position":3,"name":"Hasse Zetterstr\u00f6m (1877\u20131946)"}]},{"@type":"WebSite","@id":"https:\/\/litteraturbanken.se\/ljudochbild\/#website","url":"https:\/\/litteraturbanken.se\/ljudochbild\/","name":"Ljud & Bild","description":"Ur Litteraturbankens samlingar","potentialAction":[{"@type":"SearchAction","target":{"@type":"EntryPoint","urlTemplate":"https:\/\/litteraturbanken.se\/ljudochbild\/?s={search_term_string}"},"query-input":{"@type":"PropertyValueSpecification","valueRequired":true,"valueName":"search_term_string"}}],"inLanguage":"sv-SE"}]}},"_links":{"self":[{"href":"https:\/\/litteraturbanken.se\/ljudochbild\/wp-json\/wp\/v2\/pages\/3353","targetHints":{"allow":["GET"]}}],"collection":[{"href":"https:\/\/litteraturbanken.se\/ljudochbild\/wp-json\/wp\/v2\/pages"}],"about":[{"href":"https:\/\/litteraturbanken.se\/ljudochbild\/wp-json\/wp\/v2\/types\/page"}],"author":[{"embeddable":true,"href":"https:\/\/litteraturbanken.se\/ljudochbild\/wp-json\/wp\/v2\/users\/1"}],"replies":[{"embeddable":true,"href":"https:\/\/litteraturbanken.se\/ljudochbild\/wp-json\/wp\/v2\/comments?post=3353"}],"version-history":[{"count":7,"href":"https:\/\/litteraturbanken.se\/ljudochbild\/wp-json\/wp\/v2\/pages\/3353\/revisions"}],"predecessor-version":[{"id":12459,"href":"https:\/\/litteraturbanken.se\/ljudochbild\/wp-json\/wp\/v2\/pages\/3353\/revisions\/12459"}],"up":[{"embeddable":true,"href":"https:\/\/litteraturbanken.se\/ljudochbild\/wp-json\/wp\/v2\/pages\/7"}],"wp:featuredmedia":[{"embeddable":true,"href":"https:\/\/litteraturbanken.se\/ljudochbild\/wp-json\/wp\/v2\/media\/3354"}],"wp:attachment":[{"href":"https:\/\/litteraturbanken.se\/ljudochbild\/wp-json\/wp\/v2\/media?parent=3353"}],"curies":[{"name":"wp","href":"https:\/\/api.w.org\/{rel}","templated":true}]}}