{"id":627,"date":"2019-08-13T14:03:22","date_gmt":"2019-08-13T12:03:22","guid":{"rendered":"http:\/\/ordfabriken.org\/ljud\/?page_id=627"},"modified":"2024-09-16T15:03:03","modified_gmt":"2024-09-16T13:03:03","slug":"creutzgp","status":"publish","type":"page","link":"https:\/\/litteraturbanken.se\/ljudochbild\/forfattare\/creutzgp\/","title":{"rendered":"Gustaf Philip Creutz (1731\u20131785)"},"content":{"rendered":"<div class=\"wp-block-image\">\n<figure class=\"alignright\"><img loading=\"lazy\" decoding=\"async\" width=\"224\" height=\"300\" src=\"https:\/\/litteraturbanken.se\/ljudochbild\/wp-content\/uploads\/2019\/09\/CreutzGP_large-224x300.jpeg\" alt=\"\" class=\"wp-image-1008\" srcset=\"https:\/\/litteraturbanken.se\/ljudochbild\/wp-content\/uploads\/2019\/09\/CreutzGP_large-224x300.jpeg 224w, https:\/\/litteraturbanken.se\/ljudochbild\/wp-content\/uploads\/2019\/09\/CreutzGP_large.jpeg 410w\" sizes=\"auto, (max-width: 224px) 100vw, 224px\" \/><\/figure>\n<\/div>\n\n\n<p>\u201dGUSTAF PHILIP CREUTZ (1731\u201385) var under m\u00e5nga \u00e5r verksam i Frankrike, som en Gustaf III s\u00e4rskilt n\u00e4rst\u00e5ende envoy\u00e9, sedermera ambassad\u00f6r. Han gjorde sig \u00e4ven k\u00e4nd som en framtr\u00e4dande kulturpersonlighet och umgicks i alla de mest ryktbara salongerna. Han \u00e5terv\u00e4nde till Sverige f\u00f6rst 1783, tv\u00e5 \u00e5r f\u00f6re sin d\u00f6d. Sina framg\u00e5ngar som diktare n\u00e5dde han dock under yngre \u00e5r. V\u00e5ren 1753 blev han, samman med v\u00e4nnen Gustaf Fredrik Gyllenborg, medlem av den nyinstiftade Tankebyggarorden, som till sina f\u00f6rebilder r\u00e4knade de franska encyklopedisterna. Creutz och Gyllenborg ingick b\u00e5da i den inre krets som samlades kring\u00a0<a href=\"https:\/\/litteraturbanken.se\/forfattare\/NordenflychtHC\">Hedvig Charlotta Nordenflycht<\/a>. De tre f\u00f6rfattarna gav ut sina skaldestycken i Tankebyggarordens tv\u00e5 serier av publikationer \u2013\u00a0<em>V\u00e5ra F\u00f6rs\u00f6k<\/em>\u00a0(3 volymer, 1753, 1754 och 1756) och\u00a0<em>Witterhetsarbeten<\/em>\u00a0(2 volymer, 1759 och 1762). F\u00f6rebilden var f\u00f6r Creutz den franska preci\u00f6sa diktningen vars ornamenterade stilm\u00f6nster i hans alster framf\u00f6r allt b\u00e4r en f\u00f6rfinad och st\u00e4mningsfull naturskildring.\u201d<\/p>\n\n\n\n<p>Stycket kommer ur Lotta Lotass introduktion om Gustaf Philip Creutz hos Litteraturbanken.<\/p>\n\n\n\n<div class=\"wp-block-buttons is-layout-flex wp-block-buttons-is-layout-flex\">\n<div class=\"wp-block-button has-custom-font-size read-more-button\" style=\"font-size:14px\"><a class=\"wp-block-button__link has-white-color has-text-color has-background wp-element-button\" href=\"https:\/\/litteraturbanken.se\/f%C3%B6rfattare\/CreutzGP\" style=\"border-radius:0px;background-color:#cd2400\" target=\"_blank\" rel=\"noopener\"><strong>L\u00c4S MER OM GUSTAF PHILIP CREUTZ<\/strong><\/a><\/div>\n\n\n\n<div class=\"wp-block-button has-custom-font-size read-more-button\" style=\"font-size:14px\"><a class=\"wp-block-button__link has-white-color has-text-color has-background wp-element-button\" href=\"https:\/\/litteraturbanken.se\/f%C3%B6rfattare\/CreutzGP\/titlar\" style=\"border-radius:0px;background-color:#cd2400\" target=\"_blank\" rel=\"noopener\"><strong>L\u00c4S <strong>GUSTAF PHILIP CREUTZ<\/strong> VERK HOS LB.SE<\/strong><\/a><\/div>\n<\/div>\n\n\n\n<div style=\"height:20px\" aria-hidden=\"true\" class=\"wp-block-spacer\"><\/div>\n\n\n\n<div class=\"wp-playlist wp-audio-playlist wp-playlist-light\">\n\t\t\t<div class=\"wp-playlist-current-item\"><\/div>\n\t\t<audio controls=\"controls\" preload=\"none\" width=\"618\"\n\t\t\t><\/audio>\n\t<div class=\"wp-playlist-next\"><\/div>\n\t<div class=\"wp-playlist-prev\"><\/div>\n\t<noscript>\n\t<ol>\n\t\t<li><a href='https:\/\/litteraturbanken.se\/ljudochbild\/wp-content\/uploads\/2019\/09\/creutz_atisochcamilla_engdahl.mp3'>Atis och Camilla (f\u00f6rsta s\u00e5ngen)<\/a><\/li><li><a href='https:\/\/litteraturbanken.se\/ljudochbild\/wp-content\/uploads\/2024\/09\/creutz_uratisochcamilla_indrenius-zalewski.mp3'>Ur \u201dAtis Och Camilla\u201d<\/a><\/li><li><a href='https:\/\/litteraturbanken.se\/ljudochbild\/wp-content\/uploads\/2022\/11\/creutz_daphne_ekblad.mp3'>Daphne<\/a><\/li>\t<\/ol>\n\t<\/noscript>\n\t<script type=\"application\/json\" class=\"wp-playlist-script\">{\"type\":\"audio\",\"tracklist\":true,\"tracknumbers\":true,\"images\":true,\"artists\":true,\"tracks\":[{\"src\":\"https:\/\/litteraturbanken.se\/ljudochbild\/wp-content\/uploads\/2019\/09\/creutz_atisochcamilla_engdahl.mp3\",\"type\":\"audio\/mpeg\",\"title\":\"Atis och Camilla (f\\u00f6rsta s\\u00e5ngen)\",\"caption\":\"\",\"description\":\"\\\"Atis och Camilla (f\\u00f6rsta s\\u00e5ngen)\\\" fr\\u00e5n Atis och Camilla (f\\u00f6rsta s\\u00e5ngen) av Creutz, Gustaf Philip.\",\"meta\":{\"artist\":\"Horace Engdahl l\\u00e4ser Gustaf Philip Creutz\",\"album\":\"Gustaf Philip Creutz\",\"length_formatted\":\"13:53\"},\"image\":{\"src\":\"https:\/\/litteraturbanken.se\/ljudochbild\/wp-content\/uploads\/2019\/09\/lb_albumart.png\",\"width\":580,\"height\":612},\"thumb\":{\"src\":\"https:\/\/litteraturbanken.se\/ljudochbild\/wp-content\/uploads\/2019\/09\/lb_albumart-150x150.png\",\"width\":150,\"height\":150}},{\"src\":\"https:\/\/litteraturbanken.se\/ljudochbild\/wp-content\/uploads\/2024\/09\/creutz_uratisochcamilla_indrenius-zalewski.mp3\",\"type\":\"audio\/mpeg\",\"title\":\"Ur \\u201dAtis Och Camilla\\u201d\",\"caption\":\"\",\"description\":\"\\u201dUr \\u201dAtis Och Camilla\\u201d\\u201d fr\\u00e5n Gustaf Philip Creutz l\\u00e4st av Christina Indrenius-Zalewski av Dikt 1593\\u20131939. Svensk och finlandssvensk lyrik i uppl\\u00e4sning av svenska och finlandssvenska sk\\u00e5despelare.\",\"meta\":{\"artist\":\"Christina Indrenius-Zalewski l\\u00e4ser Gustaf Philip Creutz. Dikt 1593\\u20131939\",\"album\":\"Gustaf Philip Creutz\",\"length_formatted\":\"7:13\"},\"image\":{\"src\":\"https:\/\/litteraturbanken.se\/ljudochbild\/wp-content\/uploads\/2024\/09\/almqvist_denlyssnandemaria_lindh-mp3-image.jpg\",\"width\":1200,\"height\":1201},\"thumb\":{\"src\":\"https:\/\/litteraturbanken.se\/ljudochbild\/wp-content\/uploads\/2024\/09\/almqvist_denlyssnandemaria_lindh-mp3-image-150x150.jpg\",\"width\":150,\"height\":150}},{\"src\":\"https:\/\/litteraturbanken.se\/ljudochbild\/wp-content\/uploads\/2022\/11\/creutz_daphne_ekblad.mp3\",\"type\":\"audio\/mpeg\",\"title\":\"Daphne\",\"caption\":\"\",\"description\":\"\\u201dDaphne\\u201d fr\\u00e5n Gustaf Philip Creutz av Stina Ekblad l\\u00e4ser dikter. Sl\\u00e4ppt: 2022.\",\"meta\":{\"artist\":\"Stina Ekblad l\\u00e4ser Gustaf Philip Creutz\",\"album\":\"Gustaf Philip Creutz\",\"year\":\"2022\",\"length_formatted\":\"15:44\"},\"image\":{\"src\":\"https:\/\/litteraturbanken.se\/ljudochbild\/wp-content\/uploads\/2019\/09\/wide_gub_wide-mp3-image.png\",\"width\":580,\"height\":612},\"thumb\":{\"src\":\"https:\/\/litteraturbanken.se\/ljudochbild\/wp-content\/uploads\/2019\/09\/wide_gub_wide-mp3-image-150x150.png\",\"width\":150,\"height\":150}}]}<\/script>\n<\/div>\n\t\n\n\n\n<hr class=\"wp-block-separator has-alpha-channel-opacity\"\/>\n\n\n\n<p><em>Inspelningarna tillg\u00e4ngligg\u00f6rs h\u00e4r med tillst\u00e5nd fr\u00e5n inl\u00e4sarna.<\/em><\/p>\n\n\n<h3 class=\"wp-block-heading author-related-title\">L\u00e4s mer<\/h3>\r\n<div class=\"display-posts-listing grid\"><div class=\"listing-item\"><a class=\"image\" href=\"https:\/\/litteraturbanken.se\/ljudochbild\/2022\/11\/28\/stina-ekblad-vinterns-rost\/\"><img loading=\"lazy\" decoding=\"async\" width=\"640\" height=\"820\" src=\"https:\/\/litteraturbanken.se\/ljudochbild\/wp-content\/uploads\/2022\/11\/fjaestad_vinternsrost-799x1024.jpg\" class=\"attachment-large size-large wp-post-image\" alt=\"Vinter, Gustaf Fj\u00e6stad\" srcset=\"https:\/\/litteraturbanken.se\/ljudochbild\/wp-content\/uploads\/2022\/11\/fjaestad_vinternsrost-799x1024.jpg 799w, https:\/\/litteraturbanken.se\/ljudochbild\/wp-content\/uploads\/2022\/11\/fjaestad_vinternsrost-234x300.jpg 234w, https:\/\/litteraturbanken.se\/ljudochbild\/wp-content\/uploads\/2022\/11\/fjaestad_vinternsrost-768x984.jpg 768w, https:\/\/litteraturbanken.se\/ljudochbild\/wp-content\/uploads\/2022\/11\/fjaestad_vinternsrost-1198x1536.jpg 1198w, https:\/\/litteraturbanken.se\/ljudochbild\/wp-content\/uploads\/2022\/11\/fjaestad_vinternsrost-480x615.jpg 480w, https:\/\/litteraturbanken.se\/ljudochbild\/wp-content\/uploads\/2022\/11\/fjaestad_vinternsrost.jpg 1200w\" sizes=\"auto, (max-width: 640px) 100vw, 640px\" \/><\/a> <a class=\"title\" href=\"https:\/\/litteraturbanken.se\/ljudochbild\/2022\/11\/28\/stina-ekblad-vinterns-rost\/\">Vinterns r\u00f6st: Stina Ekblad<\/a><\/div><\/div>\r\n\r\n\n","protected":false},"excerpt":{"rendered":"<p>\u201dGUSTAF PHILIP CREUTZ (1731\u201385) var under m\u00e5nga \u00e5r verksam i Frankrike, som en Gustaf III s\u00e4rskilt n\u00e4rst\u00e5ende envoy\u00e9, sedermera ambassad\u00f6r. Han gjorde sig \u00e4ven k\u00e4nd som en framtr\u00e4dande kulturpersonlighet och umgicks i alla de mest ryktbara salongerna. Han [&hellip;]<\/p>\n","protected":false},"author":1,"featured_media":1008,"parent":7,"menu_order":0,"comment_status":"closed","ping_status":"closed","template":"","meta":{"footnotes":""},"class_list":["post-627","page","type-page","status-publish","has-post-thumbnail","hentry"],"yoast_head":"<!-- This site is optimized with the Yoast SEO plugin v27.1.1 - https:\/\/yoast.com\/product\/yoast-seo-wordpress\/ -->\n<title>Gustaf Philip Creutz (1731\u20131785) - Ljud &amp; Bild<\/title>\n<meta name=\"robots\" content=\"index, follow, max-snippet:-1, max-image-preview:large, max-video-preview:-1\" \/>\n<link rel=\"canonical\" href=\"https:\/\/litteraturbanken.se\/ljudochbild\/forfattare\/creutzgp\/\" \/>\n<meta property=\"og:locale\" content=\"sv_SE\" \/>\n<meta property=\"og:type\" content=\"article\" \/>\n<meta property=\"og:title\" content=\"Gustaf Philip Creutz (1731\u20131785) - Ljud &amp; Bild\" \/>\n<meta property=\"og:description\" content=\"\u201dGUSTAF PHILIP CREUTZ (1731\u201385) var under m\u00e5nga \u00e5r verksam i Frankrike, som en Gustaf III s\u00e4rskilt n\u00e4rst\u00e5ende envoy\u00e9, sedermera ambassad\u00f6r. Han gjorde sig \u00e4ven k\u00e4nd som en framtr\u00e4dande kulturpersonlighet och umgicks i alla de mest ryktbara salongerna. Han [&hellip;]\" \/>\n<meta property=\"og:url\" content=\"https:\/\/litteraturbanken.se\/ljudochbild\/forfattare\/creutzgp\/\" \/>\n<meta property=\"og:site_name\" content=\"Ljud &amp; Bild\" \/>\n<meta property=\"article:publisher\" content=\"https:\/\/www.facebook.com\/Litteraturbanken.se\" \/>\n<meta property=\"article:modified_time\" content=\"2024-09-16T13:03:03+00:00\" \/>\n<meta property=\"og:image\" content=\"https:\/\/litteraturbanken.se\/ljudochbild\/wp-content\/uploads\/2019\/09\/CreutzGP_large.jpeg\" \/>\n\t<meta property=\"og:image:width\" content=\"410\" \/>\n\t<meta property=\"og:image:height\" content=\"550\" \/>\n\t<meta property=\"og:image:type\" content=\"image\/jpeg\" \/>\n<meta name=\"twitter:card\" content=\"summary_large_image\" \/>\n<meta name=\"twitter:site\" content=\"@litteraturbank\" \/>\n<meta name=\"twitter:label1\" content=\"Ber\u00e4knad l\u00e4stid\" \/>\n\t<meta name=\"twitter:data1\" content=\"2 minuter\" \/>\n<script type=\"application\/ld+json\" class=\"yoast-schema-graph\">{\"@context\":\"https:\/\/schema.org\",\"@graph\":[{\"@type\":\"WebPage\",\"@id\":\"https:\/\/litteraturbanken.se\/ljudochbild\/forfattare\/creutzgp\/\",\"url\":\"https:\/\/litteraturbanken.se\/ljudochbild\/forfattare\/creutzgp\/\",\"name\":\"Gustaf Philip Creutz (1731\u20131785) - Ljud &amp; Bild\",\"isPartOf\":{\"@id\":\"https:\/\/litteraturbanken.se\/ljudochbild\/#website\"},\"primaryImageOfPage\":{\"@id\":\"https:\/\/litteraturbanken.se\/ljudochbild\/forfattare\/creutzgp\/#primaryimage\"},\"image\":{\"@id\":\"https:\/\/litteraturbanken.se\/ljudochbild\/forfattare\/creutzgp\/#primaryimage\"},\"thumbnailUrl\":\"https:\/\/litteraturbanken.se\/ljudochbild\/wp-content\/uploads\/2019\/09\/CreutzGP_large.jpeg\",\"datePublished\":\"2019-08-13T12:03:22+00:00\",\"dateModified\":\"2024-09-16T13:03:03+00:00\",\"breadcrumb\":{\"@id\":\"https:\/\/litteraturbanken.se\/ljudochbild\/forfattare\/creutzgp\/#breadcrumb\"},\"inLanguage\":\"sv-SE\",\"potentialAction\":[{\"@type\":\"ReadAction\",\"target\":[\"https:\/\/litteraturbanken.se\/ljudochbild\/forfattare\/creutzgp\/\"]}]},{\"@type\":\"ImageObject\",\"inLanguage\":\"sv-SE\",\"@id\":\"https:\/\/litteraturbanken.se\/ljudochbild\/forfattare\/creutzgp\/#primaryimage\",\"url\":\"https:\/\/litteraturbanken.se\/ljudochbild\/wp-content\/uploads\/2019\/09\/CreutzGP_large.jpeg\",\"contentUrl\":\"https:\/\/litteraturbanken.se\/ljudochbild\/wp-content\/uploads\/2019\/09\/CreutzGP_large.jpeg\",\"width\":410,\"height\":550},{\"@type\":\"BreadcrumbList\",\"@id\":\"https:\/\/litteraturbanken.se\/ljudochbild\/forfattare\/creutzgp\/#breadcrumb\",\"itemListElement\":[{\"@type\":\"ListItem\",\"position\":1,\"name\":\"Hem\",\"item\":\"https:\/\/litteraturbanken.se\/ljudochbild\/\"},{\"@type\":\"ListItem\",\"position\":2,\"name\":\"F\u00f6rfattare\",\"item\":\"https:\/\/litteraturbanken.se\/ljudochbild\/forfattare\/\"},{\"@type\":\"ListItem\",\"position\":3,\"name\":\"Gustaf Philip Creutz (1731\u20131785)\"}]},{\"@type\":\"WebSite\",\"@id\":\"https:\/\/litteraturbanken.se\/ljudochbild\/#website\",\"url\":\"https:\/\/litteraturbanken.se\/ljudochbild\/\",\"name\":\"Ljud & Bild\",\"description\":\"Ur Litteraturbankens samlingar\",\"potentialAction\":[{\"@type\":\"SearchAction\",\"target\":{\"@type\":\"EntryPoint\",\"urlTemplate\":\"https:\/\/litteraturbanken.se\/ljudochbild\/?s={search_term_string}\"},\"query-input\":{\"@type\":\"PropertyValueSpecification\",\"valueRequired\":true,\"valueName\":\"search_term_string\"}}],\"inLanguage\":\"sv-SE\"}]}<\/script>\n<!-- \/ Yoast SEO plugin. -->","yoast_head_json":{"title":"Gustaf Philip Creutz (1731\u20131785) - Ljud &amp; Bild","robots":{"index":"index","follow":"follow","max-snippet":"max-snippet:-1","max-image-preview":"max-image-preview:large","max-video-preview":"max-video-preview:-1"},"canonical":"https:\/\/litteraturbanken.se\/ljudochbild\/forfattare\/creutzgp\/","og_locale":"sv_SE","og_type":"article","og_title":"Gustaf Philip Creutz (1731\u20131785) - Ljud &amp; Bild","og_description":"\u201dGUSTAF PHILIP CREUTZ (1731\u201385) var under m\u00e5nga \u00e5r verksam i Frankrike, som en Gustaf III s\u00e4rskilt n\u00e4rst\u00e5ende envoy\u00e9, sedermera ambassad\u00f6r. Han gjorde sig \u00e4ven k\u00e4nd som en framtr\u00e4dande kulturpersonlighet och umgicks i alla de mest ryktbara salongerna. Han [&hellip;]","og_url":"https:\/\/litteraturbanken.se\/ljudochbild\/forfattare\/creutzgp\/","og_site_name":"Ljud &amp; Bild","article_publisher":"https:\/\/www.facebook.com\/Litteraturbanken.se","article_modified_time":"2024-09-16T13:03:03+00:00","og_image":[{"width":410,"height":550,"url":"https:\/\/litteraturbanken.se\/ljudochbild\/wp-content\/uploads\/2019\/09\/CreutzGP_large.jpeg","type":"image\/jpeg"}],"twitter_card":"summary_large_image","twitter_site":"@litteraturbank","twitter_misc":{"Ber\u00e4knad l\u00e4stid":"2 minuter"},"schema":{"@context":"https:\/\/schema.org","@graph":[{"@type":"WebPage","@id":"https:\/\/litteraturbanken.se\/ljudochbild\/forfattare\/creutzgp\/","url":"https:\/\/litteraturbanken.se\/ljudochbild\/forfattare\/creutzgp\/","name":"Gustaf Philip Creutz (1731\u20131785) - Ljud &amp; Bild","isPartOf":{"@id":"https:\/\/litteraturbanken.se\/ljudochbild\/#website"},"primaryImageOfPage":{"@id":"https:\/\/litteraturbanken.se\/ljudochbild\/forfattare\/creutzgp\/#primaryimage"},"image":{"@id":"https:\/\/litteraturbanken.se\/ljudochbild\/forfattare\/creutzgp\/#primaryimage"},"thumbnailUrl":"https:\/\/litteraturbanken.se\/ljudochbild\/wp-content\/uploads\/2019\/09\/CreutzGP_large.jpeg","datePublished":"2019-08-13T12:03:22+00:00","dateModified":"2024-09-16T13:03:03+00:00","breadcrumb":{"@id":"https:\/\/litteraturbanken.se\/ljudochbild\/forfattare\/creutzgp\/#breadcrumb"},"inLanguage":"sv-SE","potentialAction":[{"@type":"ReadAction","target":["https:\/\/litteraturbanken.se\/ljudochbild\/forfattare\/creutzgp\/"]}]},{"@type":"ImageObject","inLanguage":"sv-SE","@id":"https:\/\/litteraturbanken.se\/ljudochbild\/forfattare\/creutzgp\/#primaryimage","url":"https:\/\/litteraturbanken.se\/ljudochbild\/wp-content\/uploads\/2019\/09\/CreutzGP_large.jpeg","contentUrl":"https:\/\/litteraturbanken.se\/ljudochbild\/wp-content\/uploads\/2019\/09\/CreutzGP_large.jpeg","width":410,"height":550},{"@type":"BreadcrumbList","@id":"https:\/\/litteraturbanken.se\/ljudochbild\/forfattare\/creutzgp\/#breadcrumb","itemListElement":[{"@type":"ListItem","position":1,"name":"Hem","item":"https:\/\/litteraturbanken.se\/ljudochbild\/"},{"@type":"ListItem","position":2,"name":"F\u00f6rfattare","item":"https:\/\/litteraturbanken.se\/ljudochbild\/forfattare\/"},{"@type":"ListItem","position":3,"name":"Gustaf Philip Creutz (1731\u20131785)"}]},{"@type":"WebSite","@id":"https:\/\/litteraturbanken.se\/ljudochbild\/#website","url":"https:\/\/litteraturbanken.se\/ljudochbild\/","name":"Ljud & Bild","description":"Ur Litteraturbankens samlingar","potentialAction":[{"@type":"SearchAction","target":{"@type":"EntryPoint","urlTemplate":"https:\/\/litteraturbanken.se\/ljudochbild\/?s={search_term_string}"},"query-input":{"@type":"PropertyValueSpecification","valueRequired":true,"valueName":"search_term_string"}}],"inLanguage":"sv-SE"}]}},"_links":{"self":[{"href":"https:\/\/litteraturbanken.se\/ljudochbild\/wp-json\/wp\/v2\/pages\/627","targetHints":{"allow":["GET"]}}],"collection":[{"href":"https:\/\/litteraturbanken.se\/ljudochbild\/wp-json\/wp\/v2\/pages"}],"about":[{"href":"https:\/\/litteraturbanken.se\/ljudochbild\/wp-json\/wp\/v2\/types\/page"}],"author":[{"embeddable":true,"href":"https:\/\/litteraturbanken.se\/ljudochbild\/wp-json\/wp\/v2\/users\/1"}],"replies":[{"embeddable":true,"href":"https:\/\/litteraturbanken.se\/ljudochbild\/wp-json\/wp\/v2\/comments?post=627"}],"version-history":[{"count":9,"href":"https:\/\/litteraturbanken.se\/ljudochbild\/wp-json\/wp\/v2\/pages\/627\/revisions"}],"predecessor-version":[{"id":12061,"href":"https:\/\/litteraturbanken.se\/ljudochbild\/wp-json\/wp\/v2\/pages\/627\/revisions\/12061"}],"up":[{"embeddable":true,"href":"https:\/\/litteraturbanken.se\/ljudochbild\/wp-json\/wp\/v2\/pages\/7"}],"wp:featuredmedia":[{"embeddable":true,"href":"https:\/\/litteraturbanken.se\/ljudochbild\/wp-json\/wp\/v2\/media\/1008"}],"wp:attachment":[{"href":"https:\/\/litteraturbanken.se\/ljudochbild\/wp-json\/wp\/v2\/media?parent=627"}],"curies":[{"name":"wp","href":"https:\/\/api.w.org\/{rel}","templated":true}]}}