{"id":629,"date":"2019-08-13T14:06:13","date_gmt":"2019-08-13T12:06:13","guid":{"rendered":"http:\/\/ordfabriken.org\/ljud\/?page_id=629"},"modified":"2024-09-18T11:22:24","modified_gmt":"2024-09-18T09:22:24","slug":"dahlstiernag","status":"publish","type":"page","link":"https:\/\/litteraturbanken.se\/ljudochbild\/forfattare\/dahlstiernag\/","title":{"rendered":"Gunno Dahlstierna (1661\u20131709)"},"content":{"rendered":"<div class=\"wp-block-image\">\n<figure class=\"alignright size-large is-resized\"><img loading=\"lazy\" decoding=\"async\" width=\"764\" height=\"1024\" src=\"https:\/\/litteraturbanken.se\/ljudochbild\/wp-content\/uploads\/2024\/09\/dahlstierna-764x1024.jpg\" alt=\"Gunno Dahlstierna\" class=\"wp-image-12321\" style=\"width:180px;height:auto\" srcset=\"https:\/\/litteraturbanken.se\/ljudochbild\/wp-content\/uploads\/2024\/09\/dahlstierna-764x1024.jpg 764w, https:\/\/litteraturbanken.se\/ljudochbild\/wp-content\/uploads\/2024\/09\/dahlstierna-224x300.jpg 224w, https:\/\/litteraturbanken.se\/ljudochbild\/wp-content\/uploads\/2024\/09\/dahlstierna-768x1029.jpg 768w, https:\/\/litteraturbanken.se\/ljudochbild\/wp-content\/uploads\/2024\/09\/dahlstierna-1146x1536.jpg 1146w, https:\/\/litteraturbanken.se\/ljudochbild\/wp-content\/uploads\/2024\/09\/dahlstierna-480x643.jpg 480w, https:\/\/litteraturbanken.se\/ljudochbild\/wp-content\/uploads\/2024\/09\/dahlstierna.jpg 1200w\" sizes=\"auto, (max-width: 764px) 100vw, 764px\" \/><\/figure>\n<\/div>\n\n\n<p>\u201dGUNNO DAHLSTIERNA (1661-1709), f\u00f6dd Eurelius, var till yrket framst\u00e5ende lantm\u00e4tare och kartograf, verksam i Sveriges baltiska och tyska provinser, framf\u00f6r allt Pommern, d\u00e4r han ocks\u00e5 slutade sitt liv. Sin diktarbana inledde han med f\u00f6r tiden typiska tillf\u00e4llighetsdikter. Egenarten i hans diktning kom till synes i n\u00e5gra under 1690\u2013talets f\u00f6rsta \u00e5r komponerade skaldestycken, bland dem gravdikten \u00f6ver Carl Liedeman (1691). Dahlstierna kom i dessa alster att, p\u00e5 nyfunnet s\u00e4tt, f\u00f6rena alexandrinens versm\u00e5tt och barockens spr\u00e5kprakt med skildringar av svensk landsbygd. Sammansm\u00e4ltningen av det barocka och det naivt enkla \u00e4r ocks\u00e5 det som blivit hans k\u00e4nnem\u00e4rke. Han har d\u00e4rav g\u00e5tt till efterv\u00e4rlden dels som v\u00e5r f\u00f6rste hembygdsdiktare och dels som v\u00e5rt lands fr\u00e4mste f\u00f6retr\u00e4dare f\u00f6r marinismen, den efter Giambattista Marino namngivna riktning i vilken den ornamentala omskrivningen k\u00e4nnetecknar substantivet; exempel hos Dahlstierna \u00e4r \u201dtr\u00e4slott\u201d i st\u00e4llet f\u00f6r skepp, \u201dhimlens silverv\u00e5rta\u201d i st\u00e4llet f\u00f6r m\u00e5nen, \u201dfj\u00e4llfrukt\u201d i st\u00e4llet f\u00f6r malm. Dahlstiernas st\u00f6rsta diktverk \u00e4r det efter Karl XI:s d\u00f6d f\u00f6rfattade&nbsp;<em>Kunga Skald<\/em>&nbsp;(i tryck 1698), d\u00e4r konungens begravning och folkets sorg skildras i h\u00f6g och l\u00e5g stil, genom en v\u00e4xels\u00e5ng av skilda karakt\u00e4rer vilka representerar olika litter\u00e4ra uttryckss\u00e4tt; de \u00e4r en herde, musan Thalia, gudinnan Svea, en adelsman, en pr\u00e4st, en borgare, en bonde.\u201d<\/p>\n\n\n\n<p>Stycket kommer ur Lotta Lotass introduktion om Gunno Dahlstierna hos Litteraturbanken.<\/p>\n\n\n\n<div class=\"wp-block-buttons is-layout-flex wp-block-buttons-is-layout-flex\">\n<div class=\"wp-block-button has-custom-font-size read-more-button\" style=\"font-size:14px\"><a class=\"wp-block-button__link has-white-color has-text-color has-background wp-element-button\" href=\"https:\/\/litteraturbanken.se\/f%C3%B6rfattare\/DahlstiernaG\" style=\"border-radius:0px;background-color:#cd2400\" target=\"_blank\" rel=\"noopener\"><strong>L\u00c4S MER OM GUNNO DAHLSTIERNA<\/strong><\/a><\/div>\n\n\n\n<div class=\"wp-block-button has-custom-font-size read-more-button\" style=\"font-size:14px\"><a class=\"wp-block-button__link has-white-color has-text-color has-background wp-element-button\" href=\"https:\/\/litteraturbanken.se\/f%C3%B6rfattare\/DahlstiernaG\/titlar\" style=\"border-radius:0px;background-color:#cd2400\" target=\"_blank\" rel=\"noopener\"><strong>L\u00c4S GUNNO DAHLSTIERNAS VERK HOS LB.SE<\/strong><\/a><\/div>\n<\/div>\n\n\n\n<div style=\"height:20px\" aria-hidden=\"true\" class=\"wp-block-spacer\"><\/div>\n\n\n\n<div class=\"wp-playlist wp-audio-playlist wp-playlist-light\">\n\t\t\t<div class=\"wp-playlist-current-item\"><\/div>\n\t\t<audio controls=\"controls\" preload=\"none\" width=\"618\"\n\t\t\t><\/audio>\n\t<div class=\"wp-playlist-next\"><\/div>\n\t<div class=\"wp-playlist-prev\"><\/div>\n\t<noscript>\n\t<ol>\n\t\t<li><a href='https:\/\/litteraturbanken.se\/ljudochbild\/wp-content\/uploads\/2019\/06\/dahlstierna_kungaskald_holmberg.mp3'>Kungaskald<\/a><\/li>\t<\/ol>\n\t<\/noscript>\n\t<script type=\"application\/json\" class=\"wp-playlist-script\">{\"type\":\"audio\",\"tracklist\":true,\"tracknumbers\":true,\"images\":true,\"artists\":true,\"tracks\":[{\"src\":\"https:\/\/litteraturbanken.se\/ljudochbild\/wp-content\/uploads\/2019\/06\/dahlstierna_kungaskald_holmberg.mp3\",\"type\":\"audio\/mpeg\",\"title\":\"Kungaskald\",\"caption\":\"\",\"description\":\"\\\"Kungaskald\\\" fr\\u00e5n Henric Holmberg av Dahlstierna, Gunno.\",\"meta\":{\"artist\":\"Henric Holmberg l\\u00e4ser Gunno Dahlstierna\",\"album\":\"Gunno Dahlstierna\",\"length_formatted\":\"0:59\"},\"image\":{\"src\":\"https:\/\/litteraturbanken.se\/ljudochbild\/wp-content\/plugins\/media-library-assistant\/images\/crystal\/audio.png\",\"width\":48,\"height\":64},\"thumb\":{\"src\":\"https:\/\/litteraturbanken.se\/ljudochbild\/wp-content\/plugins\/media-library-assistant\/images\/crystal\/audio.png\",\"width\":48,\"height\":64}}]}<\/script>\n<\/div>\n\t\n","protected":false},"excerpt":{"rendered":"<p>\u201dGUNNO DAHLSTIERNA (1661-1709), f\u00f6dd Eurelius, var till yrket framst\u00e5ende lantm\u00e4tare och kartograf, verksam i Sveriges baltiska och tyska provinser, framf\u00f6r allt Pommern, d\u00e4r han ocks\u00e5 slutade sitt liv. Sin diktarbana inledde han med f\u00f6r tiden typiska tillf\u00e4llighetsdikter. Egenarten [&hellip;]<\/p>\n","protected":false},"author":1,"featured_media":12321,"parent":7,"menu_order":0,"comment_status":"closed","ping_status":"closed","template":"","meta":{"footnotes":""},"class_list":["post-629","page","type-page","status-publish","has-post-thumbnail","hentry"],"yoast_head":"<!-- This site is optimized with the Yoast SEO plugin v27.1.1 - https:\/\/yoast.com\/product\/yoast-seo-wordpress\/ -->\n<title>Gunno Dahlstierna (1661\u20131709) - Ljud &amp; Bild<\/title>\n<meta name=\"robots\" content=\"index, follow, max-snippet:-1, max-image-preview:large, max-video-preview:-1\" \/>\n<link rel=\"canonical\" href=\"https:\/\/litteraturbanken.se\/ljudochbild\/forfattare\/dahlstiernag\/\" \/>\n<meta property=\"og:locale\" content=\"sv_SE\" \/>\n<meta property=\"og:type\" content=\"article\" \/>\n<meta property=\"og:title\" content=\"Gunno Dahlstierna (1661\u20131709) - Ljud &amp; Bild\" \/>\n<meta property=\"og:description\" content=\"\u201dGUNNO DAHLSTIERNA (1661-1709), f\u00f6dd Eurelius, var till yrket framst\u00e5ende lantm\u00e4tare och kartograf, verksam i Sveriges baltiska och tyska provinser, framf\u00f6r allt Pommern, d\u00e4r han ocks\u00e5 slutade sitt liv. Sin diktarbana inledde han med f\u00f6r tiden typiska tillf\u00e4llighetsdikter. Egenarten [&hellip;]\" \/>\n<meta property=\"og:url\" content=\"https:\/\/litteraturbanken.se\/ljudochbild\/forfattare\/dahlstiernag\/\" \/>\n<meta property=\"og:site_name\" content=\"Ljud &amp; Bild\" \/>\n<meta property=\"article:publisher\" content=\"https:\/\/www.facebook.com\/Litteraturbanken.se\" \/>\n<meta property=\"article:modified_time\" content=\"2024-09-18T09:22:24+00:00\" \/>\n<meta property=\"og:image\" content=\"https:\/\/litteraturbanken.se\/ljudochbild\/wp-content\/uploads\/2024\/09\/dahlstierna.jpg\" \/>\n\t<meta property=\"og:image:width\" content=\"1200\" \/>\n\t<meta property=\"og:image:height\" content=\"1608\" \/>\n\t<meta property=\"og:image:type\" content=\"image\/jpeg\" \/>\n<meta name=\"twitter:card\" content=\"summary_large_image\" \/>\n<meta name=\"twitter:site\" content=\"@litteraturbank\" \/>\n<meta name=\"twitter:label1\" content=\"Ber\u00e4knad l\u00e4stid\" \/>\n\t<meta name=\"twitter:data1\" content=\"2 minuter\" \/>\n<script type=\"application\/ld+json\" class=\"yoast-schema-graph\">{\"@context\":\"https:\/\/schema.org\",\"@graph\":[{\"@type\":\"WebPage\",\"@id\":\"https:\/\/litteraturbanken.se\/ljudochbild\/forfattare\/dahlstiernag\/\",\"url\":\"https:\/\/litteraturbanken.se\/ljudochbild\/forfattare\/dahlstiernag\/\",\"name\":\"Gunno Dahlstierna (1661\u20131709) - Ljud &amp; Bild\",\"isPartOf\":{\"@id\":\"https:\/\/litteraturbanken.se\/ljudochbild\/#website\"},\"primaryImageOfPage\":{\"@id\":\"https:\/\/litteraturbanken.se\/ljudochbild\/forfattare\/dahlstiernag\/#primaryimage\"},\"image\":{\"@id\":\"https:\/\/litteraturbanken.se\/ljudochbild\/forfattare\/dahlstiernag\/#primaryimage\"},\"thumbnailUrl\":\"https:\/\/litteraturbanken.se\/ljudochbild\/wp-content\/uploads\/2024\/09\/dahlstierna.jpg\",\"datePublished\":\"2019-08-13T12:06:13+00:00\",\"dateModified\":\"2024-09-18T09:22:24+00:00\",\"breadcrumb\":{\"@id\":\"https:\/\/litteraturbanken.se\/ljudochbild\/forfattare\/dahlstiernag\/#breadcrumb\"},\"inLanguage\":\"sv-SE\",\"potentialAction\":[{\"@type\":\"ReadAction\",\"target\":[\"https:\/\/litteraturbanken.se\/ljudochbild\/forfattare\/dahlstiernag\/\"]}]},{\"@type\":\"ImageObject\",\"inLanguage\":\"sv-SE\",\"@id\":\"https:\/\/litteraturbanken.se\/ljudochbild\/forfattare\/dahlstiernag\/#primaryimage\",\"url\":\"https:\/\/litteraturbanken.se\/ljudochbild\/wp-content\/uploads\/2024\/09\/dahlstierna.jpg\",\"contentUrl\":\"https:\/\/litteraturbanken.se\/ljudochbild\/wp-content\/uploads\/2024\/09\/dahlstierna.jpg\",\"width\":1200,\"height\":1608,\"caption\":\"Gunno Dahlstierna\"},{\"@type\":\"BreadcrumbList\",\"@id\":\"https:\/\/litteraturbanken.se\/ljudochbild\/forfattare\/dahlstiernag\/#breadcrumb\",\"itemListElement\":[{\"@type\":\"ListItem\",\"position\":1,\"name\":\"Hem\",\"item\":\"https:\/\/litteraturbanken.se\/ljudochbild\/\"},{\"@type\":\"ListItem\",\"position\":2,\"name\":\"F\u00f6rfattare\",\"item\":\"https:\/\/litteraturbanken.se\/ljudochbild\/forfattare\/\"},{\"@type\":\"ListItem\",\"position\":3,\"name\":\"Gunno Dahlstierna (1661\u20131709)\"}]},{\"@type\":\"WebSite\",\"@id\":\"https:\/\/litteraturbanken.se\/ljudochbild\/#website\",\"url\":\"https:\/\/litteraturbanken.se\/ljudochbild\/\",\"name\":\"Ljud & Bild\",\"description\":\"Ur Litteraturbankens samlingar\",\"potentialAction\":[{\"@type\":\"SearchAction\",\"target\":{\"@type\":\"EntryPoint\",\"urlTemplate\":\"https:\/\/litteraturbanken.se\/ljudochbild\/?s={search_term_string}\"},\"query-input\":{\"@type\":\"PropertyValueSpecification\",\"valueRequired\":true,\"valueName\":\"search_term_string\"}}],\"inLanguage\":\"sv-SE\"}]}<\/script>\n<!-- \/ Yoast SEO plugin. -->","yoast_head_json":{"title":"Gunno Dahlstierna (1661\u20131709) - Ljud &amp; Bild","robots":{"index":"index","follow":"follow","max-snippet":"max-snippet:-1","max-image-preview":"max-image-preview:large","max-video-preview":"max-video-preview:-1"},"canonical":"https:\/\/litteraturbanken.se\/ljudochbild\/forfattare\/dahlstiernag\/","og_locale":"sv_SE","og_type":"article","og_title":"Gunno Dahlstierna (1661\u20131709) - Ljud &amp; Bild","og_description":"\u201dGUNNO DAHLSTIERNA (1661-1709), f\u00f6dd Eurelius, var till yrket framst\u00e5ende lantm\u00e4tare och kartograf, verksam i Sveriges baltiska och tyska provinser, framf\u00f6r allt Pommern, d\u00e4r han ocks\u00e5 slutade sitt liv. Sin diktarbana inledde han med f\u00f6r tiden typiska tillf\u00e4llighetsdikter. Egenarten [&hellip;]","og_url":"https:\/\/litteraturbanken.se\/ljudochbild\/forfattare\/dahlstiernag\/","og_site_name":"Ljud &amp; Bild","article_publisher":"https:\/\/www.facebook.com\/Litteraturbanken.se","article_modified_time":"2024-09-18T09:22:24+00:00","og_image":[{"width":1200,"height":1608,"url":"https:\/\/litteraturbanken.se\/ljudochbild\/wp-content\/uploads\/2024\/09\/dahlstierna.jpg","type":"image\/jpeg"}],"twitter_card":"summary_large_image","twitter_site":"@litteraturbank","twitter_misc":{"Ber\u00e4knad l\u00e4stid":"2 minuter"},"schema":{"@context":"https:\/\/schema.org","@graph":[{"@type":"WebPage","@id":"https:\/\/litteraturbanken.se\/ljudochbild\/forfattare\/dahlstiernag\/","url":"https:\/\/litteraturbanken.se\/ljudochbild\/forfattare\/dahlstiernag\/","name":"Gunno Dahlstierna (1661\u20131709) - Ljud &amp; Bild","isPartOf":{"@id":"https:\/\/litteraturbanken.se\/ljudochbild\/#website"},"primaryImageOfPage":{"@id":"https:\/\/litteraturbanken.se\/ljudochbild\/forfattare\/dahlstiernag\/#primaryimage"},"image":{"@id":"https:\/\/litteraturbanken.se\/ljudochbild\/forfattare\/dahlstiernag\/#primaryimage"},"thumbnailUrl":"https:\/\/litteraturbanken.se\/ljudochbild\/wp-content\/uploads\/2024\/09\/dahlstierna.jpg","datePublished":"2019-08-13T12:06:13+00:00","dateModified":"2024-09-18T09:22:24+00:00","breadcrumb":{"@id":"https:\/\/litteraturbanken.se\/ljudochbild\/forfattare\/dahlstiernag\/#breadcrumb"},"inLanguage":"sv-SE","potentialAction":[{"@type":"ReadAction","target":["https:\/\/litteraturbanken.se\/ljudochbild\/forfattare\/dahlstiernag\/"]}]},{"@type":"ImageObject","inLanguage":"sv-SE","@id":"https:\/\/litteraturbanken.se\/ljudochbild\/forfattare\/dahlstiernag\/#primaryimage","url":"https:\/\/litteraturbanken.se\/ljudochbild\/wp-content\/uploads\/2024\/09\/dahlstierna.jpg","contentUrl":"https:\/\/litteraturbanken.se\/ljudochbild\/wp-content\/uploads\/2024\/09\/dahlstierna.jpg","width":1200,"height":1608,"caption":"Gunno Dahlstierna"},{"@type":"BreadcrumbList","@id":"https:\/\/litteraturbanken.se\/ljudochbild\/forfattare\/dahlstiernag\/#breadcrumb","itemListElement":[{"@type":"ListItem","position":1,"name":"Hem","item":"https:\/\/litteraturbanken.se\/ljudochbild\/"},{"@type":"ListItem","position":2,"name":"F\u00f6rfattare","item":"https:\/\/litteraturbanken.se\/ljudochbild\/forfattare\/"},{"@type":"ListItem","position":3,"name":"Gunno Dahlstierna (1661\u20131709)"}]},{"@type":"WebSite","@id":"https:\/\/litteraturbanken.se\/ljudochbild\/#website","url":"https:\/\/litteraturbanken.se\/ljudochbild\/","name":"Ljud & Bild","description":"Ur Litteraturbankens samlingar","potentialAction":[{"@type":"SearchAction","target":{"@type":"EntryPoint","urlTemplate":"https:\/\/litteraturbanken.se\/ljudochbild\/?s={search_term_string}"},"query-input":{"@type":"PropertyValueSpecification","valueRequired":true,"valueName":"search_term_string"}}],"inLanguage":"sv-SE"}]}},"_links":{"self":[{"href":"https:\/\/litteraturbanken.se\/ljudochbild\/wp-json\/wp\/v2\/pages\/629","targetHints":{"allow":["GET"]}}],"collection":[{"href":"https:\/\/litteraturbanken.se\/ljudochbild\/wp-json\/wp\/v2\/pages"}],"about":[{"href":"https:\/\/litteraturbanken.se\/ljudochbild\/wp-json\/wp\/v2\/types\/page"}],"author":[{"embeddable":true,"href":"https:\/\/litteraturbanken.se\/ljudochbild\/wp-json\/wp\/v2\/users\/1"}],"replies":[{"embeddable":true,"href":"https:\/\/litteraturbanken.se\/ljudochbild\/wp-json\/wp\/v2\/comments?post=629"}],"version-history":[{"count":6,"href":"https:\/\/litteraturbanken.se\/ljudochbild\/wp-json\/wp\/v2\/pages\/629\/revisions"}],"predecessor-version":[{"id":12581,"href":"https:\/\/litteraturbanken.se\/ljudochbild\/wp-json\/wp\/v2\/pages\/629\/revisions\/12581"}],"up":[{"embeddable":true,"href":"https:\/\/litteraturbanken.se\/ljudochbild\/wp-json\/wp\/v2\/pages\/7"}],"wp:featuredmedia":[{"embeddable":true,"href":"https:\/\/litteraturbanken.se\/ljudochbild\/wp-json\/wp\/v2\/media\/12321"}],"wp:attachment":[{"href":"https:\/\/litteraturbanken.se\/ljudochbild\/wp-json\/wp\/v2\/media?parent=629"}],"curies":[{"name":"wp","href":"https:\/\/api.w.org\/{rel}","templated":true}]}}