{"id":643,"date":"2019-08-13T14:19:07","date_gmt":"2019-08-13T12:19:07","guid":{"rendered":"http:\/\/ordfabriken.org\/ljud\/?page_id=643"},"modified":"2024-09-16T15:30:10","modified_gmt":"2024-09-16T13:30:10","slug":"geijereg","status":"publish","type":"page","link":"https:\/\/litteraturbanken.se\/ljudochbild\/forfattare\/geijereg\/","title":{"rendered":"Erik Gustaf Geijer (1783\u20131847)"},"content":{"rendered":"<div class=\"wp-block-image\">\n<figure class=\"alignright\"><img loading=\"lazy\" decoding=\"async\" width=\"244\" height=\"300\" src=\"https:\/\/litteraturbanken.se\/ljudochbild\/wp-content\/uploads\/2019\/09\/GeijerEG_large-244x300.jpeg\" alt=\"Teckning av Erik Gustaf Geijer\" class=\"wp-image-956\" srcset=\"https:\/\/litteraturbanken.se\/ljudochbild\/wp-content\/uploads\/2019\/09\/GeijerEG_large-244x300.jpeg 244w, https:\/\/litteraturbanken.se\/ljudochbild\/wp-content\/uploads\/2019\/09\/GeijerEG_large.jpeg 448w\" sizes=\"auto, (max-width: 244px) 100vw, 244px\" \/><figcaption class=\"wp-element-caption\"><em>Teckning i blyerts av Maria R\u00f6hl<\/em>.<\/figcaption><\/figure>\n<\/div>\n\n\n<p>\u201dERIK GUSTAF GEIJER (1783\u20131847) f\u00f6renar i sitt f\u00f6rfattarskap snart sagt hela den sf\u00e4r som kallas humaniora. Inom s\u00e5v\u00e4l historia som filsofi, religion, samh\u00e4llsbyggnad och sk\u00f6nlitteratur skrev han \u00e4nnu levande, l\u00f6diga verk. Under hans ledning kom\u00a0<em>Iduna<\/em>, G\u00f6tiska f\u00f6rbundets tidskrift, att bli en av Sveriges ledande kulturtidskrifter. Det f\u00f6rsta numret, utgivet 1811, skrevs helt av Geijer sj\u00e4lv och ger en blixtbelysning av hans poetik och id\u00e9v\u00e4rld. H\u00e4r \u00e5terfinns bland annat de k\u00e4nda rolldikterna\u00a0<a href=\"https:\/\/litteraturbanken.se\/forfattare\/GeijerEG\/titlar\/Dikter\/sida\/8\/etext\">\u201dVikingen\u201d<\/a>, <a href=\"https:\/\/litteraturbanken.se\/forfattare\/GeijerEG\/titlar\/Dikter\/sida\/12\/etext\">\u201dOdalbonden\u201d<\/a>\u00a0och\u00a0<a href=\"https:\/\/litteraturbanken.se\/forfattare\/GeijerEG\/titlar\/Dikter\/sida\/18\/etext\">\u201dDen siste k\u00e4mpen\u201d<\/a>\u00a0j\u00e4mte nya tolkningar av dikter ur den isl\u00e4ndska skaldepoesin. Numret inleds med en belysande \u201dAnm\u00e4lan\u201d d\u00e4r Geijer beskriver den betydelse han menar att nationens levande minnen och traditioner har f\u00f6r folkkarakt\u00e4ren, f\u00f6r ett folks sj\u00e4lvmedvetande. Geijer framh\u00f6ll i allt den nationella och samh\u00e4lleliga gemenskapen som en n\u00f6dv\u00e4ndig f\u00f6ruts\u00e4ttning f\u00f6r den enskilda m\u00e4nniskans utveckling. H\u00e4rvid kom studiet av historien, myterna och hj\u00e4ltesagorna att tilldelas st\u00f6rsta vikt.\u201d<\/p>\n\n\n\n<p>Stycket ovanf\u00f6r kommer ur Lotta Lotass introduktion av Erik Gustaf Geijer hos Litteraturbanken.<\/p>\n\n\n\n<div class=\"wp-block-buttons is-layout-flex wp-block-buttons-is-layout-flex\">\n<div class=\"wp-block-button has-custom-font-size read-more-button\" style=\"font-size:14px\"><a class=\"wp-block-button__link has-white-color has-text-color has-background wp-element-button\" href=\"https:\/\/litteraturbanken.se\/f%C3%B6rfattare\/GeijerEG\" style=\"border-radius:0px;background-color:#cd2400\" target=\"_blank\" rel=\"noopener\"><strong>L\u00c4S MER OM ERIK GUSTAF GEIJER <\/strong><\/a><\/div>\n\n\n\n<div class=\"wp-block-button has-custom-font-size read-more-button\" style=\"font-size:14px\"><a class=\"wp-block-button__link has-white-color has-text-color has-background wp-element-button\" href=\"https:\/\/litteraturbanken.se\/f%C3%B6rfattare\/GeijerEG\/titlar\" style=\"border-radius:0px;background-color:#cd2400\" target=\"_blank\" rel=\"noopener\"><strong>L\u00c4S ERIK GUSTAF GEIJERS VERK HOS LB.SE<\/strong><\/a><\/div>\n<\/div>\n\n\n\n<div style=\"height:20px\" aria-hidden=\"true\" class=\"wp-block-spacer\"><\/div>\n\n\n\n<div class=\"wp-playlist wp-audio-playlist wp-playlist-light\">\n\t\t\t<div class=\"wp-playlist-current-item\"><\/div>\n\t\t<audio controls=\"controls\" preload=\"none\" width=\"618\"\n\t\t\t><\/audio>\n\t<div class=\"wp-playlist-next\"><\/div>\n\t<div class=\"wp-playlist-prev\"><\/div>\n\t<noscript>\n\t<ol>\n\t\t<li><a href='https:\/\/litteraturbanken.se\/ljudochbild\/wp-content\/uploads\/2019\/09\/geijer_natthimlen_mossaed.mp3'>Natthimlen<\/a><\/li><li><a href='https:\/\/litteraturbanken.se\/ljudochbild\/wp-content\/uploads\/2019\/09\/geijer_panyarsdagen1838_pleijel.mp3'>P\u00e5 ny\u00e5rsdagen 1838<\/a><\/li><li><a href='https:\/\/litteraturbanken.se\/ljudochbild\/wp-content\/uploads\/2024\/09\/geijer_panyarsdagen1838_august.mp3'>P\u00e5 ny\u00e5rsdagen 1838<\/a><\/li><li><a href='https:\/\/litteraturbanken.se\/ljudochbild\/wp-content\/uploads\/2019\/09\/geijer_shakspeare_pleijel.mp3'>Shakspeare<\/a><\/li><li><a href='https:\/\/litteraturbanken.se\/ljudochbild\/wp-content\/uploads\/2024\/09\/geijer_vallgossensvisa_ehn.mp3'>Vallgossens visa<\/a><\/li><li><a href='https:\/\/litteraturbanken.se\/ljudochbild\/wp-content\/uploads\/2020\/08\/geijer_brevtillforaldrarna30juli1809_claesson.mp3'>Brev till f\u00f6r\u00e4ldrarna 30 juli 1809<\/a><\/li>\t<\/ol>\n\t<\/noscript>\n\t<script type=\"application\/json\" class=\"wp-playlist-script\">{\"type\":\"audio\",\"tracklist\":true,\"tracknumbers\":true,\"images\":true,\"artists\":true,\"tracks\":[{\"src\":\"https:\/\/litteraturbanken.se\/ljudochbild\/wp-content\/uploads\/2019\/09\/geijer_natthimlen_mossaed.mp3\",\"type\":\"audio\/mpeg\",\"title\":\"Natthimlen\",\"caption\":\"\",\"description\":\"\\\"Natthimlen\\\" fr\\u00e5n Jila Mossaed l\\u00e4ser svenska klassiker av Geijer, Erik Gustaf. Sl\\u00e4ppt: 2019. Sp\\u00e5r 9 av 22.\",\"meta\":{\"artist\":\"Jila Mossaed l\\u00e4ser Erik Gustaf Geijer\",\"album\":\"Erik Gustaf Geijer\",\"year\":\"2019\",\"length_formatted\":\"0:56\"},\"image\":{\"src\":\"https:\/\/litteraturbanken.se\/ljudochbild\/wp-content\/uploads\/2019\/09\/lb_albumart-2.png\",\"width\":580,\"height\":612},\"thumb\":{\"src\":\"https:\/\/litteraturbanken.se\/ljudochbild\/wp-content\/uploads\/2019\/09\/lb_albumart-2-150x150.png\",\"width\":150,\"height\":150}},{\"src\":\"https:\/\/litteraturbanken.se\/ljudochbild\/wp-content\/uploads\/2019\/09\/geijer_panyarsdagen1838_pleijel.mp3\",\"type\":\"audio\/mpeg\",\"title\":\"P\\u00e5 ny\\u00e5rsdagen 1838\",\"caption\":\"\",\"description\":\"\\\"P\\u00e5 ny\\u00e5rsdagen 1838\\\" fr\\u00e5n P\\u00e5 ny\\u00e5rsdagen 1838 av Geijer, Erik Gustaf.\",\"meta\":{\"artist\":\"Agneta Pleijel l\\u00e4ser Erik Gustaf Geijer\",\"album\":\"Erik Gustaf Geijer\",\"length_formatted\":\"0:39\"},\"image\":{\"src\":\"https:\/\/litteraturbanken.se\/ljudochbild\/wp-content\/plugins\/media-library-assistant\/images\/crystal\/audio.png\",\"width\":48,\"height\":64},\"thumb\":{\"src\":\"https:\/\/litteraturbanken.se\/ljudochbild\/wp-content\/plugins\/media-library-assistant\/images\/crystal\/audio.png\",\"width\":48,\"height\":64}},{\"src\":\"https:\/\/litteraturbanken.se\/ljudochbild\/wp-content\/uploads\/2024\/09\/geijer_panyarsdagen1838_august.mp3\",\"type\":\"audio\/mpeg\",\"title\":\"P\\u00e5 ny\\u00e5rsdagen 1838\",\"caption\":\"\",\"description\":\"\\u201dP\\u00e5 ny\\u00e5rsdagen 1838\\u201d fr\\u00e5n Erik Gustaf Geijer l\\u00e4st av Pernilla August av Dikt 1593\\u20131939. Svensk och finlandssvensk lyrik i uppl\\u00e4sning av svenska och finlandssvenska sk\\u00e5despelare.\",\"meta\":{\"artist\":\"Pernilla August l\\u00e4ser Erik Gustaf Geijer. Dikt 1593\\u20131939\",\"album\":\"Erik Gustaf Geijer\",\"length_formatted\":\"0:39\"},\"image\":{\"src\":\"https:\/\/litteraturbanken.se\/ljudochbild\/wp-content\/uploads\/2024\/09\/almqvist_denlyssnandemaria_lindh-mp3-image.jpg\",\"width\":1200,\"height\":1201},\"thumb\":{\"src\":\"https:\/\/litteraturbanken.se\/ljudochbild\/wp-content\/uploads\/2024\/09\/almqvist_denlyssnandemaria_lindh-mp3-image-150x150.jpg\",\"width\":150,\"height\":150}},{\"src\":\"https:\/\/litteraturbanken.se\/ljudochbild\/wp-content\/uploads\/2019\/09\/geijer_shakspeare_pleijel.mp3\",\"type\":\"audio\/mpeg\",\"title\":\"Shakspeare\",\"caption\":\"\",\"description\":\"\\\"Shakspeare\\\" fr\\u00e5n Shakspeare av Geijer, Erik Gustaf.\",\"meta\":{\"artist\":\"Agneta Pleijel l\\u00e4ser Erik Gustaf Geijer\",\"album\":\"Erik Gustaf Geijer\",\"length_formatted\":\"2:19\"},\"image\":{\"src\":\"https:\/\/litteraturbanken.se\/ljudochbild\/wp-content\/plugins\/media-library-assistant\/images\/crystal\/audio.png\",\"width\":48,\"height\":64},\"thumb\":{\"src\":\"https:\/\/litteraturbanken.se\/ljudochbild\/wp-content\/plugins\/media-library-assistant\/images\/crystal\/audio.png\",\"width\":48,\"height\":64}},{\"src\":\"https:\/\/litteraturbanken.se\/ljudochbild\/wp-content\/uploads\/2024\/09\/geijer_vallgossensvisa_ehn.mp3\",\"type\":\"audio\/mpeg\",\"title\":\"Vallgossens visa\",\"caption\":\"\",\"description\":\"\\u201dVallgossens visa\\u201d fr\\u00e5n Erik Gustaf Geijer l\\u00e4st av Erik Ehn av Dikt 1593\\u20131939. Svensk och finlandssvensk lyrik i uppl\\u00e4sning av svenska och finlandssvenska sk\\u00e5despelare.\",\"meta\":{\"artist\":\"Erik Ehn l\\u00e4ser Erik Gustaf Geijer. Dikt 1593\\u20131939\",\"album\":\"Erik Gustaf Geijer\",\"length_formatted\":\"0:50\"},\"image\":{\"src\":\"https:\/\/litteraturbanken.se\/ljudochbild\/wp-content\/uploads\/2024\/09\/almqvist_denlyssnandemaria_lindh-mp3-image.jpg\",\"width\":1200,\"height\":1201},\"thumb\":{\"src\":\"https:\/\/litteraturbanken.se\/ljudochbild\/wp-content\/uploads\/2024\/09\/almqvist_denlyssnandemaria_lindh-mp3-image-150x150.jpg\",\"width\":150,\"height\":150}},{\"src\":\"https:\/\/litteraturbanken.se\/ljudochbild\/wp-content\/uploads\/2020\/08\/geijer_brevtillforaldrarna30juli1809_claesson.mp3\",\"type\":\"audio\/mpeg\",\"title\":\"Brev till f\\u00f6r\\u00e4ldrarna 30 juli 1809\",\"caption\":\"\",\"description\":\"\\\"Brev till f\\u00f6r\\u00e4ldrarna 30 juli 1809\\\" fr\\u00e5n ETT HJ\\u00c4RTA I RYMDEN. Brev och dagb\\u00f6cker ur Litteraturbankens samlingar av Geijer, Erik Gustaf. Sl\\u00e4ppt: 2020. Sp\\u00e5r 12.\",\"meta\":{\"artist\":\"\\u201dEtt hj\\u00e4rta i rymden\\u201d. Brev och dagb\\u00f6cker ur Litteraturbankens samlingar\",\"album\":\"Erik Gustaf Geijer l\\u00e4st av Dick Cla\\u00e9sson\",\"year\":\"2020\",\"length_formatted\":\"3:22\"},\"image\":{\"src\":\"https:\/\/litteraturbanken.se\/ljudochbild\/wp-content\/uploads\/2019\/09\/wide_gub_wide-mp3-image.png\",\"width\":580,\"height\":612},\"thumb\":{\"src\":\"https:\/\/litteraturbanken.se\/ljudochbild\/wp-content\/uploads\/2019\/09\/wide_gub_wide-mp3-image-150x150.png\",\"width\":150,\"height\":150}}]}<\/script>\n<\/div>\n\t\n\n\n\n<hr class=\"wp-block-separator has-alpha-channel-opacity\"\/>\n\n\n\n<p><em>Inspelningarna tillg\u00e4ngligg\u00f6rs h\u00e4r med tillst\u00e5nd fr\u00e5n inl\u00e4sarna.<\/em><\/p>\n\n\n<h3 class=\"wp-block-heading author-related-title\">L\u00e4s mer<\/h3>\r\n<div class=\"display-posts-listing grid\"><div class=\"listing-item\"><a class=\"image\" href=\"https:\/\/litteraturbanken.se\/ljudochbild\/2020\/08\/21\/ett-hjarta-i-rymden\/\"><img loading=\"lazy\" decoding=\"async\" width=\"640\" height=\"510\" src=\"https:\/\/litteraturbanken.se\/ljudochbild\/wp-content\/uploads\/2020\/08\/start_bkg_aug2020-1024x816.jpg\" class=\"attachment-large size-large wp-post-image\" alt=\"\" srcset=\"https:\/\/litteraturbanken.se\/ljudochbild\/wp-content\/uploads\/2020\/08\/start_bkg_aug2020-1024x816.jpg 1024w, https:\/\/litteraturbanken.se\/ljudochbild\/wp-content\/uploads\/2020\/08\/start_bkg_aug2020-300x239.jpg 300w, https:\/\/litteraturbanken.se\/ljudochbild\/wp-content\/uploads\/2020\/08\/start_bkg_aug2020-768x612.jpg 768w, https:\/\/litteraturbanken.se\/ljudochbild\/wp-content\/uploads\/2020\/08\/start_bkg_aug2020-1536x1223.jpg 1536w, https:\/\/litteraturbanken.se\/ljudochbild\/wp-content\/uploads\/2020\/08\/start_bkg_aug2020-480x382.jpg 480w, https:\/\/litteraturbanken.se\/ljudochbild\/wp-content\/uploads\/2020\/08\/start_bkg_aug2020.jpg 2000w\" sizes=\"auto, (max-width: 640px) 100vw, 640px\" \/><\/a> <a class=\"title\" href=\"https:\/\/litteraturbanken.se\/ljudochbild\/2020\/08\/21\/ett-hjarta-i-rymden\/\">Ett hj\u00e4rta i rymden<\/a><\/div><div class=\"listing-item\"><a class=\"image\" href=\"https:\/\/litteraturbanken.se\/ljudochbild\/2019\/09\/22\/mossaed-laser-klassiker\/\"><img loading=\"lazy\" decoding=\"async\" width=\"640\" height=\"853\" src=\"https:\/\/litteraturbanken.se\/ljudochbild\/wp-content\/uploads\/2019\/09\/58758430_10157113315819761_8851764749076004864_o-768x1024.jpg\" class=\"attachment-large size-large wp-post-image\" alt=\"\" srcset=\"https:\/\/litteraturbanken.se\/ljudochbild\/wp-content\/uploads\/2019\/09\/58758430_10157113315819761_8851764749076004864_o-768x1024.jpg 768w, https:\/\/litteraturbanken.se\/ljudochbild\/wp-content\/uploads\/2019\/09\/58758430_10157113315819761_8851764749076004864_o-225x300.jpg 225w, https:\/\/litteraturbanken.se\/ljudochbild\/wp-content\/uploads\/2019\/09\/58758430_10157113315819761_8851764749076004864_o-480x640.jpg 480w, https:\/\/litteraturbanken.se\/ljudochbild\/wp-content\/uploads\/2019\/09\/58758430_10157113315819761_8851764749076004864_o-e1568905620148.jpg 600w\" sizes=\"auto, (max-width: 640px) 100vw, 640px\" \/><\/a> <a class=\"title\" href=\"https:\/\/litteraturbanken.se\/ljudochbild\/2019\/09\/22\/mossaed-laser-klassiker\/\">Jila Mossaed l\u00e4ser klassiker<\/a><\/div><div class=\"listing-item\"><a class=\"image\" href=\"https:\/\/litteraturbanken.se\/ljudochbild\/2023\/09\/18\/las-in-en-klassiker\/\"><img loading=\"lazy\" decoding=\"async\" width=\"640\" height=\"960\" src=\"https:\/\/litteraturbanken.se\/ljudochbild\/wp-content\/uploads\/2023\/09\/bokmassan_inlasningar-683x1024.jpg\" class=\"attachment-large size-large wp-post-image\" alt=\"L\u00e4s in en klassiker. B\u00f6cker med mikrofon\" srcset=\"https:\/\/litteraturbanken.se\/ljudochbild\/wp-content\/uploads\/2023\/09\/bokmassan_inlasningar-683x1024.jpg 683w, https:\/\/litteraturbanken.se\/ljudochbild\/wp-content\/uploads\/2023\/09\/bokmassan_inlasningar-200x300.jpg 200w, https:\/\/litteraturbanken.se\/ljudochbild\/wp-content\/uploads\/2023\/09\/bokmassan_inlasningar-768x1152.jpg 768w, https:\/\/litteraturbanken.se\/ljudochbild\/wp-content\/uploads\/2023\/09\/bokmassan_inlasningar-1024x1536.jpg 1024w, https:\/\/litteraturbanken.se\/ljudochbild\/wp-content\/uploads\/2023\/09\/bokmassan_inlasningar-480x720.jpg 480w, https:\/\/litteraturbanken.se\/ljudochbild\/wp-content\/uploads\/2023\/09\/bokmassan_inlasningar.jpg 1200w\" sizes=\"auto, (max-width: 640px) 100vw, 640px\" \/><\/a> <a class=\"title\" href=\"https:\/\/litteraturbanken.se\/ljudochbild\/2023\/09\/18\/las-in-en-klassiker\/\">L\u00e4s in en klassiker<\/a><\/div><\/div>\r\n\r\n\n","protected":false},"excerpt":{"rendered":"<p>\u201dERIK GUSTAF GEIJER (1783\u20131847) f\u00f6renar i sitt f\u00f6rfattarskap snart sagt hela den sf\u00e4r som kallas humaniora. Inom s\u00e5v\u00e4l historia som filsofi, religion, samh\u00e4llsbyggnad och sk\u00f6nlitteratur skrev han \u00e4nnu levande, l\u00f6diga verk. Under hans ledning kom\u00a0Iduna, G\u00f6tiska f\u00f6rbundets tidskrift, [&hellip;]<\/p>\n","protected":false},"author":1,"featured_media":956,"parent":7,"menu_order":0,"comment_status":"closed","ping_status":"closed","template":"","meta":{"footnotes":""},"class_list":["post-643","page","type-page","status-publish","has-post-thumbnail","hentry"],"yoast_head":"<!-- This site is optimized with the Yoast SEO plugin v27.1.1 - https:\/\/yoast.com\/product\/yoast-seo-wordpress\/ -->\n<title>Erik Gustaf Geijer (1783\u20131847) - Ljud &amp; Bild<\/title>\n<meta name=\"description\" content=\"Erik Gustaf Geijer f\u00f6renar i sitt f\u00f6rfattarskap snart sagt hela den sf\u00e4r som kallas humaniora. Inom s\u00e5v\u00e4l historia som filsofi, religion...\" \/>\n<meta name=\"robots\" content=\"index, follow, max-snippet:-1, max-image-preview:large, max-video-preview:-1\" \/>\n<link rel=\"canonical\" href=\"https:\/\/litteraturbanken.se\/ljudochbild\/forfattare\/geijereg\/\" \/>\n<meta property=\"og:locale\" content=\"sv_SE\" \/>\n<meta property=\"og:type\" content=\"article\" \/>\n<meta property=\"og:title\" content=\"Erik Gustaf Geijer (1783\u20131847) - Ljud &amp; Bild\" \/>\n<meta property=\"og:description\" content=\"Erik Gustaf Geijer f\u00f6renar i sitt f\u00f6rfattarskap snart sagt hela den sf\u00e4r som kallas humaniora. Inom s\u00e5v\u00e4l historia som filsofi, religion...\" \/>\n<meta property=\"og:url\" content=\"https:\/\/litteraturbanken.se\/ljudochbild\/forfattare\/geijereg\/\" \/>\n<meta property=\"og:site_name\" content=\"Ljud &amp; Bild\" \/>\n<meta property=\"article:publisher\" content=\"https:\/\/www.facebook.com\/Litteraturbanken.se\" \/>\n<meta property=\"article:modified_time\" content=\"2024-09-16T13:30:10+00:00\" \/>\n<meta property=\"og:image\" content=\"https:\/\/litteraturbanken.se\/ljudochbild\/wp-content\/uploads\/2019\/09\/GeijerEG_large.jpeg\" \/>\n\t<meta property=\"og:image:width\" content=\"448\" \/>\n\t<meta property=\"og:image:height\" content=\"550\" \/>\n\t<meta property=\"og:image:type\" content=\"image\/jpeg\" \/>\n<meta name=\"twitter:card\" content=\"summary_large_image\" \/>\n<meta name=\"twitter:site\" content=\"@litteraturbank\" \/>\n<meta name=\"twitter:label1\" content=\"Ber\u00e4knad l\u00e4stid\" \/>\n\t<meta name=\"twitter:data1\" content=\"2 minuter\" \/>\n<script type=\"application\/ld+json\" class=\"yoast-schema-graph\">{\"@context\":\"https:\/\/schema.org\",\"@graph\":[{\"@type\":\"WebPage\",\"@id\":\"https:\/\/litteraturbanken.se\/ljudochbild\/forfattare\/geijereg\/\",\"url\":\"https:\/\/litteraturbanken.se\/ljudochbild\/forfattare\/geijereg\/\",\"name\":\"Erik Gustaf Geijer (1783\u20131847) - Ljud &amp; Bild\",\"isPartOf\":{\"@id\":\"https:\/\/litteraturbanken.se\/ljudochbild\/#website\"},\"primaryImageOfPage\":{\"@id\":\"https:\/\/litteraturbanken.se\/ljudochbild\/forfattare\/geijereg\/#primaryimage\"},\"image\":{\"@id\":\"https:\/\/litteraturbanken.se\/ljudochbild\/forfattare\/geijereg\/#primaryimage\"},\"thumbnailUrl\":\"https:\/\/litteraturbanken.se\/ljudochbild\/wp-content\/uploads\/2019\/09\/GeijerEG_large.jpeg\",\"datePublished\":\"2019-08-13T12:19:07+00:00\",\"dateModified\":\"2024-09-16T13:30:10+00:00\",\"description\":\"Erik Gustaf Geijer f\u00f6renar i sitt f\u00f6rfattarskap snart sagt hela den sf\u00e4r som kallas humaniora. Inom s\u00e5v\u00e4l historia som filsofi, religion...\",\"breadcrumb\":{\"@id\":\"https:\/\/litteraturbanken.se\/ljudochbild\/forfattare\/geijereg\/#breadcrumb\"},\"inLanguage\":\"sv-SE\",\"potentialAction\":[{\"@type\":\"ReadAction\",\"target\":[\"https:\/\/litteraturbanken.se\/ljudochbild\/forfattare\/geijereg\/\"]}]},{\"@type\":\"ImageObject\",\"inLanguage\":\"sv-SE\",\"@id\":\"https:\/\/litteraturbanken.se\/ljudochbild\/forfattare\/geijereg\/#primaryimage\",\"url\":\"https:\/\/litteraturbanken.se\/ljudochbild\/wp-content\/uploads\/2019\/09\/GeijerEG_large.jpeg\",\"contentUrl\":\"https:\/\/litteraturbanken.se\/ljudochbild\/wp-content\/uploads\/2019\/09\/GeijerEG_large.jpeg\",\"width\":448,\"height\":550},{\"@type\":\"BreadcrumbList\",\"@id\":\"https:\/\/litteraturbanken.se\/ljudochbild\/forfattare\/geijereg\/#breadcrumb\",\"itemListElement\":[{\"@type\":\"ListItem\",\"position\":1,\"name\":\"Hem\",\"item\":\"https:\/\/litteraturbanken.se\/ljudochbild\/\"},{\"@type\":\"ListItem\",\"position\":2,\"name\":\"F\u00f6rfattare\",\"item\":\"https:\/\/litteraturbanken.se\/ljudochbild\/forfattare\/\"},{\"@type\":\"ListItem\",\"position\":3,\"name\":\"Erik Gustaf Geijer (1783\u20131847)\"}]},{\"@type\":\"WebSite\",\"@id\":\"https:\/\/litteraturbanken.se\/ljudochbild\/#website\",\"url\":\"https:\/\/litteraturbanken.se\/ljudochbild\/\",\"name\":\"Ljud & Bild\",\"description\":\"Ur Litteraturbankens samlingar\",\"potentialAction\":[{\"@type\":\"SearchAction\",\"target\":{\"@type\":\"EntryPoint\",\"urlTemplate\":\"https:\/\/litteraturbanken.se\/ljudochbild\/?s={search_term_string}\"},\"query-input\":{\"@type\":\"PropertyValueSpecification\",\"valueRequired\":true,\"valueName\":\"search_term_string\"}}],\"inLanguage\":\"sv-SE\"}]}<\/script>\n<!-- \/ Yoast SEO plugin. -->","yoast_head_json":{"title":"Erik Gustaf Geijer (1783\u20131847) - Ljud &amp; Bild","description":"Erik Gustaf Geijer f\u00f6renar i sitt f\u00f6rfattarskap snart sagt hela den sf\u00e4r som kallas humaniora. Inom s\u00e5v\u00e4l historia som filsofi, religion...","robots":{"index":"index","follow":"follow","max-snippet":"max-snippet:-1","max-image-preview":"max-image-preview:large","max-video-preview":"max-video-preview:-1"},"canonical":"https:\/\/litteraturbanken.se\/ljudochbild\/forfattare\/geijereg\/","og_locale":"sv_SE","og_type":"article","og_title":"Erik Gustaf Geijer (1783\u20131847) - Ljud &amp; Bild","og_description":"Erik Gustaf Geijer f\u00f6renar i sitt f\u00f6rfattarskap snart sagt hela den sf\u00e4r som kallas humaniora. Inom s\u00e5v\u00e4l historia som filsofi, religion...","og_url":"https:\/\/litteraturbanken.se\/ljudochbild\/forfattare\/geijereg\/","og_site_name":"Ljud &amp; Bild","article_publisher":"https:\/\/www.facebook.com\/Litteraturbanken.se","article_modified_time":"2024-09-16T13:30:10+00:00","og_image":[{"width":448,"height":550,"url":"https:\/\/litteraturbanken.se\/ljudochbild\/wp-content\/uploads\/2019\/09\/GeijerEG_large.jpeg","type":"image\/jpeg"}],"twitter_card":"summary_large_image","twitter_site":"@litteraturbank","twitter_misc":{"Ber\u00e4knad l\u00e4stid":"2 minuter"},"schema":{"@context":"https:\/\/schema.org","@graph":[{"@type":"WebPage","@id":"https:\/\/litteraturbanken.se\/ljudochbild\/forfattare\/geijereg\/","url":"https:\/\/litteraturbanken.se\/ljudochbild\/forfattare\/geijereg\/","name":"Erik Gustaf Geijer (1783\u20131847) - Ljud &amp; Bild","isPartOf":{"@id":"https:\/\/litteraturbanken.se\/ljudochbild\/#website"},"primaryImageOfPage":{"@id":"https:\/\/litteraturbanken.se\/ljudochbild\/forfattare\/geijereg\/#primaryimage"},"image":{"@id":"https:\/\/litteraturbanken.se\/ljudochbild\/forfattare\/geijereg\/#primaryimage"},"thumbnailUrl":"https:\/\/litteraturbanken.se\/ljudochbild\/wp-content\/uploads\/2019\/09\/GeijerEG_large.jpeg","datePublished":"2019-08-13T12:19:07+00:00","dateModified":"2024-09-16T13:30:10+00:00","description":"Erik Gustaf Geijer f\u00f6renar i sitt f\u00f6rfattarskap snart sagt hela den sf\u00e4r som kallas humaniora. Inom s\u00e5v\u00e4l historia som filsofi, religion...","breadcrumb":{"@id":"https:\/\/litteraturbanken.se\/ljudochbild\/forfattare\/geijereg\/#breadcrumb"},"inLanguage":"sv-SE","potentialAction":[{"@type":"ReadAction","target":["https:\/\/litteraturbanken.se\/ljudochbild\/forfattare\/geijereg\/"]}]},{"@type":"ImageObject","inLanguage":"sv-SE","@id":"https:\/\/litteraturbanken.se\/ljudochbild\/forfattare\/geijereg\/#primaryimage","url":"https:\/\/litteraturbanken.se\/ljudochbild\/wp-content\/uploads\/2019\/09\/GeijerEG_large.jpeg","contentUrl":"https:\/\/litteraturbanken.se\/ljudochbild\/wp-content\/uploads\/2019\/09\/GeijerEG_large.jpeg","width":448,"height":550},{"@type":"BreadcrumbList","@id":"https:\/\/litteraturbanken.se\/ljudochbild\/forfattare\/geijereg\/#breadcrumb","itemListElement":[{"@type":"ListItem","position":1,"name":"Hem","item":"https:\/\/litteraturbanken.se\/ljudochbild\/"},{"@type":"ListItem","position":2,"name":"F\u00f6rfattare","item":"https:\/\/litteraturbanken.se\/ljudochbild\/forfattare\/"},{"@type":"ListItem","position":3,"name":"Erik Gustaf Geijer (1783\u20131847)"}]},{"@type":"WebSite","@id":"https:\/\/litteraturbanken.se\/ljudochbild\/#website","url":"https:\/\/litteraturbanken.se\/ljudochbild\/","name":"Ljud & Bild","description":"Ur Litteraturbankens samlingar","potentialAction":[{"@type":"SearchAction","target":{"@type":"EntryPoint","urlTemplate":"https:\/\/litteraturbanken.se\/ljudochbild\/?s={search_term_string}"},"query-input":{"@type":"PropertyValueSpecification","valueRequired":true,"valueName":"search_term_string"}}],"inLanguage":"sv-SE"}]}},"_links":{"self":[{"href":"https:\/\/litteraturbanken.se\/ljudochbild\/wp-json\/wp\/v2\/pages\/643","targetHints":{"allow":["GET"]}}],"collection":[{"href":"https:\/\/litteraturbanken.se\/ljudochbild\/wp-json\/wp\/v2\/pages"}],"about":[{"href":"https:\/\/litteraturbanken.se\/ljudochbild\/wp-json\/wp\/v2\/types\/page"}],"author":[{"embeddable":true,"href":"https:\/\/litteraturbanken.se\/ljudochbild\/wp-json\/wp\/v2\/users\/1"}],"replies":[{"embeddable":true,"href":"https:\/\/litteraturbanken.se\/ljudochbild\/wp-json\/wp\/v2\/comments?post=643"}],"version-history":[{"count":10,"href":"https:\/\/litteraturbanken.se\/ljudochbild\/wp-json\/wp\/v2\/pages\/643\/revisions"}],"predecessor-version":[{"id":12091,"href":"https:\/\/litteraturbanken.se\/ljudochbild\/wp-json\/wp\/v2\/pages\/643\/revisions\/12091"}],"up":[{"embeddable":true,"href":"https:\/\/litteraturbanken.se\/ljudochbild\/wp-json\/wp\/v2\/pages\/7"}],"wp:featuredmedia":[{"embeddable":true,"href":"https:\/\/litteraturbanken.se\/ljudochbild\/wp-json\/wp\/v2\/media\/956"}],"wp:attachment":[{"href":"https:\/\/litteraturbanken.se\/ljudochbild\/wp-json\/wp\/v2\/media?parent=643"}],"curies":[{"name":"wp","href":"https:\/\/api.w.org\/{rel}","templated":true}]}}