{"id":657,"date":"2019-08-13T15:52:28","date_gmt":"2019-08-13T13:52:28","guid":{"rendered":"http:\/\/ordfabriken.org\/ljud\/?page_id=657"},"modified":"2024-09-17T09:33:04","modified_gmt":"2024-09-17T07:33:04","slug":"lucidorl","status":"publish","type":"page","link":"https:\/\/litteraturbanken.se\/ljudochbild\/forfattare\/lucidorl\/","title":{"rendered":"Lars Johansson (Lucidor) (1638\u20131674)"},"content":{"rendered":"<div class=\"wp-block-image\">\n<figure class=\"alignright\"><img loading=\"lazy\" decoding=\"async\" width=\"230\" height=\"300\" src=\"https:\/\/litteraturbanken.se\/ljudochbild\/wp-content\/uploads\/2019\/09\/LucidorL_large-230x300.jpeg\" alt=\"\" class=\"wp-image-972\" srcset=\"https:\/\/litteraturbanken.se\/ljudochbild\/wp-content\/uploads\/2019\/09\/LucidorL_large-230x300.jpeg 230w, https:\/\/litteraturbanken.se\/ljudochbild\/wp-content\/uploads\/2019\/09\/LucidorL_large.jpeg 422w\" sizes=\"auto, (max-width: 230px) 100vw, 230px\" \/><\/figure>\n<\/div>\n\n\n<p>\u201dLARS JOHANSSON (1638\u201374) \u00e4r mer k\u00e4nd under signaturen Lucidor. Hans f\u00f6rfattarskap omfattar alla slags v\u00e4rldsliga och andliga visor, erotiska dikter och tillf\u00e4llesdikter inom s\u00e5v\u00e4l br\u00f6llops- som begravningsgenren. Till hans mer k\u00e4nda verk h\u00f6r den f\u00f6rn\u00f6jsamhetsfilosofiska visan \u201dSkulle jag s\u00f6rja, s\u00e5 vore jag tokot\u201d och den av\u00a0<a href=\"https:\/\/litteraturbanken.se\/forfattare\/NordenflychtHC\">Hedvig Charlotta Nordenflycht<\/a>\u00a0prisade gravdikten \u00f6ver Elisabeth Juliana Strijk (1671) d\u00e4r Lucidor med barockens praktfulla spr\u00e5k tecknar bilder av f\u00f6rg\u00e4nglighet, av kroppens \u00e4ndlighet och d\u00f6dens evighet. En av hans br\u00f6llopsdikter, Gilliare kwal (1669), skriven till Konrad Gyllenstierna och hans hustru, ledde till r\u00e4tteg\u00e5ng och flera m\u00e5naders f\u00e4ngelsevistelse. Vid tiden hade utf\u00e4rdats f\u00f6rbud mot obest\u00e4llda br\u00f6llops- och begravningsdikter och Gyllenstierna k\u00e4nde sig d\u00e4rtill f\u00f6rn\u00e4rmad av diktens skildring av den envetne friaren samt att poeten underl\u00e5tit att r\u00e4kna upp alla hans titlar.\u201d<\/p>\n\n\n\n<p>Stycket ovanf\u00f6r kommer ur Lotta Lotass introduktion av Lars Johansson hos Litteraturbanken.<\/p>\n\n\n\n<div class=\"wp-block-buttons is-layout-flex wp-block-buttons-is-layout-flex\">\n<div class=\"wp-block-button has-custom-font-size read-more-button\" style=\"font-size:14px\"><a class=\"wp-block-button__link has-white-color has-text-color has-background wp-element-button\" href=\"https:\/\/litteraturbanken.se\/f%C3%B6rfattare\/LucidorL\" style=\"border-radius:0px;background-color:#cd2400\" target=\"_blank\" rel=\"noopener\"><strong>L\u00c4S MER OM LARS JOHANSSON <\/strong><\/a><\/div>\n\n\n\n<div class=\"wp-block-button has-custom-font-size read-more-button\" style=\"font-size:14px\"><a class=\"wp-block-button__link has-white-color has-text-color has-background wp-element-button\" href=\"https:\/\/litteraturbanken.se\/f%C3%B6rfattare\/LucidorL\/titlar\" style=\"border-radius:0px;background-color:#cd2400\" target=\"_blank\" rel=\"noopener\"><strong>L\u00c4S LARS JOHANSSONS VERK HOS LB.SE<\/strong><\/a><\/div>\n<\/div>\n\n\n\n<div style=\"height:20px\" aria-hidden=\"true\" class=\"wp-block-spacer\"><\/div>\n\n\n\n<p> <\/p>\n\n\n\n<div class=\"wp-playlist wp-audio-playlist wp-playlist-light\">\n\t\t\t<div class=\"wp-playlist-current-item\"><\/div>\n\t\t<audio controls=\"controls\" preload=\"none\" width=\"618\"\n\t\t\t><\/audio>\n\t<div class=\"wp-playlist-next\"><\/div>\n\t<div class=\"wp-playlist-prev\"><\/div>\n\t<noscript>\n\t<ol>\n\t\t<li><a href='https:\/\/litteraturbanken.se\/ljudochbild\/wp-content\/uploads\/2019\/09\/lucidor_gilliarekwaal_bagge.mp3'>Gilliare Kwaal<\/a><\/li><li><a href='https:\/\/litteraturbanken.se\/ljudochbild\/wp-content\/uploads\/2019\/09\/lucidor_hwadbegarduhiertalilla_bagge.mp3'>Hwad beg\u00e4r du Hierta lilla?<\/a><\/li><li><a href='https:\/\/litteraturbanken.se\/ljudochbild\/wp-content\/uploads\/2019\/09\/lucidor_imanafhogasinnen_bagge.mp3'>I m\u00e4n af h\u00f6ga sinnen<\/a><\/li><li><a href='https:\/\/litteraturbanken.se\/ljudochbild\/wp-content\/uploads\/2019\/09\/lucidor_skullejagsorjadavorejagtokot_bagge.mp3'>Skulle jag s\u00f6rja, d\u00e5 wore jag tokot<\/a><\/li><li><a href='https:\/\/litteraturbanken.se\/ljudochbild\/wp-content\/uploads\/2024\/09\/lucidor_skullejagsorja_karlsson.mp3'>Skulle jag s\u00f6rja, d\u00e5 wore jag tokot<\/a><\/li>\t<\/ol>\n\t<\/noscript>\n\t<script type=\"application\/json\" class=\"wp-playlist-script\">{\"type\":\"audio\",\"tracklist\":true,\"tracknumbers\":true,\"images\":true,\"artists\":true,\"tracks\":[{\"src\":\"https:\/\/litteraturbanken.se\/ljudochbild\/wp-content\/uploads\/2019\/09\/lucidor_gilliarekwaal_bagge.mp3\",\"type\":\"audio\/mpeg\",\"title\":\"Gilliare Kwaal\",\"caption\":\"\",\"description\":\"\\\"Gilliare Kwaal\\\" fr\\u00e5n Martin Bagges musikaliska vandring (del 1 av 5). Sl\\u00e4ppt: 2017. Sp\\u00e5r 5 av 6. Genre: Vocal.\",\"meta\":{\"artist\":\"Martin Bagge framf\\u00f6r Lars Johansson Lucidor\",\"album\":\"Lars Johansson Lucidor\",\"genre\":\"Vocal\",\"year\":\"2017\",\"length_formatted\":\"8:17\"},\"image\":{\"src\":\"https:\/\/litteraturbanken.se\/ljudochbild\/wp-content\/uploads\/2019\/09\/lb_albumart-2.png\",\"width\":580,\"height\":612},\"thumb\":{\"src\":\"https:\/\/litteraturbanken.se\/ljudochbild\/wp-content\/uploads\/2019\/09\/lb_albumart-2-150x150.png\",\"width\":150,\"height\":150}},{\"src\":\"https:\/\/litteraturbanken.se\/ljudochbild\/wp-content\/uploads\/2019\/09\/lucidor_hwadbegarduhiertalilla_bagge.mp3\",\"type\":\"audio\/mpeg\",\"title\":\"Hwad beg\\u00e4r du Hierta lilla?\",\"caption\":\"\",\"description\":\"\\\"HWad beg\\u00e4r du Hierta lilla?\\\" fr\\u00e5n Martin Bagges musikaliska vandring (del 3 av 5) av Martin Bagge. Sp\\u00e5r 5 av 5.\",\"meta\":{\"artist\":\"Martin Bagge framf\\u00f6r Lars Johansson Lucidor\",\"album\":\"Lars Johansson Lucidor\",\"length_formatted\":\"1:47\"},\"image\":{\"src\":\"https:\/\/litteraturbanken.se\/ljudochbild\/wp-content\/plugins\/media-library-assistant\/images\/crystal\/audio.png\",\"width\":48,\"height\":64},\"thumb\":{\"src\":\"https:\/\/litteraturbanken.se\/ljudochbild\/wp-content\/plugins\/media-library-assistant\/images\/crystal\/audio.png\",\"width\":48,\"height\":64}},{\"src\":\"https:\/\/litteraturbanken.se\/ljudochbild\/wp-content\/uploads\/2019\/09\/lucidor_imanafhogasinnen_bagge.mp3\",\"type\":\"audio\/mpeg\",\"title\":\"I m\\u00e4n af h\\u00f6ga sinnen\",\"caption\":\"\",\"description\":\"\\\"I m\\u00e4n af h\\u00f6ga sinnen\\\" fr\\u00e5n Martin Bagges musikaliska vandring (del 2 av 5) av Martin Bagge. Sp\\u00e5r 2 av 10.\",\"meta\":{\"artist\":\"Martin Bagge framf\\u00f6r Lars Johansson Lucidor\",\"album\":\"Lars Johansson Lucidor\",\"length_formatted\":\"0:45\"},\"image\":{\"src\":\"https:\/\/litteraturbanken.se\/ljudochbild\/wp-content\/plugins\/media-library-assistant\/images\/crystal\/audio.png\",\"width\":48,\"height\":64},\"thumb\":{\"src\":\"https:\/\/litteraturbanken.se\/ljudochbild\/wp-content\/plugins\/media-library-assistant\/images\/crystal\/audio.png\",\"width\":48,\"height\":64}},{\"src\":\"https:\/\/litteraturbanken.se\/ljudochbild\/wp-content\/uploads\/2019\/09\/lucidor_skullejagsorjadavorejagtokot_bagge.mp3\",\"type\":\"audio\/mpeg\",\"title\":\"Skulle jag s\\u00f6rja, d\\u00e5 wore jag tokot\",\"caption\":\"\",\"description\":\"\\\"SKulle Jag s\\u00f6rja d\\u00e5 wore Jag tokot\\\" fr\\u00e5n Martin Bagges musikaliska vandring (del 3 av 5) av Martin Bagge. Sp\\u00e5r 4 av 5.\",\"meta\":{\"artist\":\"Martin Bagge framf\\u00f6r Lars Johansson Lucidor\",\"album\":\"Lars Johansson Lucidor\",\"length_formatted\":\"3:29\"},\"image\":{\"src\":\"https:\/\/litteraturbanken.se\/ljudochbild\/wp-content\/plugins\/media-library-assistant\/images\/crystal\/audio.png\",\"width\":48,\"height\":64},\"thumb\":{\"src\":\"https:\/\/litteraturbanken.se\/ljudochbild\/wp-content\/plugins\/media-library-assistant\/images\/crystal\/audio.png\",\"width\":48,\"height\":64}},{\"src\":\"https:\/\/litteraturbanken.se\/ljudochbild\/wp-content\/uploads\/2024\/09\/lucidor_skullejagsorja_karlsson.mp3\",\"type\":\"audio\/mpeg\",\"title\":\"Skulle jag s\\u00f6rja, d\\u00e5 wore jag tokot\",\"caption\":\"\",\"description\":\"\\u201dSkulle jag s\\u00f6rja, d\\u00e5 vore jag tokot\\u201d fr\\u00e5n Lars Johansson (Lucidor) l\\u00e4st av Jonas Karlsson av Dikt 1593\\u20131939. Svensk och finlandssvensk lyrik i uppl\\u00e4sning av svenska och finlandssvenska sk\\u00e5despelare.\",\"meta\":{\"artist\":\"Jonas Karlsson l\\u00e4ser Lars Johansson (Lucidor). Dikt 1593\\u20131939\",\"album\":\"Lars Johansson (Lucidor)\",\"length_formatted\":\"2:57\"},\"image\":{\"src\":\"https:\/\/litteraturbanken.se\/ljudochbild\/wp-content\/uploads\/2024\/09\/almqvist_denlyssnandemaria_lindh-mp3-image.jpg\",\"width\":1200,\"height\":1201},\"thumb\":{\"src\":\"https:\/\/litteraturbanken.se\/ljudochbild\/wp-content\/uploads\/2024\/09\/almqvist_denlyssnandemaria_lindh-mp3-image-150x150.jpg\",\"width\":150,\"height\":150}}]}<\/script>\n<\/div>\n\t\n\n\n\n<hr class=\"wp-block-separator has-alpha-channel-opacity\"\/>\n\n\n\n<p><em>Inspelningarna tillg\u00e4ngligg\u00f6rs h\u00e4r med tillst\u00e5nd fr\u00e5n inl\u00e4sarna.<\/em><\/p>\n\n\n<h3 class=\"wp-block-heading author-related-title\">L\u00e4s mer<\/h3>\r\n<div class=\"display-posts-listing grid\"><div class=\"listing-item\"><a class=\"image\" href=\"https:\/\/litteraturbanken.se\/ljudochbild\/2024\/10\/02\/en-stor-box\/\"><img loading=\"lazy\" decoding=\"async\" width=\"640\" height=\"853\" src=\"https:\/\/litteraturbanken.se\/ljudochbild\/wp-content\/uploads\/2024\/09\/cdboxen-768x1024.jpg\" class=\"attachment-large size-large wp-post-image\" alt=\"Dikt 1593\u20131939\" srcset=\"https:\/\/litteraturbanken.se\/ljudochbild\/wp-content\/uploads\/2024\/09\/cdboxen-768x1024.jpg 768w, https:\/\/litteraturbanken.se\/ljudochbild\/wp-content\/uploads\/2024\/09\/cdboxen-225x300.jpg 225w, https:\/\/litteraturbanken.se\/ljudochbild\/wp-content\/uploads\/2024\/09\/cdboxen-1152x1536.jpg 1152w, https:\/\/litteraturbanken.se\/ljudochbild\/wp-content\/uploads\/2024\/09\/cdboxen-480x640.jpg 480w, https:\/\/litteraturbanken.se\/ljudochbild\/wp-content\/uploads\/2024\/09\/cdboxen.jpg 1200w\" sizes=\"auto, (max-width: 640px) 100vw, 640px\" \/><\/a> <a class=\"title\" href=\"https:\/\/litteraturbanken.se\/ljudochbild\/2024\/10\/02\/en-stor-box\/\">En stor box<\/a><\/div><div class=\"listing-item\"><a class=\"image\" href=\"https:\/\/litteraturbanken.se\/ljudochbild\/2019\/11\/06\/stockholm-1861\/\"><img loading=\"lazy\" decoding=\"async\" width=\"640\" height=\"461\" src=\"https:\/\/litteraturbanken.se\/ljudochbild\/wp-content\/uploads\/2019\/11\/lb2791598_4_0001-1024x738.jpg\" class=\"attachment-large size-large wp-post-image\" alt=\"\" srcset=\"https:\/\/litteraturbanken.se\/ljudochbild\/wp-content\/uploads\/2019\/11\/lb2791598_4_0001-1024x738.jpg 1024w, https:\/\/litteraturbanken.se\/ljudochbild\/wp-content\/uploads\/2019\/11\/lb2791598_4_0001-300x216.jpg 300w, https:\/\/litteraturbanken.se\/ljudochbild\/wp-content\/uploads\/2019\/11\/lb2791598_4_0001-768x553.jpg 768w, https:\/\/litteraturbanken.se\/ljudochbild\/wp-content\/uploads\/2019\/11\/lb2791598_4_0001-480x346.jpg 480w, https:\/\/litteraturbanken.se\/ljudochbild\/wp-content\/uploads\/2019\/11\/lb2791598_4_0001.jpg 1284w\" sizes=\"auto, (max-width: 640px) 100vw, 640px\" \/><\/a> <a class=\"title\" href=\"https:\/\/litteraturbanken.se\/ljudochbild\/2019\/11\/06\/stockholm-1861\/\">Stockholm 1861<\/a><\/div><\/div>\r\n\r\n\n","protected":false},"excerpt":{"rendered":"<p>\u201dLARS JOHANSSON (1638\u201374) \u00e4r mer k\u00e4nd under signaturen Lucidor. Hans f\u00f6rfattarskap omfattar alla slags v\u00e4rldsliga och andliga visor, erotiska dikter och tillf\u00e4llesdikter inom s\u00e5v\u00e4l br\u00f6llops- som begravningsgenren. Till hans mer k\u00e4nda verk h\u00f6r den f\u00f6rn\u00f6jsamhetsfilosofiska visan \u201dSkulle jag [&hellip;]<\/p>\n","protected":false},"author":1,"featured_media":972,"parent":7,"menu_order":0,"comment_status":"closed","ping_status":"closed","template":"","meta":{"footnotes":""},"class_list":["post-657","page","type-page","status-publish","has-post-thumbnail","hentry"],"yoast_head":"<!-- This site is optimized with the Yoast SEO plugin v27.1.1 - https:\/\/yoast.com\/product\/yoast-seo-wordpress\/ -->\n<title>Lars Johansson (Lucidor) (1638\u20131674) - Ljud &amp; Bild<\/title>\n<meta name=\"robots\" content=\"index, follow, max-snippet:-1, max-image-preview:large, max-video-preview:-1\" \/>\n<link rel=\"canonical\" href=\"https:\/\/litteraturbanken.se\/ljudochbild\/forfattare\/lucidorl\/\" \/>\n<meta property=\"og:locale\" content=\"sv_SE\" \/>\n<meta property=\"og:type\" content=\"article\" \/>\n<meta property=\"og:title\" content=\"Lars Johansson (Lucidor) (1638\u20131674) - Ljud &amp; Bild\" \/>\n<meta property=\"og:description\" content=\"\u201dLARS JOHANSSON (1638\u201374) \u00e4r mer k\u00e4nd under signaturen Lucidor. Hans f\u00f6rfattarskap omfattar alla slags v\u00e4rldsliga och andliga visor, erotiska dikter och tillf\u00e4llesdikter inom s\u00e5v\u00e4l br\u00f6llops- som begravningsgenren. Till hans mer k\u00e4nda verk h\u00f6r den f\u00f6rn\u00f6jsamhetsfilosofiska visan \u201dSkulle jag [&hellip;]\" \/>\n<meta property=\"og:url\" content=\"https:\/\/litteraturbanken.se\/ljudochbild\/forfattare\/lucidorl\/\" \/>\n<meta property=\"og:site_name\" content=\"Ljud &amp; Bild\" \/>\n<meta property=\"article:publisher\" content=\"https:\/\/www.facebook.com\/Litteraturbanken.se\" \/>\n<meta property=\"article:modified_time\" content=\"2024-09-17T07:33:04+00:00\" \/>\n<meta property=\"og:image\" content=\"https:\/\/litteraturbanken.se\/ljudochbild\/wp-content\/uploads\/2019\/09\/LucidorL_large.jpeg\" \/>\n\t<meta property=\"og:image:width\" content=\"422\" \/>\n\t<meta property=\"og:image:height\" content=\"550\" \/>\n\t<meta property=\"og:image:type\" content=\"image\/jpeg\" \/>\n<meta name=\"twitter:card\" content=\"summary_large_image\" \/>\n<meta name=\"twitter:site\" content=\"@litteraturbank\" \/>\n<meta name=\"twitter:label1\" content=\"Ber\u00e4knad l\u00e4stid\" \/>\n\t<meta name=\"twitter:data1\" content=\"2 minuter\" \/>\n<script type=\"application\/ld+json\" class=\"yoast-schema-graph\">{\"@context\":\"https:\/\/schema.org\",\"@graph\":[{\"@type\":\"WebPage\",\"@id\":\"https:\/\/litteraturbanken.se\/ljudochbild\/forfattare\/lucidorl\/\",\"url\":\"https:\/\/litteraturbanken.se\/ljudochbild\/forfattare\/lucidorl\/\",\"name\":\"Lars Johansson (Lucidor) (1638\u20131674) - Ljud &amp; Bild\",\"isPartOf\":{\"@id\":\"https:\/\/litteraturbanken.se\/ljudochbild\/#website\"},\"primaryImageOfPage\":{\"@id\":\"https:\/\/litteraturbanken.se\/ljudochbild\/forfattare\/lucidorl\/#primaryimage\"},\"image\":{\"@id\":\"https:\/\/litteraturbanken.se\/ljudochbild\/forfattare\/lucidorl\/#primaryimage\"},\"thumbnailUrl\":\"https:\/\/litteraturbanken.se\/ljudochbild\/wp-content\/uploads\/2019\/09\/LucidorL_large.jpeg\",\"datePublished\":\"2019-08-13T13:52:28+00:00\",\"dateModified\":\"2024-09-17T07:33:04+00:00\",\"breadcrumb\":{\"@id\":\"https:\/\/litteraturbanken.se\/ljudochbild\/forfattare\/lucidorl\/#breadcrumb\"},\"inLanguage\":\"sv-SE\",\"potentialAction\":[{\"@type\":\"ReadAction\",\"target\":[\"https:\/\/litteraturbanken.se\/ljudochbild\/forfattare\/lucidorl\/\"]}]},{\"@type\":\"ImageObject\",\"inLanguage\":\"sv-SE\",\"@id\":\"https:\/\/litteraturbanken.se\/ljudochbild\/forfattare\/lucidorl\/#primaryimage\",\"url\":\"https:\/\/litteraturbanken.se\/ljudochbild\/wp-content\/uploads\/2019\/09\/LucidorL_large.jpeg\",\"contentUrl\":\"https:\/\/litteraturbanken.se\/ljudochbild\/wp-content\/uploads\/2019\/09\/LucidorL_large.jpeg\",\"width\":422,\"height\":550},{\"@type\":\"BreadcrumbList\",\"@id\":\"https:\/\/litteraturbanken.se\/ljudochbild\/forfattare\/lucidorl\/#breadcrumb\",\"itemListElement\":[{\"@type\":\"ListItem\",\"position\":1,\"name\":\"Hem\",\"item\":\"https:\/\/litteraturbanken.se\/ljudochbild\/\"},{\"@type\":\"ListItem\",\"position\":2,\"name\":\"F\u00f6rfattare\",\"item\":\"https:\/\/litteraturbanken.se\/ljudochbild\/forfattare\/\"},{\"@type\":\"ListItem\",\"position\":3,\"name\":\"Lars Johansson (Lucidor) (1638\u20131674)\"}]},{\"@type\":\"WebSite\",\"@id\":\"https:\/\/litteraturbanken.se\/ljudochbild\/#website\",\"url\":\"https:\/\/litteraturbanken.se\/ljudochbild\/\",\"name\":\"Ljud & Bild\",\"description\":\"Ur Litteraturbankens samlingar\",\"potentialAction\":[{\"@type\":\"SearchAction\",\"target\":{\"@type\":\"EntryPoint\",\"urlTemplate\":\"https:\/\/litteraturbanken.se\/ljudochbild\/?s={search_term_string}\"},\"query-input\":{\"@type\":\"PropertyValueSpecification\",\"valueRequired\":true,\"valueName\":\"search_term_string\"}}],\"inLanguage\":\"sv-SE\"}]}<\/script>\n<!-- \/ Yoast SEO plugin. -->","yoast_head_json":{"title":"Lars Johansson (Lucidor) (1638\u20131674) - Ljud &amp; Bild","robots":{"index":"index","follow":"follow","max-snippet":"max-snippet:-1","max-image-preview":"max-image-preview:large","max-video-preview":"max-video-preview:-1"},"canonical":"https:\/\/litteraturbanken.se\/ljudochbild\/forfattare\/lucidorl\/","og_locale":"sv_SE","og_type":"article","og_title":"Lars Johansson (Lucidor) (1638\u20131674) - Ljud &amp; Bild","og_description":"\u201dLARS JOHANSSON (1638\u201374) \u00e4r mer k\u00e4nd under signaturen Lucidor. Hans f\u00f6rfattarskap omfattar alla slags v\u00e4rldsliga och andliga visor, erotiska dikter och tillf\u00e4llesdikter inom s\u00e5v\u00e4l br\u00f6llops- som begravningsgenren. Till hans mer k\u00e4nda verk h\u00f6r den f\u00f6rn\u00f6jsamhetsfilosofiska visan \u201dSkulle jag [&hellip;]","og_url":"https:\/\/litteraturbanken.se\/ljudochbild\/forfattare\/lucidorl\/","og_site_name":"Ljud &amp; Bild","article_publisher":"https:\/\/www.facebook.com\/Litteraturbanken.se","article_modified_time":"2024-09-17T07:33:04+00:00","og_image":[{"width":422,"height":550,"url":"https:\/\/litteraturbanken.se\/ljudochbild\/wp-content\/uploads\/2019\/09\/LucidorL_large.jpeg","type":"image\/jpeg"}],"twitter_card":"summary_large_image","twitter_site":"@litteraturbank","twitter_misc":{"Ber\u00e4knad l\u00e4stid":"2 minuter"},"schema":{"@context":"https:\/\/schema.org","@graph":[{"@type":"WebPage","@id":"https:\/\/litteraturbanken.se\/ljudochbild\/forfattare\/lucidorl\/","url":"https:\/\/litteraturbanken.se\/ljudochbild\/forfattare\/lucidorl\/","name":"Lars Johansson (Lucidor) (1638\u20131674) - Ljud &amp; Bild","isPartOf":{"@id":"https:\/\/litteraturbanken.se\/ljudochbild\/#website"},"primaryImageOfPage":{"@id":"https:\/\/litteraturbanken.se\/ljudochbild\/forfattare\/lucidorl\/#primaryimage"},"image":{"@id":"https:\/\/litteraturbanken.se\/ljudochbild\/forfattare\/lucidorl\/#primaryimage"},"thumbnailUrl":"https:\/\/litteraturbanken.se\/ljudochbild\/wp-content\/uploads\/2019\/09\/LucidorL_large.jpeg","datePublished":"2019-08-13T13:52:28+00:00","dateModified":"2024-09-17T07:33:04+00:00","breadcrumb":{"@id":"https:\/\/litteraturbanken.se\/ljudochbild\/forfattare\/lucidorl\/#breadcrumb"},"inLanguage":"sv-SE","potentialAction":[{"@type":"ReadAction","target":["https:\/\/litteraturbanken.se\/ljudochbild\/forfattare\/lucidorl\/"]}]},{"@type":"ImageObject","inLanguage":"sv-SE","@id":"https:\/\/litteraturbanken.se\/ljudochbild\/forfattare\/lucidorl\/#primaryimage","url":"https:\/\/litteraturbanken.se\/ljudochbild\/wp-content\/uploads\/2019\/09\/LucidorL_large.jpeg","contentUrl":"https:\/\/litteraturbanken.se\/ljudochbild\/wp-content\/uploads\/2019\/09\/LucidorL_large.jpeg","width":422,"height":550},{"@type":"BreadcrumbList","@id":"https:\/\/litteraturbanken.se\/ljudochbild\/forfattare\/lucidorl\/#breadcrumb","itemListElement":[{"@type":"ListItem","position":1,"name":"Hem","item":"https:\/\/litteraturbanken.se\/ljudochbild\/"},{"@type":"ListItem","position":2,"name":"F\u00f6rfattare","item":"https:\/\/litteraturbanken.se\/ljudochbild\/forfattare\/"},{"@type":"ListItem","position":3,"name":"Lars Johansson (Lucidor) (1638\u20131674)"}]},{"@type":"WebSite","@id":"https:\/\/litteraturbanken.se\/ljudochbild\/#website","url":"https:\/\/litteraturbanken.se\/ljudochbild\/","name":"Ljud & Bild","description":"Ur Litteraturbankens samlingar","potentialAction":[{"@type":"SearchAction","target":{"@type":"EntryPoint","urlTemplate":"https:\/\/litteraturbanken.se\/ljudochbild\/?s={search_term_string}"},"query-input":{"@type":"PropertyValueSpecification","valueRequired":true,"valueName":"search_term_string"}}],"inLanguage":"sv-SE"}]}},"_links":{"self":[{"href":"https:\/\/litteraturbanken.se\/ljudochbild\/wp-json\/wp\/v2\/pages\/657","targetHints":{"allow":["GET"]}}],"collection":[{"href":"https:\/\/litteraturbanken.se\/ljudochbild\/wp-json\/wp\/v2\/pages"}],"about":[{"href":"https:\/\/litteraturbanken.se\/ljudochbild\/wp-json\/wp\/v2\/types\/page"}],"author":[{"embeddable":true,"href":"https:\/\/litteraturbanken.se\/ljudochbild\/wp-json\/wp\/v2\/users\/1"}],"replies":[{"embeddable":true,"href":"https:\/\/litteraturbanken.se\/ljudochbild\/wp-json\/wp\/v2\/comments?post=657"}],"version-history":[{"count":8,"href":"https:\/\/litteraturbanken.se\/ljudochbild\/wp-json\/wp\/v2\/pages\/657\/revisions"}],"predecessor-version":[{"id":12125,"href":"https:\/\/litteraturbanken.se\/ljudochbild\/wp-json\/wp\/v2\/pages\/657\/revisions\/12125"}],"up":[{"embeddable":true,"href":"https:\/\/litteraturbanken.se\/ljudochbild\/wp-json\/wp\/v2\/pages\/7"}],"wp:featuredmedia":[{"embeddable":true,"href":"https:\/\/litteraturbanken.se\/ljudochbild\/wp-json\/wp\/v2\/media\/972"}],"wp:attachment":[{"href":"https:\/\/litteraturbanken.se\/ljudochbild\/wp-json\/wp\/v2\/media?parent=657"}],"curies":[{"name":"wp","href":"https:\/\/api.w.org\/{rel}","templated":true}]}}