{"id":6688,"date":"2022-04-14T11:20:03","date_gmt":"2022-04-14T09:20:03","guid":{"rendered":"https:\/\/litteraturbanken.se\/ljudochbild\/?page_id=6688"},"modified":"2022-04-14T11:20:03","modified_gmt":"2022-04-14T09:20:03","slug":"keve-hjelm","status":"publish","type":"page","link":"https:\/\/litteraturbanken.se\/ljudochbild\/upplasare\/keve-hjelm\/","title":{"rendered":"Keve Hjelm"},"content":{"rendered":"\n<div class=\"wp-block-image\"><figure class=\"alignright size-large is-resized\"><img loading=\"lazy\" decoding=\"async\" src=\"https:\/\/litteraturbanken.se\/ljudochbild\/wp-content\/uploads\/2022\/04\/kevehjelm-765x1024.jpg\" alt=\"Keve Hjelm\" class=\"wp-image-6689\" width=\"221\" height=\"296\" srcset=\"https:\/\/litteraturbanken.se\/ljudochbild\/wp-content\/uploads\/2022\/04\/kevehjelm-765x1024.jpg 765w, https:\/\/litteraturbanken.se\/ljudochbild\/wp-content\/uploads\/2022\/04\/kevehjelm-224x300.jpg 224w, https:\/\/litteraturbanken.se\/ljudochbild\/wp-content\/uploads\/2022\/04\/kevehjelm-768x1028.jpg 768w, https:\/\/litteraturbanken.se\/ljudochbild\/wp-content\/uploads\/2022\/04\/kevehjelm-1147x1536.jpg 1147w, https:\/\/litteraturbanken.se\/ljudochbild\/wp-content\/uploads\/2022\/04\/kevehjelm-480x643.jpg 480w, https:\/\/litteraturbanken.se\/ljudochbild\/wp-content\/uploads\/2022\/04\/kevehjelm.jpg 1200w\" sizes=\"auto, (max-width: 221px) 100vw, 221px\" \/><\/figure><\/div>\n\n\n\n<p>Sk\u00e5despelaren, regiss\u00f6ren och f\u00f6rfattaren Karl Evert \u201dKeve\u201d Hjelm (1922\u20132004) var en av Sveriges fr\u00e4msta Strindbergstolkare p\u00e5 teaterns och filmens omr\u00e5de. I Litteraturbankens ljudsamlingar \u00e4r han representerad som inl\u00e4sare av <a href=\"https:\/\/litteraturbanken.se\/f%C3%B6rfattare\/StrindbergA\" target=\"_blank\" rel=\"noreferrer noopener\">August Strindbergs<\/a> novell <a href=\"https:\/\/litteraturbanken.se\/f%C3%B6rfattare\/StrindbergA\/titlar\/EnsamSagor\/sida\/131\/etext\" target=\"_blank\" rel=\"noreferrer noopener\">\u201dEtt halvt ark papper\u201d<\/a>.<\/p>\n\n\n\n<div style=\"height:1px\" aria-hidden=\"true\" class=\"wp-block-spacer\"><\/div>\n\n\n\n<p><meta charset=\"utf-8\"><div class=\"wp-playlist wp-audio-playlist wp-playlist-light\">\n\t\t\t<div class=\"wp-playlist-current-item\"><\/div>\n\t\t<audio controls=\"controls\" preload=\"none\" width=\"618\"\n\t\t\t><\/audio>\n\t<div class=\"wp-playlist-next\"><\/div>\n\t<div class=\"wp-playlist-prev\"><\/div>\n\t<noscript>\n\t<ol>\n\t\t<li><a href='https:\/\/litteraturbanken.se\/ljudochbild\/wp-content\/uploads\/2022\/04\/strindberg_etthalvtarkpapper_hjelm.mp3'>Ett halvt ark papper<\/a><\/li>\t<\/ol>\n\t<\/noscript>\n\t<script type=\"application\/json\" class=\"wp-playlist-script\">{\"type\":\"audio\",\"tracklist\":true,\"tracknumbers\":true,\"images\":true,\"artists\":true,\"tracks\":[{\"src\":\"https:\/\/litteraturbanken.se\/ljudochbild\/wp-content\/uploads\/2022\/04\/strindberg_etthalvtarkpapper_hjelm.mp3\",\"type\":\"audio\/mpeg\",\"title\":\"Ett halvt ark papper\",\"caption\":\"\",\"description\":\"\\u201dstrindberg_etthalvtarkpapper_hjelm\\u201d.\",\"meta\":{\"artist\":\"Keve Hjelm l\\u00e4ser August Strindberg\",\"album\":\"August Strindberg\",\"length_formatted\":\"6:18\"},\"image\":{\"src\":\"https:\/\/litteraturbanken.se\/ljudochbild\/wp-content\/uploads\/2021\/02\/lb_albumart.png\",\"width\":580,\"height\":612},\"thumb\":{\"src\":\"https:\/\/litteraturbanken.se\/ljudochbild\/wp-content\/uploads\/2021\/02\/lb_albumart-150x150.png\",\"width\":150,\"height\":150}}]}<\/script>\n<\/div>\n\t<\/p>\n\n\n\n<p><em>Inl\u00e4sningen \u00e4r upphovsr\u00e4ttsskyddad. Stillbilden fr\u00e5n filmen Flicka och hyacinter (h\u00e4r beskuren) har vi l\u00e5nat fr\u00e5n <a href=\"https:\/\/www.svenskfilmdatabas.se\/sv\/item\/?type=person&amp;itemid=62377\" target=\"_blank\" rel=\"noreferrer noopener\">Svensk filmdatabas<\/a>. <\/em><\/p>\n","protected":false},"excerpt":{"rendered":"<p>Sk\u00e5despelaren, regiss\u00f6ren och f\u00f6rfattaren Karl Evert \u201dKeve\u201d Hjelm (1922\u20132004) var en av Sveriges fr\u00e4msta Strindbergstolkare p\u00e5 teaterns och filmens omr\u00e5de. I Litteraturbankens ljudsamlingar \u00e4r han representerad som inl\u00e4sare av August Strindbergs novell \u201dEtt halvt ark papper\u201d. Inl\u00e4sningen \u00e4r [&hellip;]<\/p>\n","protected":false},"author":5,"featured_media":6689,"parent":8,"menu_order":0,"comment_status":"closed","ping_status":"closed","template":"","meta":{"footnotes":""},"class_list":["post-6688","page","type-page","status-publish","has-post-thumbnail","hentry"],"yoast_head":"<!-- This site is optimized with the Yoast SEO plugin v27.1.1 - https:\/\/yoast.com\/product\/yoast-seo-wordpress\/ -->\n<title>Keve Hjelm - Ljud &amp; Bild<\/title>\n<meta name=\"robots\" content=\"index, follow, max-snippet:-1, max-image-preview:large, max-video-preview:-1\" \/>\n<link rel=\"canonical\" href=\"https:\/\/litteraturbanken.se\/ljudochbild\/upplasare\/keve-hjelm\/\" \/>\n<meta property=\"og:locale\" content=\"sv_SE\" \/>\n<meta property=\"og:type\" content=\"article\" \/>\n<meta property=\"og:title\" content=\"Keve Hjelm - Ljud &amp; Bild\" \/>\n<meta property=\"og:description\" content=\"Sk\u00e5despelaren, regiss\u00f6ren och f\u00f6rfattaren Karl Evert \u201dKeve\u201d Hjelm (1922\u20132004) var en av Sveriges fr\u00e4msta Strindbergstolkare p\u00e5 teaterns och filmens omr\u00e5de. I Litteraturbankens ljudsamlingar \u00e4r han representerad som inl\u00e4sare av August Strindbergs novell \u201dEtt halvt ark papper\u201d. Inl\u00e4sningen \u00e4r [&hellip;]\" \/>\n<meta property=\"og:url\" content=\"https:\/\/litteraturbanken.se\/ljudochbild\/upplasare\/keve-hjelm\/\" \/>\n<meta property=\"og:site_name\" content=\"Ljud &amp; Bild\" \/>\n<meta property=\"article:publisher\" content=\"https:\/\/www.facebook.com\/Litteraturbanken.se\" \/>\n<meta property=\"og:image\" content=\"https:\/\/litteraturbanken.se\/ljudochbild\/wp-content\/uploads\/2022\/04\/kevehjelm.jpg\" \/>\n\t<meta property=\"og:image:width\" content=\"1200\" \/>\n\t<meta property=\"og:image:height\" content=\"1607\" \/>\n\t<meta property=\"og:image:type\" content=\"image\/jpeg\" \/>\n<meta name=\"twitter:card\" content=\"summary_large_image\" \/>\n<meta name=\"twitter:site\" content=\"@litteraturbank\" \/>\n<meta name=\"twitter:label1\" content=\"Ber\u00e4knad l\u00e4stid\" \/>\n\t<meta name=\"twitter:data1\" content=\"1 minut\" \/>\n<script type=\"application\/ld+json\" class=\"yoast-schema-graph\">{\"@context\":\"https:\/\/schema.org\",\"@graph\":[{\"@type\":\"WebPage\",\"@id\":\"https:\/\/litteraturbanken.se\/ljudochbild\/upplasare\/keve-hjelm\/\",\"url\":\"https:\/\/litteraturbanken.se\/ljudochbild\/upplasare\/keve-hjelm\/\",\"name\":\"Keve Hjelm - Ljud &amp; Bild\",\"isPartOf\":{\"@id\":\"https:\/\/litteraturbanken.se\/ljudochbild\/#website\"},\"primaryImageOfPage\":{\"@id\":\"https:\/\/litteraturbanken.se\/ljudochbild\/upplasare\/keve-hjelm\/#primaryimage\"},\"image\":{\"@id\":\"https:\/\/litteraturbanken.se\/ljudochbild\/upplasare\/keve-hjelm\/#primaryimage\"},\"thumbnailUrl\":\"https:\/\/litteraturbanken.se\/ljudochbild\/wp-content\/uploads\/2022\/04\/kevehjelm.jpg\",\"datePublished\":\"2022-04-14T09:20:03+00:00\",\"breadcrumb\":{\"@id\":\"https:\/\/litteraturbanken.se\/ljudochbild\/upplasare\/keve-hjelm\/#breadcrumb\"},\"inLanguage\":\"sv-SE\",\"potentialAction\":[{\"@type\":\"ReadAction\",\"target\":[\"https:\/\/litteraturbanken.se\/ljudochbild\/upplasare\/keve-hjelm\/\"]}]},{\"@type\":\"ImageObject\",\"inLanguage\":\"sv-SE\",\"@id\":\"https:\/\/litteraturbanken.se\/ljudochbild\/upplasare\/keve-hjelm\/#primaryimage\",\"url\":\"https:\/\/litteraturbanken.se\/ljudochbild\/wp-content\/uploads\/2022\/04\/kevehjelm.jpg\",\"contentUrl\":\"https:\/\/litteraturbanken.se\/ljudochbild\/wp-content\/uploads\/2022\/04\/kevehjelm.jpg\",\"width\":1200,\"height\":1607,\"caption\":\"Keve Hjelm\"},{\"@type\":\"BreadcrumbList\",\"@id\":\"https:\/\/litteraturbanken.se\/ljudochbild\/upplasare\/keve-hjelm\/#breadcrumb\",\"itemListElement\":[{\"@type\":\"ListItem\",\"position\":1,\"name\":\"Hem\",\"item\":\"https:\/\/litteraturbanken.se\/ljudochbild\/\"},{\"@type\":\"ListItem\",\"position\":2,\"name\":\"Privat: Uppl\u00e4sare\",\"item\":\"https:\/\/litteraturbanken.se\/ljudochbild\/?page_id=8\"},{\"@type\":\"ListItem\",\"position\":3,\"name\":\"Keve Hjelm\"}]},{\"@type\":\"WebSite\",\"@id\":\"https:\/\/litteraturbanken.se\/ljudochbild\/#website\",\"url\":\"https:\/\/litteraturbanken.se\/ljudochbild\/\",\"name\":\"Ljud & Bild\",\"description\":\"Ur Litteraturbankens samlingar\",\"potentialAction\":[{\"@type\":\"SearchAction\",\"target\":{\"@type\":\"EntryPoint\",\"urlTemplate\":\"https:\/\/litteraturbanken.se\/ljudochbild\/?s={search_term_string}\"},\"query-input\":{\"@type\":\"PropertyValueSpecification\",\"valueRequired\":true,\"valueName\":\"search_term_string\"}}],\"inLanguage\":\"sv-SE\"}]}<\/script>\n<!-- \/ Yoast SEO plugin. -->","yoast_head_json":{"title":"Keve Hjelm - Ljud &amp; Bild","robots":{"index":"index","follow":"follow","max-snippet":"max-snippet:-1","max-image-preview":"max-image-preview:large","max-video-preview":"max-video-preview:-1"},"canonical":"https:\/\/litteraturbanken.se\/ljudochbild\/upplasare\/keve-hjelm\/","og_locale":"sv_SE","og_type":"article","og_title":"Keve Hjelm - Ljud &amp; Bild","og_description":"Sk\u00e5despelaren, regiss\u00f6ren och f\u00f6rfattaren Karl Evert \u201dKeve\u201d Hjelm (1922\u20132004) var en av Sveriges fr\u00e4msta Strindbergstolkare p\u00e5 teaterns och filmens omr\u00e5de. I Litteraturbankens ljudsamlingar \u00e4r han representerad som inl\u00e4sare av August Strindbergs novell \u201dEtt halvt ark papper\u201d. Inl\u00e4sningen \u00e4r [&hellip;]","og_url":"https:\/\/litteraturbanken.se\/ljudochbild\/upplasare\/keve-hjelm\/","og_site_name":"Ljud &amp; Bild","article_publisher":"https:\/\/www.facebook.com\/Litteraturbanken.se","og_image":[{"width":1200,"height":1607,"url":"https:\/\/litteraturbanken.se\/ljudochbild\/wp-content\/uploads\/2022\/04\/kevehjelm.jpg","type":"image\/jpeg"}],"twitter_card":"summary_large_image","twitter_site":"@litteraturbank","twitter_misc":{"Ber\u00e4knad l\u00e4stid":"1 minut"},"schema":{"@context":"https:\/\/schema.org","@graph":[{"@type":"WebPage","@id":"https:\/\/litteraturbanken.se\/ljudochbild\/upplasare\/keve-hjelm\/","url":"https:\/\/litteraturbanken.se\/ljudochbild\/upplasare\/keve-hjelm\/","name":"Keve Hjelm - Ljud &amp; Bild","isPartOf":{"@id":"https:\/\/litteraturbanken.se\/ljudochbild\/#website"},"primaryImageOfPage":{"@id":"https:\/\/litteraturbanken.se\/ljudochbild\/upplasare\/keve-hjelm\/#primaryimage"},"image":{"@id":"https:\/\/litteraturbanken.se\/ljudochbild\/upplasare\/keve-hjelm\/#primaryimage"},"thumbnailUrl":"https:\/\/litteraturbanken.se\/ljudochbild\/wp-content\/uploads\/2022\/04\/kevehjelm.jpg","datePublished":"2022-04-14T09:20:03+00:00","breadcrumb":{"@id":"https:\/\/litteraturbanken.se\/ljudochbild\/upplasare\/keve-hjelm\/#breadcrumb"},"inLanguage":"sv-SE","potentialAction":[{"@type":"ReadAction","target":["https:\/\/litteraturbanken.se\/ljudochbild\/upplasare\/keve-hjelm\/"]}]},{"@type":"ImageObject","inLanguage":"sv-SE","@id":"https:\/\/litteraturbanken.se\/ljudochbild\/upplasare\/keve-hjelm\/#primaryimage","url":"https:\/\/litteraturbanken.se\/ljudochbild\/wp-content\/uploads\/2022\/04\/kevehjelm.jpg","contentUrl":"https:\/\/litteraturbanken.se\/ljudochbild\/wp-content\/uploads\/2022\/04\/kevehjelm.jpg","width":1200,"height":1607,"caption":"Keve Hjelm"},{"@type":"BreadcrumbList","@id":"https:\/\/litteraturbanken.se\/ljudochbild\/upplasare\/keve-hjelm\/#breadcrumb","itemListElement":[{"@type":"ListItem","position":1,"name":"Hem","item":"https:\/\/litteraturbanken.se\/ljudochbild\/"},{"@type":"ListItem","position":2,"name":"Privat: Uppl\u00e4sare","item":"https:\/\/litteraturbanken.se\/ljudochbild\/?page_id=8"},{"@type":"ListItem","position":3,"name":"Keve Hjelm"}]},{"@type":"WebSite","@id":"https:\/\/litteraturbanken.se\/ljudochbild\/#website","url":"https:\/\/litteraturbanken.se\/ljudochbild\/","name":"Ljud & Bild","description":"Ur Litteraturbankens samlingar","potentialAction":[{"@type":"SearchAction","target":{"@type":"EntryPoint","urlTemplate":"https:\/\/litteraturbanken.se\/ljudochbild\/?s={search_term_string}"},"query-input":{"@type":"PropertyValueSpecification","valueRequired":true,"valueName":"search_term_string"}}],"inLanguage":"sv-SE"}]}},"_links":{"self":[{"href":"https:\/\/litteraturbanken.se\/ljudochbild\/wp-json\/wp\/v2\/pages\/6688","targetHints":{"allow":["GET"]}}],"collection":[{"href":"https:\/\/litteraturbanken.se\/ljudochbild\/wp-json\/wp\/v2\/pages"}],"about":[{"href":"https:\/\/litteraturbanken.se\/ljudochbild\/wp-json\/wp\/v2\/types\/page"}],"author":[{"embeddable":true,"href":"https:\/\/litteraturbanken.se\/ljudochbild\/wp-json\/wp\/v2\/users\/5"}],"replies":[{"embeddable":true,"href":"https:\/\/litteraturbanken.se\/ljudochbild\/wp-json\/wp\/v2\/comments?post=6688"}],"version-history":[{"count":6,"href":"https:\/\/litteraturbanken.se\/ljudochbild\/wp-json\/wp\/v2\/pages\/6688\/revisions"}],"predecessor-version":[{"id":6695,"href":"https:\/\/litteraturbanken.se\/ljudochbild\/wp-json\/wp\/v2\/pages\/6688\/revisions\/6695"}],"up":[{"embeddable":true,"href":"https:\/\/litteraturbanken.se\/ljudochbild\/wp-json\/wp\/v2\/pages\/8"}],"wp:featuredmedia":[{"embeddable":true,"href":"https:\/\/litteraturbanken.se\/ljudochbild\/wp-json\/wp\/v2\/media\/6689"}],"wp:attachment":[{"href":"https:\/\/litteraturbanken.se\/ljudochbild\/wp-json\/wp\/v2\/media?parent=6688"}],"curies":[{"name":"wp","href":"https:\/\/api.w.org\/{rel}","templated":true}]}}