{"id":725,"date":"2019-08-13T16:33:34","date_gmt":"2019-08-13T14:33:34","guid":{"rendered":"http:\/\/ordfabriken.org\/ljud\/?page_id=725"},"modified":"2024-09-18T14:31:17","modified_gmt":"2024-09-18T12:31:17","slug":"weckselljj","status":"publish","type":"page","link":"https:\/\/litteraturbanken.se\/ljudochbild\/forfattare\/weckselljj\/","title":{"rendered":"Josef Julius Wecksell (1838\u20131907)"},"content":{"rendered":"<div class=\"wp-block-image\">\n<figure class=\"alignright size-large is-resized\"><img loading=\"lazy\" decoding=\"async\" width=\"722\" height=\"1024\" src=\"https:\/\/litteraturbanken.se\/ljudochbild\/wp-content\/uploads\/2024\/09\/wecksell-722x1024.jpg\" alt=\"\" class=\"wp-image-12350\" style=\"width:187px;height:auto\" srcset=\"https:\/\/litteraturbanken.se\/ljudochbild\/wp-content\/uploads\/2024\/09\/wecksell-722x1024.jpg 722w, https:\/\/litteraturbanken.se\/ljudochbild\/wp-content\/uploads\/2024\/09\/wecksell-212x300.jpg 212w, https:\/\/litteraturbanken.se\/ljudochbild\/wp-content\/uploads\/2024\/09\/wecksell-768x1089.jpg 768w, https:\/\/litteraturbanken.se\/ljudochbild\/wp-content\/uploads\/2024\/09\/wecksell-1084x1536.jpg 1084w, https:\/\/litteraturbanken.se\/ljudochbild\/wp-content\/uploads\/2024\/09\/wecksell-480x680.jpg 480w, https:\/\/litteraturbanken.se\/ljudochbild\/wp-content\/uploads\/2024\/09\/wecksell.jpg 1200w\" sizes=\"auto, (max-width: 722px) 100vw, 722px\" \/><\/figure>\n<\/div>\n\n\n<p>\u201dJOSEF JULIUS WECKSELL (1838\u20131907) b\u00f6rjade redan som barn skriva dikter, sk\u00e5despel och sagor. I b\u00f6rjan av 1850-talet uppf\u00f6rdes hans pj\u00e4s Tre friare i hemstaden \u00c5bo. Debuten i bokform kom 1860 med&nbsp;<a href=\"https:\/\/litteraturbanken.se\/forfattare\/WecksellJJ\/titlar\/ValdaUngdomsdikter\/sida\/-4\/etext\"><em>Valda ungdomsdikter<\/em><\/a>, d\u00e4r Wecksells l\u00e4sningar av Schiller, Goethe, Byron, Heine med flera avsatt betydande sp\u00e5r i dikterna. Samlingen hyllades och Wecksell fortsatte, trots sviktande h\u00e4lsa, att idogt arbeta med det sk\u00e5despel han redan m\u00e5nga \u00e5r tidigare dragit upp riktlinjerna till. D\u00e5 denna pj\u00e4s,&nbsp;<a href=\"https:\/\/litteraturbanken.se\/forfattare\/WecksellJJ\/titlar\/DanielHjort\/etext\"><em>Daniel Hjorth<\/em><\/a>, om \u00c5bo slotts bel\u00e4gring och intagande 1597, hade premi\u00e4r p\u00e5 Svenska teatern i Helsingfors 1862 hade Wecksell redan tystnat och fj\u00e4ttrats i den sj\u00e4lsliga skuggdal ur vilken han aldrig, under sin livstid, skulle hitta ut.\u201d<\/p>\n\n\n\n<p>Stycket ovanf\u00f6r kommer ur Lotta Lotass introduktion av Josef Julius Wecksell hos Litteraturbanken.<\/p>\n\n\n\n<div class=\"wp-block-buttons is-layout-flex wp-block-buttons-is-layout-flex\">\n<div class=\"wp-block-button has-custom-font-size read-more-button\" style=\"font-size:14px\"><a class=\"wp-block-button__link has-white-color has-text-color has-background wp-element-button\" href=\"https:\/\/litteraturbanken.se\/f%C3%B6rfattare\/WecksellJJ\" style=\"border-radius:0px;background-color:#cd2400\" target=\"_blank\" rel=\"noopener\"><strong>L\u00c4S MER OM JOSEF JULIUS WECKSELL<\/strong><\/a><\/div>\n\n\n\n<div class=\"wp-block-button has-custom-font-size read-more-button\" style=\"font-size:14px\"><a class=\"wp-block-button__link has-white-color has-text-color has-background wp-element-button\" href=\"https:\/\/litteraturbanken.se\/f%C3%B6rfattare\/WecksellJJ\/titlar\" style=\"border-radius:0px;background-color:#cd2400\" target=\"_blank\" rel=\"noopener\"><strong>L\u00c4S JOSEF JULIUS WECKSELLS VERK HOS LB.SE<\/strong><\/a><\/div>\n<\/div>\n\n\n\n<div style=\"height:20px\" aria-hidden=\"true\" class=\"wp-block-spacer\"><\/div>\n\n\n\n<div class=\"wp-playlist wp-audio-playlist wp-playlist-light\">\n\t\t\t<div class=\"wp-playlist-current-item\"><\/div>\n\t\t<audio controls=\"controls\" preload=\"none\" width=\"618\"\n\t\t\t><\/audio>\n\t<div class=\"wp-playlist-next\"><\/div>\n\t<div class=\"wp-playlist-prev\"><\/div>\n\t<noscript>\n\t<ol>\n\t\t<li><a href='https:\/\/litteraturbanken.se\/ljudochbild\/wp-content\/uploads\/2024\/09\/wecksell_almqvist_smedlund.mp3'>Almqvist<\/a><\/li><li><a href='https:\/\/litteraturbanken.se\/ljudochbild\/wp-content\/uploads\/2024\/09\/wecksell_ensorgsensaktamusik_indrenius-zalewski.mp3'>En sorgsen, sorgsen sakta musik<\/a><\/li><li><a href='https:\/\/litteraturbanken.se\/ljudochbild\/wp-content\/uploads\/2024\/09\/wecksell_itoner_indrenius-zalewski.mp3'>I toner, i toner<\/a><\/li><li><a href='https:\/\/litteraturbanken.se\/ljudochbild\/wp-content\/uploads\/2024\/09\/wecksell_pamolndustod_eklundh.mp3'>P\u00e5 moln stod du!<\/a><\/li><li><a href='https:\/\/litteraturbanken.se\/ljudochbild\/wp-content\/uploads\/2019\/06\/wecksell_pamolnstoddu_holmberg.mp3'>P\u00e5 moln stod du!<\/a><\/li><li><a href='https:\/\/litteraturbanken.se\/ljudochbild\/wp-content\/uploads\/2024\/09\/wecksell_vardetendrom_indrenius-zalewski.mp3'>Var det en dr\u00f6m<\/a><\/li>\t<\/ol>\n\t<\/noscript>\n\t<script type=\"application\/json\" class=\"wp-playlist-script\">{\"type\":\"audio\",\"tracklist\":true,\"tracknumbers\":true,\"images\":true,\"artists\":true,\"tracks\":[{\"src\":\"https:\/\/litteraturbanken.se\/ljudochbild\/wp-content\/uploads\/2024\/09\/wecksell_almqvist_smedlund.mp3\",\"type\":\"audio\/mpeg\",\"title\":\"Almqvist\",\"caption\":\"\",\"description\":\"\\u201dAlmqvist\\u201d fr\\u00e5n Josef Julius Wecksell l\\u00e4st av Rabbe Smedlund av Dikt 1593\\u20131939. Svensk och finlandssvensk lyrik i uppl\\u00e4sning av svenska och finlandssvenska sk\\u00e5despelare.\",\"meta\":{\"artist\":\"Rabbe Smedlund l\\u00e4ser Josef Julius Wecksell. Dikt 1593\\u20131939\",\"album\":\"Josef Julius Wecksell\",\"length_formatted\":\"5:08\"},\"image\":{\"src\":\"https:\/\/litteraturbanken.se\/ljudochbild\/wp-content\/uploads\/2024\/09\/almqvist_denlyssnandemaria_lindh-mp3-image.jpg\",\"width\":1200,\"height\":1201},\"thumb\":{\"src\":\"https:\/\/litteraturbanken.se\/ljudochbild\/wp-content\/uploads\/2024\/09\/almqvist_denlyssnandemaria_lindh-mp3-image-150x150.jpg\",\"width\":150,\"height\":150}},{\"src\":\"https:\/\/litteraturbanken.se\/ljudochbild\/wp-content\/uploads\/2024\/09\/wecksell_ensorgsensaktamusik_indrenius-zalewski.mp3\",\"type\":\"audio\/mpeg\",\"title\":\"En sorgsen, sorgsen sakta musik\",\"caption\":\"\",\"description\":\"\\u201dEn sorgsen, sorgsen sakta musik\\u201d fr\\u00e5n Josef Julius Wecksell l\\u00e4st av Christina Indrenius-Zalewski av Dikt 1593\\u20131939. Svensk och finlandssvensk lyrik i uppl\\u00e4sning av svenska och finlandssvenska sk\\u00e5despelare.\",\"meta\":{\"artist\":\"Christina Indrenius-Zalewski l\\u00e4ser Josef Julius Wecksell. Dikt 1593\\u20131939\",\"album\":\"Josef Julius Wecksell\",\"length_formatted\":\"1:15\"},\"image\":{\"src\":\"https:\/\/litteraturbanken.se\/ljudochbild\/wp-content\/uploads\/2024\/09\/almqvist_denlyssnandemaria_lindh-mp3-image.jpg\",\"width\":1200,\"height\":1201},\"thumb\":{\"src\":\"https:\/\/litteraturbanken.se\/ljudochbild\/wp-content\/uploads\/2024\/09\/almqvist_denlyssnandemaria_lindh-mp3-image-150x150.jpg\",\"width\":150,\"height\":150}},{\"src\":\"https:\/\/litteraturbanken.se\/ljudochbild\/wp-content\/uploads\/2024\/09\/wecksell_itoner_indrenius-zalewski.mp3\",\"type\":\"audio\/mpeg\",\"title\":\"I toner, i toner\",\"caption\":\"\",\"description\":\"\\u201dI toner, i toner\\u201d fr\\u00e5n Josef Julius Wecksell l\\u00e4st av Christina Indrenius-Zalewski av Dikt 1593\\u20131939. Svensk och finlandssvensk lyrik i uppl\\u00e4sning av svenska och finlandssvenska sk\\u00e5despelare.\",\"meta\":{\"artist\":\"Christina Indrenius-Zalewski l\\u00e4ser Josef Julius Wecksell. Dikt 1593\\u20131939\",\"album\":\"Josef Julius Wecksell\",\"length_formatted\":\"0:25\"},\"image\":{\"src\":\"https:\/\/litteraturbanken.se\/ljudochbild\/wp-content\/uploads\/2024\/09\/almqvist_denlyssnandemaria_lindh-mp3-image.jpg\",\"width\":1200,\"height\":1201},\"thumb\":{\"src\":\"https:\/\/litteraturbanken.se\/ljudochbild\/wp-content\/uploads\/2024\/09\/almqvist_denlyssnandemaria_lindh-mp3-image-150x150.jpg\",\"width\":150,\"height\":150}},{\"src\":\"https:\/\/litteraturbanken.se\/ljudochbild\/wp-content\/uploads\/2024\/09\/wecksell_pamolndustod_eklundh.mp3\",\"type\":\"audio\/mpeg\",\"title\":\"P\\u00e5 moln stod du!\",\"caption\":\"\",\"description\":\"\\u201dP\\u00e5 moln stod du!\\u201d fr\\u00e5n Josef Julius Wecksell l\\u00e4st av Riko Eklundh av Dikt 1593\\u20131939. Svensk och finlandssvensk lyrik i uppl\\u00e4sning av svenska och finlandssvenska sk\\u00e5despelare.\",\"meta\":{\"artist\":\"Riko Eklundh l\\u00e4ser Josef Julius Wecksell. Dikt 1593\\u20131939\",\"album\":\"Josef Julius Wecksell\",\"length_formatted\":\"1:26\"},\"image\":{\"src\":\"https:\/\/litteraturbanken.se\/ljudochbild\/wp-content\/uploads\/2024\/09\/almqvist_denlyssnandemaria_lindh-mp3-image.jpg\",\"width\":1200,\"height\":1201},\"thumb\":{\"src\":\"https:\/\/litteraturbanken.se\/ljudochbild\/wp-content\/uploads\/2024\/09\/almqvist_denlyssnandemaria_lindh-mp3-image-150x150.jpg\",\"width\":150,\"height\":150}},{\"src\":\"https:\/\/litteraturbanken.se\/ljudochbild\/wp-content\/uploads\/2019\/06\/wecksell_pamolnstoddu_holmberg.mp3\",\"type\":\"audio\/mpeg\",\"title\":\"P\\u00e5 moln stod du!\",\"caption\":\"\",\"description\":\"\\\"P\\u00e5 moln stod du\\\" fr\\u00e5n Henric Holmberg av Wecksell, J.J..\",\"meta\":{\"artist\":\"Henric Holmberg l\\u00e4ser J.J. Wecksell\",\"album\":\"J.J. Wecksell\",\"length_formatted\":\"1:07\"},\"image\":{\"src\":\"https:\/\/litteraturbanken.se\/ljudochbild\/wp-content\/plugins\/media-library-assistant\/images\/crystal\/audio.png\",\"width\":48,\"height\":64},\"thumb\":{\"src\":\"https:\/\/litteraturbanken.se\/ljudochbild\/wp-content\/plugins\/media-library-assistant\/images\/crystal\/audio.png\",\"width\":48,\"height\":64}},{\"src\":\"https:\/\/litteraturbanken.se\/ljudochbild\/wp-content\/uploads\/2024\/09\/wecksell_vardetendrom_indrenius-zalewski.mp3\",\"type\":\"audio\/mpeg\",\"title\":\"Var det en dr\\u00f6m\",\"caption\":\"\",\"description\":\"\\u201dVar det en dr\\u00f6m\\u201d fr\\u00e5n Josef Julius Wecksell l\\u00e4st av Christina Indrenius-Zalewski av Dikt 1593\\u20131939. Svensk och finlandssvensk lyrik i uppl\\u00e4sning av svenska och finlandssvenska sk\\u00e5despelare.\",\"meta\":{\"artist\":\"Christina Indrenius-Zalewski l\\u00e4ser Josef Julius Wecksell. Dikt 1593\\u20131939\",\"album\":\"Josef Julius Wecksell\",\"length_formatted\":\"1:24\"},\"image\":{\"src\":\"https:\/\/litteraturbanken.se\/ljudochbild\/wp-content\/uploads\/2024\/09\/almqvist_denlyssnandemaria_lindh-mp3-image.jpg\",\"width\":1200,\"height\":1201},\"thumb\":{\"src\":\"https:\/\/litteraturbanken.se\/ljudochbild\/wp-content\/uploads\/2024\/09\/almqvist_denlyssnandemaria_lindh-mp3-image-150x150.jpg\",\"width\":150,\"height\":150}}]}<\/script>\n<\/div>\n\t\n\n\n\n<hr class=\"wp-block-separator has-alpha-channel-opacity\"\/>\n\n\n\n<p><em>Inspelningarna tillg\u00e4ngligg\u00f6rs h\u00e4r med tillst\u00e5nd fr\u00e5n inl\u00e4sarna. \u2013 Fotografiet ovanf\u00f6r, taget av Daniel Nyblin, har vi l\u00e5nat fr\u00e5n <a href=\"https:\/\/finna.fi\/Record\/museovirasto.624929922B9565D34A0BFE4023469B21?sid=4157796749&amp;lng=sv\" target=\"_blank\" rel=\"noreferrer noopener\">Museiverket i Finland<\/a> (<a href=\"https:\/\/creativecommons.org\/licenses\/by\/4.0\/deed.sv\" target=\"_blank\" rel=\"noreferrer noopener\">CC BY<\/a>).<\/em><\/p>\n","protected":false},"excerpt":{"rendered":"<p>\u201dJOSEF JULIUS WECKSELL (1838\u20131907) b\u00f6rjade redan som barn skriva dikter, sk\u00e5despel och sagor. I b\u00f6rjan av 1850-talet uppf\u00f6rdes hans pj\u00e4s Tre friare i hemstaden \u00c5bo. Debuten i bokform kom 1860 med&nbsp;Valda ungdomsdikter, d\u00e4r Wecksells l\u00e4sningar av Schiller, Goethe, [&hellip;]<\/p>\n","protected":false},"author":1,"featured_media":12350,"parent":7,"menu_order":0,"comment_status":"closed","ping_status":"closed","template":"","meta":{"footnotes":""},"class_list":["post-725","page","type-page","status-publish","has-post-thumbnail","hentry"],"yoast_head":"<!-- This site is optimized with the Yoast SEO plugin v27.1.1 - https:\/\/yoast.com\/product\/yoast-seo-wordpress\/ -->\n<title>Josef Julius Wecksell (1838\u20131907) - Ljud &amp; Bild<\/title>\n<meta name=\"robots\" content=\"index, follow, max-snippet:-1, max-image-preview:large, max-video-preview:-1\" \/>\n<link rel=\"canonical\" href=\"https:\/\/litteraturbanken.se\/ljudochbild\/forfattare\/weckselljj\/\" \/>\n<meta property=\"og:locale\" content=\"sv_SE\" \/>\n<meta property=\"og:type\" content=\"article\" \/>\n<meta property=\"og:title\" content=\"Josef Julius Wecksell (1838\u20131907) - Ljud &amp; Bild\" \/>\n<meta property=\"og:description\" content=\"\u201dJOSEF JULIUS WECKSELL (1838\u20131907) b\u00f6rjade redan som barn skriva dikter, sk\u00e5despel och sagor. I b\u00f6rjan av 1850-talet uppf\u00f6rdes hans pj\u00e4s Tre friare i hemstaden \u00c5bo. Debuten i bokform kom 1860 med&nbsp;Valda ungdomsdikter, d\u00e4r Wecksells l\u00e4sningar av Schiller, Goethe, [&hellip;]\" \/>\n<meta property=\"og:url\" content=\"https:\/\/litteraturbanken.se\/ljudochbild\/forfattare\/weckselljj\/\" \/>\n<meta property=\"og:site_name\" content=\"Ljud &amp; Bild\" \/>\n<meta property=\"article:publisher\" content=\"https:\/\/www.facebook.com\/Litteraturbanken.se\" \/>\n<meta property=\"article:modified_time\" content=\"2024-09-18T12:31:17+00:00\" \/>\n<meta property=\"og:image\" content=\"https:\/\/litteraturbanken.se\/ljudochbild\/wp-content\/uploads\/2024\/09\/wecksell.jpg\" \/>\n\t<meta property=\"og:image:width\" content=\"1200\" \/>\n\t<meta property=\"og:image:height\" content=\"1701\" \/>\n\t<meta property=\"og:image:type\" content=\"image\/jpeg\" \/>\n<meta name=\"twitter:card\" content=\"summary_large_image\" \/>\n<meta name=\"twitter:site\" content=\"@litteraturbank\" \/>\n<meta name=\"twitter:label1\" content=\"Ber\u00e4knad l\u00e4stid\" \/>\n\t<meta name=\"twitter:data1\" content=\"2 minuter\" \/>\n<script type=\"application\/ld+json\" class=\"yoast-schema-graph\">{\"@context\":\"https:\/\/schema.org\",\"@graph\":[{\"@type\":\"WebPage\",\"@id\":\"https:\/\/litteraturbanken.se\/ljudochbild\/forfattare\/weckselljj\/\",\"url\":\"https:\/\/litteraturbanken.se\/ljudochbild\/forfattare\/weckselljj\/\",\"name\":\"Josef Julius Wecksell (1838\u20131907) - Ljud &amp; Bild\",\"isPartOf\":{\"@id\":\"https:\/\/litteraturbanken.se\/ljudochbild\/#website\"},\"primaryImageOfPage\":{\"@id\":\"https:\/\/litteraturbanken.se\/ljudochbild\/forfattare\/weckselljj\/#primaryimage\"},\"image\":{\"@id\":\"https:\/\/litteraturbanken.se\/ljudochbild\/forfattare\/weckselljj\/#primaryimage\"},\"thumbnailUrl\":\"https:\/\/litteraturbanken.se\/ljudochbild\/wp-content\/uploads\/2024\/09\/wecksell.jpg\",\"datePublished\":\"2019-08-13T14:33:34+00:00\",\"dateModified\":\"2024-09-18T12:31:17+00:00\",\"breadcrumb\":{\"@id\":\"https:\/\/litteraturbanken.se\/ljudochbild\/forfattare\/weckselljj\/#breadcrumb\"},\"inLanguage\":\"sv-SE\",\"potentialAction\":[{\"@type\":\"ReadAction\",\"target\":[\"https:\/\/litteraturbanken.se\/ljudochbild\/forfattare\/weckselljj\/\"]}]},{\"@type\":\"ImageObject\",\"inLanguage\":\"sv-SE\",\"@id\":\"https:\/\/litteraturbanken.se\/ljudochbild\/forfattare\/weckselljj\/#primaryimage\",\"url\":\"https:\/\/litteraturbanken.se\/ljudochbild\/wp-content\/uploads\/2024\/09\/wecksell.jpg\",\"contentUrl\":\"https:\/\/litteraturbanken.se\/ljudochbild\/wp-content\/uploads\/2024\/09\/wecksell.jpg\",\"width\":1200,\"height\":1701,\"caption\":\"Josef Julius Wecksell\"},{\"@type\":\"BreadcrumbList\",\"@id\":\"https:\/\/litteraturbanken.se\/ljudochbild\/forfattare\/weckselljj\/#breadcrumb\",\"itemListElement\":[{\"@type\":\"ListItem\",\"position\":1,\"name\":\"Hem\",\"item\":\"https:\/\/litteraturbanken.se\/ljudochbild\/\"},{\"@type\":\"ListItem\",\"position\":2,\"name\":\"F\u00f6rfattare\",\"item\":\"https:\/\/litteraturbanken.se\/ljudochbild\/forfattare\/\"},{\"@type\":\"ListItem\",\"position\":3,\"name\":\"Josef Julius Wecksell (1838\u20131907)\"}]},{\"@type\":\"WebSite\",\"@id\":\"https:\/\/litteraturbanken.se\/ljudochbild\/#website\",\"url\":\"https:\/\/litteraturbanken.se\/ljudochbild\/\",\"name\":\"Ljud & Bild\",\"description\":\"Ur Litteraturbankens samlingar\",\"potentialAction\":[{\"@type\":\"SearchAction\",\"target\":{\"@type\":\"EntryPoint\",\"urlTemplate\":\"https:\/\/litteraturbanken.se\/ljudochbild\/?s={search_term_string}\"},\"query-input\":{\"@type\":\"PropertyValueSpecification\",\"valueRequired\":true,\"valueName\":\"search_term_string\"}}],\"inLanguage\":\"sv-SE\"}]}<\/script>\n<!-- \/ Yoast SEO plugin. -->","yoast_head_json":{"title":"Josef Julius Wecksell (1838\u20131907) - Ljud &amp; Bild","robots":{"index":"index","follow":"follow","max-snippet":"max-snippet:-1","max-image-preview":"max-image-preview:large","max-video-preview":"max-video-preview:-1"},"canonical":"https:\/\/litteraturbanken.se\/ljudochbild\/forfattare\/weckselljj\/","og_locale":"sv_SE","og_type":"article","og_title":"Josef Julius Wecksell (1838\u20131907) - Ljud &amp; Bild","og_description":"\u201dJOSEF JULIUS WECKSELL (1838\u20131907) b\u00f6rjade redan som barn skriva dikter, sk\u00e5despel och sagor. I b\u00f6rjan av 1850-talet uppf\u00f6rdes hans pj\u00e4s Tre friare i hemstaden \u00c5bo. Debuten i bokform kom 1860 med&nbsp;Valda ungdomsdikter, d\u00e4r Wecksells l\u00e4sningar av Schiller, Goethe, [&hellip;]","og_url":"https:\/\/litteraturbanken.se\/ljudochbild\/forfattare\/weckselljj\/","og_site_name":"Ljud &amp; Bild","article_publisher":"https:\/\/www.facebook.com\/Litteraturbanken.se","article_modified_time":"2024-09-18T12:31:17+00:00","og_image":[{"width":1200,"height":1701,"url":"https:\/\/litteraturbanken.se\/ljudochbild\/wp-content\/uploads\/2024\/09\/wecksell.jpg","type":"image\/jpeg"}],"twitter_card":"summary_large_image","twitter_site":"@litteraturbank","twitter_misc":{"Ber\u00e4knad l\u00e4stid":"2 minuter"},"schema":{"@context":"https:\/\/schema.org","@graph":[{"@type":"WebPage","@id":"https:\/\/litteraturbanken.se\/ljudochbild\/forfattare\/weckselljj\/","url":"https:\/\/litteraturbanken.se\/ljudochbild\/forfattare\/weckselljj\/","name":"Josef Julius Wecksell (1838\u20131907) - Ljud &amp; Bild","isPartOf":{"@id":"https:\/\/litteraturbanken.se\/ljudochbild\/#website"},"primaryImageOfPage":{"@id":"https:\/\/litteraturbanken.se\/ljudochbild\/forfattare\/weckselljj\/#primaryimage"},"image":{"@id":"https:\/\/litteraturbanken.se\/ljudochbild\/forfattare\/weckselljj\/#primaryimage"},"thumbnailUrl":"https:\/\/litteraturbanken.se\/ljudochbild\/wp-content\/uploads\/2024\/09\/wecksell.jpg","datePublished":"2019-08-13T14:33:34+00:00","dateModified":"2024-09-18T12:31:17+00:00","breadcrumb":{"@id":"https:\/\/litteraturbanken.se\/ljudochbild\/forfattare\/weckselljj\/#breadcrumb"},"inLanguage":"sv-SE","potentialAction":[{"@type":"ReadAction","target":["https:\/\/litteraturbanken.se\/ljudochbild\/forfattare\/weckselljj\/"]}]},{"@type":"ImageObject","inLanguage":"sv-SE","@id":"https:\/\/litteraturbanken.se\/ljudochbild\/forfattare\/weckselljj\/#primaryimage","url":"https:\/\/litteraturbanken.se\/ljudochbild\/wp-content\/uploads\/2024\/09\/wecksell.jpg","contentUrl":"https:\/\/litteraturbanken.se\/ljudochbild\/wp-content\/uploads\/2024\/09\/wecksell.jpg","width":1200,"height":1701,"caption":"Josef Julius Wecksell"},{"@type":"BreadcrumbList","@id":"https:\/\/litteraturbanken.se\/ljudochbild\/forfattare\/weckselljj\/#breadcrumb","itemListElement":[{"@type":"ListItem","position":1,"name":"Hem","item":"https:\/\/litteraturbanken.se\/ljudochbild\/"},{"@type":"ListItem","position":2,"name":"F\u00f6rfattare","item":"https:\/\/litteraturbanken.se\/ljudochbild\/forfattare\/"},{"@type":"ListItem","position":3,"name":"Josef Julius Wecksell (1838\u20131907)"}]},{"@type":"WebSite","@id":"https:\/\/litteraturbanken.se\/ljudochbild\/#website","url":"https:\/\/litteraturbanken.se\/ljudochbild\/","name":"Ljud & Bild","description":"Ur Litteraturbankens samlingar","potentialAction":[{"@type":"SearchAction","target":{"@type":"EntryPoint","urlTemplate":"https:\/\/litteraturbanken.se\/ljudochbild\/?s={search_term_string}"},"query-input":{"@type":"PropertyValueSpecification","valueRequired":true,"valueName":"search_term_string"}}],"inLanguage":"sv-SE"}]}},"_links":{"self":[{"href":"https:\/\/litteraturbanken.se\/ljudochbild\/wp-json\/wp\/v2\/pages\/725","targetHints":{"allow":["GET"]}}],"collection":[{"href":"https:\/\/litteraturbanken.se\/ljudochbild\/wp-json\/wp\/v2\/pages"}],"about":[{"href":"https:\/\/litteraturbanken.se\/ljudochbild\/wp-json\/wp\/v2\/types\/page"}],"author":[{"embeddable":true,"href":"https:\/\/litteraturbanken.se\/ljudochbild\/wp-json\/wp\/v2\/users\/1"}],"replies":[{"embeddable":true,"href":"https:\/\/litteraturbanken.se\/ljudochbild\/wp-json\/wp\/v2\/comments?post=725"}],"version-history":[{"count":9,"href":"https:\/\/litteraturbanken.se\/ljudochbild\/wp-json\/wp\/v2\/pages\/725\/revisions"}],"predecessor-version":[{"id":12352,"href":"https:\/\/litteraturbanken.se\/ljudochbild\/wp-json\/wp\/v2\/pages\/725\/revisions\/12352"}],"up":[{"embeddable":true,"href":"https:\/\/litteraturbanken.se\/ljudochbild\/wp-json\/wp\/v2\/pages\/7"}],"wp:featuredmedia":[{"embeddable":true,"href":"https:\/\/litteraturbanken.se\/ljudochbild\/wp-json\/wp\/v2\/media\/12350"}],"wp:attachment":[{"href":"https:\/\/litteraturbanken.se\/ljudochbild\/wp-json\/wp\/v2\/media?parent=725"}],"curies":[{"name":"wp","href":"https:\/\/api.w.org\/{rel}","templated":true}]}}