{"id":10048,"date":"2018-12-18T22:27:09","date_gmt":"2018-12-18T21:27:09","guid":{"rendered":"https:\/\/litteraturbanken.se\/skoladev\/?page_id=10048"},"modified":"2020-03-02T11:18:30","modified_gmt":"2020-03-02T10:18:30","slug":"poesi-forfattare-carl-michael-bellman-na-skruva-fiolen","status":"publish","type":"page","link":"https:\/\/litteraturbanken.se\/skolan\/poesi-forfattare-carl-michael-bellman-na-skruva-fiolen\/","title":{"rendered":"Poesi\/F\u00f6rfattare\/Carl Michael Bellman\/N\u00e5 skruva fiolen"},"content":{"rendered":"\t\t<div data-elementor-type=\"wp-post\" data-elementor-id=\"10048\" class=\"elementor elementor-10048\">\n\t\t\t\t\t\t<section class=\"elementor-section elementor-top-section elementor-element elementor-element-6c53fab elementor-section-boxed elementor-section-height-default elementor-section-height-default\" data-id=\"6c53fab\" data-element_type=\"section\" data-e-type=\"section\">\n\t\t\t\t\t\t<div class=\"elementor-container elementor-column-gap-default\">\n\t\t\t\t\t<div class=\"elementor-column elementor-col-100 elementor-top-column elementor-element elementor-element-ea34b7d\" data-id=\"ea34b7d\" data-element_type=\"column\" data-e-type=\"column\">\n\t\t\t<div class=\"elementor-widget-wrap elementor-element-populated\">\n\t\t\t\t\t\t<div class=\"elementor-element elementor-element-7c8ad7f elementor-widget elementor-widget-spacer\" data-id=\"7c8ad7f\" data-element_type=\"widget\" data-e-type=\"widget\" data-widget_type=\"spacer.default\">\n\t\t\t\t<div class=\"elementor-widget-container\">\n\t\t\t\t\t\t\t<div class=\"elementor-spacer\">\n\t\t\t<div class=\"elementor-spacer-inner\"><\/div>\n\t\t<\/div>\n\t\t\t\t\t\t<\/div>\n\t\t\t\t<\/div>\n\t\t\t\t\t<\/div>\n\t\t<\/div>\n\t\t\t\t\t<\/div>\n\t\t<\/section>\n\t\t\t\t<section class=\"elementor-section elementor-inner-section elementor-element elementor-element-f7e8528 elementor-section-boxed elementor-section-height-default elementor-section-height-default\" data-id=\"f7e8528\" data-element_type=\"section\" data-e-type=\"section\">\n\t\t\t\t\t\t<div class=\"elementor-container elementor-column-gap-default\">\n\t\t\t\t\t<div class=\"elementor-column elementor-col-66 elementor-inner-column elementor-element elementor-element-e12edfb\" data-id=\"e12edfb\" data-element_type=\"column\" data-e-type=\"column\" data-settings=\"{&quot;background_background&quot;:&quot;classic&quot;}\">\n\t\t\t<div class=\"elementor-widget-wrap elementor-element-populated\">\n\t\t\t\t\t\t<div class=\"elementor-element elementor-element-13b657b elementor-widget elementor-widget-heading\" data-id=\"13b657b\" data-element_type=\"widget\" data-e-type=\"widget\" data-widget_type=\"heading.default\">\n\t\t\t\t<div class=\"elementor-widget-container\">\n\t\t\t\t\t<h2 class=\"elementor-heading-title elementor-size-default\">N\u00e5, skruva fiolen<\/h2>\t\t\t\t<\/div>\n\t\t\t\t<\/div>\n\t\t\t\t<div class=\"elementor-element elementor-element-24880c3 elementor-widget elementor-widget-text-editor\" data-id=\"24880c3\" data-element_type=\"widget\" data-e-type=\"widget\" data-widget_type=\"text-editor.default\">\n\t\t\t\t<div class=\"elementor-widget-container\">\n\t\t\t\t\t\t\t\t\t<p>Av <a href=\"https:\/\/litteraturbanken.se\/skolan\/?page_id=5789\"><em>Carl Michael Bellman<\/em><\/a><\/p>\t\t\t\t\t\t\t\t<\/div>\n\t\t\t\t<\/div>\n\t\t\t\t<div class=\"elementor-element elementor-element-357cec0 elementor-widget elementor-widget-text-editor\" data-id=\"357cec0\" data-element_type=\"widget\" data-e-type=\"widget\" data-widget_type=\"text-editor.default\">\n\t\t\t\t<div class=\"elementor-widget-container\">\n\t\t\t\t\t\t\t\t\t<p><strong>Ur:\u00a0<\/strong><em>Dikter 1 <\/em>(1916)\u00a0<span style=\"font-size: 15px; letter-spacing: 0.6px;\">\u00a0<\/span><strong>\u00c5rskurs:<\/strong>\u00a0Gymnasium\u00a0 <strong>Tema:\u00a0<\/strong>1700-tal,\u00a0Humor och satir<\/p>\t\t\t\t\t\t\t\t<\/div>\n\t\t\t\t<\/div>\n\t\t\t\t<div class=\"elementor-element elementor-element-1565a40 elementor-widget elementor-widget-text-editor\" data-id=\"1565a40\" data-element_type=\"widget\" data-e-type=\"widget\" data-widget_type=\"text-editor.default\">\n\t\t\t\t<div class=\"elementor-widget-container\">\n\t\t\t\t\t\t\t\t\t<div class=\"literallayout\"><p><em><span class=\"italic\">Till\u00a0Fader\u00a0Berg,\u00a0r\u00f6rande\u00a0Fiolen<\/span>.<\/em><\/p><\/div><div class=\"literallayout\"><p>N\u00e5\u00a0skruva\u00a0Fiolen,<br \/>Hej!\u00a0Spelman\u00a0skynda\u00a0dej.<br \/>K\u00e4ra\u00a0Syster,\u00a0hej!<br \/>Svara\u00a0inte\u00a0nej,<br \/>Svara\u00a0Ja\u00a0s\u00e5\u00a0bli\u00a0Vi\u00a0glada.<br \/>S\u00e4tt\u00a0dej\u00a0du\u00a0p\u00e5\u00a0stolen,<br \/>Och\u00a0stryk\u00a0din\u00a0Silverstr\u00e4ng;<br \/>R\u00f6da\u00a0str\u00e5ken\u00a0sl\u00e4ng,<br \/>Och\u00a0med\u00a0armen\u00a0sv\u00e4ng;<br \/>G\u00f6r\u00a0ej\u00a0Fiolen\u00a0skada.<br \/>Du\u00a0svettas,\u00a0stor\u00a0sak,<br \/>I\u00a0Br\u00e4nvin\u00a0skall\u00a0du\u00a0bada;<br \/>Ty\u00a0under\u00a0detta\u00a0Tak<br \/>\u00c4r\u00a0Bacchi\u00a0Lada.<br \/>&#8211;\u00a0&#8211;\u00a0Ganska\u00a0rigtigt,<br \/>Ditt\u00a0kall\u00a0\u00e4r\u00a0vigtigt<br \/>B\u00e5d\u00a0f\u00f6r\u00a0\u00d6ra,\u00a0Syn\u00a0och\u00a0Smak.<br \/><br \/>Bland\u00a0Nymfernas\u00a0skara<br \/>\u00c4r\u00a0du\u00a0omistlig\u00a0man<br \/>Du\u00a0b\u00e5d\u00a0vill\u00a0och\u00a0kan<br \/>Mer\u00a0\u00e4n\u00a0n\u00e5gon\u00a0ann<br \/>De\u00a0unga\u00a0hj\u00e4rtan\u00a0binda,<br \/>Och\u00a0k\u00e4rlekens\u00a0snara<br \/>P\u00e5\u00a0dina\u00a0str\u00e4ngar\u00a0st\u00e5r;<br \/>Varje\u00a0Ton\u00a0du\u00a0sl\u00e5r,<br \/>Du\u00a0ett\u00a0hj\u00e4rta\u00a0f\u00e5r,<br \/>Att\u00a0konstigt\u00a0sammanlinda.<br \/>Just\u00a0p\u00e5\u00a0en\u00a0minut,<br \/>Sm\u00e5\u00a0\u00f6gon\u00a0bliva\u00a0blinda,<br \/>Och\u00a0flickorna\u00a0till\u00a0slut<br \/>De\u00a0bli\u00a0s\u00e5\u00a0trinda.<br \/>&#8211;\u00a0Hur\u00a0du\u00a0bullrar!<br \/>Men\u00a0Nymfen\u00a0kullrar,<br \/>Och\u00a0du\u00a0skrattar\u00a0med\u00a0din\u00a0trut.<br \/><br \/>Jag\u00a0\u00e4lskar\u00a0de\u00a0sk\u00f6na,<br \/>Men\u00a0Vinet\u00a0\u00e4nd\u00e5\u00a0mer;<br \/>Jag\u00a0p\u00e5\u00a0b\u00e5da\u00a0ser,<br \/>Och\u00a0\u00e5t\u00a0b\u00e5da\u00a0ler<br \/>Men\u00a0skiljer\u00a0\u00e4nd\u00e5\u00a0b\u00e5da.<br \/>En\u00a0Nymf\u00a0i\u00a0det\u00a0gr\u00f6na,<br \/>Och\u00a0Vin\u00a0i\u00a0gr\u00f6na\u00a0glas:<br \/>Lika\u00a0gott\u00a0Calas,<br \/>B\u00e5da\u00a0om\u00a0mig\u00a0dras.<br \/>Ge\u00a0str\u00e5ken\u00a0mera\u00a0k\u00e5da;<br \/>Confonium\u00a0tag\u00a0d\u00e4r<br \/>Uti\u00a0min\u00a0gr\u00f6na\u00a0L\u00e5da;<br \/>Och\u00a0Vinet\u00a0st\u00e5r\u00a0ju\u00a0h\u00e4r.<br \/>Jag\u00a0\u00e4r\u00a0i\u00a0v\u00e5da.<br \/>&#8211;\u00a0&#8211;\u00a0Supa,\u00a0dricka,<br \/>Och\u00a0ha\u00a0sin\u00a0flicka,<br \/>\u00c4r\u00a0vad\u00a0Sancte\u00a0Fredman\u00a0l\u00e4r.<\/p><\/div>\t\t\t\t\t\t\t\t<\/div>\n\t\t\t\t<\/div>\n\t\t\t\t\t<\/div>\n\t\t<\/div>\n\t\t\t\t<div class=\"elementor-column elementor-col-33 elementor-inner-column elementor-element elementor-element-87358d4\" data-id=\"87358d4\" data-element_type=\"column\" data-e-type=\"column\">\n\t\t\t<div class=\"elementor-widget-wrap elementor-element-populated\">\n\t\t\t\t\t\t<div class=\"elementor-element elementor-element-b765e88 elementor-icon-list--layout-traditional elementor-list-item-link-full_width elementor-widget elementor-widget-icon-list\" data-id=\"b765e88\" data-element_type=\"widget\" data-e-type=\"widget\" data-widget_type=\"icon-list.default\">\n\t\t\t\t<div class=\"elementor-widget-container\">\n\t\t\t\t\t\t\t<ul class=\"elementor-icon-list-items\">\n\t\t\t\t\t\t\t<li class=\"elementor-icon-list-item\">\n\t\t\t\t\t\t\t\t\t\t\t<a href=\"https:\/\/litteraturbanken.se\/forfattare\/BellmanCM\/titlar\/Dikter1\/sida\/3\/faksimil\" target=\"_blank\">\n\n\t\t\t\t\t\t\t\t\t\t\t\t<span class=\"elementor-icon-list-icon\">\n\t\t\t\t\t\t\t\t\t\t\t\t\t\t\t\t<i class=\"fa fa-file-text-o\" aria-hidden=\"true\"><\/i>\n\t\t\t\t\t\t\t\t\t\t\t\t\t<\/span>\n\t\t\t\t\t\t\t\t\t\t<span class=\"elementor-icon-list-text\">L\u00e4s dikten p\u00e5 Litteraturbanken<\/span>\n\t\t\t\t\t\t\t\t\t\t\t<\/a>\n\t\t\t\t\t\t\t\t\t<\/li>\n\t\t\t\t\t\t\t\t<li class=\"elementor-icon-list-item\">\n\t\t\t\t\t\t\t\t\t\t\t<a href=\"https:\/\/litteraturbanken.se\/skolan\/?page_id=261\" target=\"_blank\">\n\n\t\t\t\t\t\t\t\t\t\t\t\t<span class=\"elementor-icon-list-icon\">\n\t\t\t\t\t\t\t\t\t\t\t\t\t\t\t\t<i class=\"fa fa-file-text-o\" aria-hidden=\"true\"><\/i>\n\t\t\t\t\t\t\t\t\t\t\t\t\t<\/span>\n\t\t\t\t\t\t\t\t\t\t<span class=\"elementor-icon-list-text\">Termer och begrepp<\/span>\n\t\t\t\t\t\t\t\t\t\t\t<\/a>\n\t\t\t\t\t\t\t\t\t<\/li>\n\t\t\t\t\t\t<\/ul>\n\t\t\t\t\t\t<\/div>\n\t\t\t\t<\/div>\n\t\t\t\t<div class=\"elementor-element elementor-element-e7a6864 elementor-align-center elementor-widget elementor-widget-button\" data-id=\"e7a6864\" data-element_type=\"widget\" data-e-type=\"widget\" data-widget_type=\"button.default\">\n\t\t\t\t<div class=\"elementor-widget-container\">\n\t\t\t\t\t\t\t\t\t<div class=\"elementor-button-wrapper\">\n\t\t\t\t\t<a class=\"elementor-button elementor-button-link elementor-size-md elementor-animation-grow\" href=\"#uppgiftF-3\">\n\t\t\t\t\t\t<span class=\"elementor-button-content-wrapper\">\n\t\t\t\t\t\t<span class=\"elementor-button-icon\">\n\t\t\t\t\t\t\t\t\t<i class=\"fa fa-pencil\" aria-hidden=\"true\"><\/i>\n\t\t\t\t\t\t\t<\/span>\n\t\t\t\t\t\t\t\t\t<span class=\"elementor-button-text\">Uppgift, Gymnasium<\/span>\n\t\t\t\t\t<\/span>\n\t\t\t\t\t<\/a>\n\t\t\t\t<\/div>\n\t\t\t\t\t\t\t\t<\/div>\n\t\t\t\t<\/div>\n\t\t\t\t<div class=\"elementor-element elementor-element-48c6a71 elementor-widget elementor-widget-image\" data-id=\"48c6a71\" data-element_type=\"widget\" data-e-type=\"widget\" data-widget_type=\"image.default\">\n\t\t\t\t<div class=\"elementor-widget-container\">\n\t\t\t\t\t\t\t\t\t\t\t\t\t\t\t<img fetchpriority=\"high\" decoding=\"async\" width=\"300\" height=\"300\" src=\"https:\/\/litteraturbanken.se\/skolan\/wp-content\/uploads\/2019\/03\/lb_skolan_2019_knapp_bellman_ny_r\u00f6d-e1553013796489.jpg\" class=\"attachment-full size-full wp-image-13709\" alt=\"\" \/>\t\t\t\t\t\t\t\t\t\t\t\t\t\t\t<\/div>\n\t\t\t\t<\/div>\n\t\t\t\t\t<\/div>\n\t\t<\/div>\n\t\t\t\t\t<\/div>\n\t\t<\/section>\n\t\t\t\t<section class=\"elementor-section elementor-top-section elementor-element elementor-element-9ba0043 elementor-section-boxed elementor-section-height-default elementor-section-height-default\" data-id=\"9ba0043\" data-element_type=\"section\" data-e-type=\"section\">\n\t\t\t\t\t\t<div class=\"elementor-container elementor-column-gap-default\">\n\t\t\t\t\t<div class=\"elementor-column elementor-col-100 elementor-top-column elementor-element elementor-element-5cf756c\" data-id=\"5cf756c\" data-element_type=\"column\" data-e-type=\"column\">\n\t\t\t<div class=\"elementor-widget-wrap elementor-element-populated\">\n\t\t\t\t\t\t<div class=\"elementor-element elementor-element-6c22735 elementor-widget elementor-widget-spacer\" data-id=\"6c22735\" data-element_type=\"widget\" data-e-type=\"widget\" data-widget_type=\"spacer.default\">\n\t\t\t\t<div class=\"elementor-widget-container\">\n\t\t\t\t\t\t\t<div class=\"elementor-spacer\">\n\t\t\t<div class=\"elementor-spacer-inner\"><\/div>\n\t\t<\/div>\n\t\t\t\t\t\t<\/div>\n\t\t\t\t<\/div>\n\t\t\t\t\t<\/div>\n\t\t<\/div>\n\t\t\t\t\t<\/div>\n\t\t<\/section>\n\t\t\t\t<section class=\"elementor-section elementor-top-section elementor-element elementor-element-a63dc1d elementor-section-boxed elementor-section-height-default elementor-section-height-default\" data-id=\"a63dc1d\" data-element_type=\"section\" data-e-type=\"section\">\n\t\t\t\t\t\t<div class=\"elementor-container elementor-column-gap-default\">\n\t\t\t\t\t<div class=\"elementor-column elementor-col-100 elementor-top-column elementor-element elementor-element-86f6ae2\" data-id=\"86f6ae2\" data-element_type=\"column\" data-e-type=\"column\" data-settings=\"{&quot;background_background&quot;:&quot;classic&quot;}\">\n\t\t\t<div class=\"elementor-widget-wrap elementor-element-populated\">\n\t\t\t\t\t\t<section class=\"elementor-section elementor-inner-section elementor-element elementor-element-3de1163 elementor-section-boxed elementor-section-height-default elementor-section-height-default\" data-id=\"3de1163\" data-element_type=\"section\" data-e-type=\"section\">\n\t\t\t\t\t\t<div class=\"elementor-container elementor-column-gap-default\">\n\t\t\t\t\t<div class=\"elementor-column elementor-col-100 elementor-inner-column elementor-element elementor-element-bb3bcc0\" data-id=\"bb3bcc0\" data-element_type=\"column\" data-e-type=\"column\">\n\t\t\t<div class=\"elementor-widget-wrap elementor-element-populated\">\n\t\t\t\t\t\t<div class=\"elementor-element elementor-element-c680be8 elementor-widget elementor-widget-menu-anchor\" data-id=\"c680be8\" data-element_type=\"widget\" data-e-type=\"widget\" data-widget_type=\"menu-anchor.default\">\n\t\t\t\t<div class=\"elementor-widget-container\">\n\t\t\t\t\t\t\t<div class=\"elementor-menu-anchor\" id=\"uppgiftF-3\"><\/div>\n\t\t\t\t\t\t<\/div>\n\t\t\t\t<\/div>\n\t\t\t\t<div class=\"elementor-element elementor-element-09388ee elementor-view-framed elementor-shape-circle elementor-widget elementor-widget-icon\" data-id=\"09388ee\" data-element_type=\"widget\" data-e-type=\"widget\" data-widget_type=\"icon.default\">\n\t\t\t\t<div class=\"elementor-widget-container\">\n\t\t\t\t\t\t\t<div class=\"elementor-icon-wrapper\">\n\t\t\t<div class=\"elementor-icon\">\n\t\t\t\t\t\t\t<i class=\"fa fa-pencil\" aria-hidden=\"true\"><\/i>\n\t\t\t\t\t\t<\/div>\n\t\t<\/div>\n\t\t\t\t\t\t<\/div>\n\t\t\t\t<\/div>\n\t\t\t\t<div class=\"elementor-element elementor-element-be6ecee elementor-widget elementor-widget-toggle\" data-id=\"be6ecee\" data-element_type=\"widget\" data-e-type=\"widget\" data-widget_type=\"toggle.default\">\n\t\t\t\t<div class=\"elementor-widget-container\">\n\t\t\t\t\t\t\t<div class=\"elementor-toggle\">\n\t\t\t\t\t\t\t<div class=\"elementor-toggle-item\">\n\t\t\t\t\t<div id=\"elementor-tab-title-1991\" class=\"elementor-tab-title\" data-tab=\"1\" role=\"button\" aria-controls=\"elementor-tab-content-1991\" aria-expanded=\"false\">\n\t\t\t\t\t\t\t\t\t\t\t\t<span class=\"elementor-toggle-icon elementor-toggle-icon-left\" aria-hidden=\"true\">\n\t\t\t\t\t\t\t\t\t\t\t\t\t\t\t<i class=\"elementor-toggle-icon-closed fa fa-chevron-right\"><\/i>\n\t\t\t\t\t\t\t\t<i class=\"elementor-toggle-icon-opened fa fa-chevron-down\"><\/i>\n\t\t\t\t\t\t\t\t\t\t\t\t\t<\/span>\n\t\t\t\t\t\t\t\t\t\t\t\t<a class=\"elementor-toggle-title\" tabindex=\"0\">Gymnasium<\/a>\n\t\t\t\t\t<\/div>\n\n\t\t\t\t\t<div id=\"elementor-tab-content-1991\" class=\"elementor-tab-content elementor-clearfix\" data-tab=\"1\" role=\"region\" aria-labelledby=\"elementor-tab-title-1991\"><p>Dikten har tonsatts.<\/p><h3>Uppgifter till dikten<\/h3><p>1 Efter att ha l\u00e4st igenom dikten, lyssna p\u00e5 en inspelning av den.<\/p><p>2 Sammanfatta vad Fader Berg och Fredman tycker \u00e4r viktigt i livet.<\/p><p>3 Raderna \u201dDitt kall \u00e4r vigtigt\/B\u00e5d f\u00f6r \u00d6ra, Syn och Smak\u201d \u00e4r ju riktade till fiolspelaren Fader Berg, men de passar ocks\u00e5 att ta som utg\u00e5ngspunkt f\u00f6r att analysera hur Bellman m\u00e5lar upp en situation h\u00e4r och nu genom att arbeta med ljud, f\u00e4rger och verb i antingen presens eller imperativ. Leta efter exempel p\u00e5 detta i texten och iaktta samtidigt hur Bellman arbetar med sceniska framst\u00e4llningar och dialoger.<\/p><h3>L\u00e4s vidare<\/h3><p>En introduktion till\u00a0<span class=\"personname\">Bellmans<\/span>\u00a0f\u00f6rfattarskap finns p\u00e5 Litteraturbanken och p\u00e5\u00a0<a class=\"ulink\" href=\"http:\/\/www.bellman.org\/index.php\/skolarbete-om-bellman\" target=\"_blank\" rel=\"noopener\">Bellmans\u00e4llskapets hemsida<\/a>. D\u00e4r finns en s\u00e4rskild resurs f\u00f6r l\u00e4rare och elever: \u201dSkolarbete om Bellman\u201d. P\u00e5\u00a0<a class=\"ulink\" href=\"http:\/\/bellman.net\/texter\" target=\"_blank\" rel=\"noopener\">www.bellman.net<\/a>\u00a0finns texter med ordf\u00f6rklaringar.<\/p><\/div>\n\t\t\t\t<\/div>\n\t\t\t\t\t\t\t\t<\/div>\n\t\t\t\t\t\t<\/div>\n\t\t\t\t<\/div>\n\t\t\t\t\t<\/div>\n\t\t<\/div>\n\t\t\t\t\t<\/div>\n\t\t<\/section>\n\t\t\t\t\t<\/div>\n\t\t<\/div>\n\t\t\t\t\t<\/div>\n\t\t<\/section>\n\t\t\t\t<section class=\"elementor-section elementor-top-section elementor-element elementor-element-6f0dd80 elementor-section-boxed elementor-section-height-default elementor-section-height-default\" data-id=\"6f0dd80\" data-element_type=\"section\" data-e-type=\"section\">\n\t\t\t\t\t\t<div class=\"elementor-container elementor-column-gap-default\">\n\t\t\t\t\t<div class=\"elementor-column elementor-col-100 elementor-top-column elementor-element elementor-element-a1407d9\" data-id=\"a1407d9\" data-element_type=\"column\" data-e-type=\"column\">\n\t\t\t<div class=\"elementor-widget-wrap elementor-element-populated\">\n\t\t\t\t\t\t<div class=\"elementor-element elementor-element-71f4677 elementor-widget elementor-widget-spacer\" data-id=\"71f4677\" data-element_type=\"widget\" data-e-type=\"widget\" data-widget_type=\"spacer.default\">\n\t\t\t\t<div class=\"elementor-widget-container\">\n\t\t\t\t\t\t\t<div class=\"elementor-spacer\">\n\t\t\t<div class=\"elementor-spacer-inner\"><\/div>\n\t\t<\/div>\n\t\t\t\t\t\t<\/div>\n\t\t\t\t<\/div>\n\t\t\t\t\t<\/div>\n\t\t<\/div>\n\t\t\t\t\t<\/div>\n\t\t<\/section>\n\t\t\t\t<\/div>\n\t\t","protected":false},"excerpt":{"rendered":"<p>N\u00e5, skruva fiolen Av Carl Michael Bellman Ur:\u00a0Dikter 1 (1916)\u00a0\u00a0\u00c5rskurs:\u00a0Gymnasium\u00a0 Tema:\u00a01700-tal,\u00a0Humor och satir Till\u00a0Fader\u00a0Berg,\u00a0r\u00f6rande\u00a0Fiolen. N\u00e5\u00a0skruva\u00a0Fiolen,Hej!\u00a0Spelman\u00a0skynda\u00a0dej.K\u00e4ra\u00a0Syster,\u00a0hej!Svara\u00a0inte\u00a0nej,Svara\u00a0Ja\u00a0s\u00e5\u00a0bli\u00a0Vi\u00a0glada.S\u00e4tt\u00a0dej\u00a0du\u00a0p\u00e5\u00a0stolen,Och\u00a0stryk\u00a0din\u00a0Silverstr\u00e4ng;R\u00f6da\u00a0str\u00e5ken\u00a0sl\u00e4ng,Och\u00a0med\u00a0armen\u00a0sv\u00e4ng;G\u00f6r\u00a0ej\u00a0Fiolen\u00a0skada.Du\u00a0svettas,\u00a0stor\u00a0sak,I\u00a0Br\u00e4nvin\u00a0skall\u00a0du\u00a0bada;Ty\u00a0under\u00a0detta\u00a0Tak\u00c4r\u00a0Bacchi\u00a0Lada.&#8211;\u00a0&#8211;\u00a0Ganska\u00a0rigtigt,Ditt\u00a0kall\u00a0\u00e4r\u00a0vigtigtB\u00e5d\u00a0f\u00f6r\u00a0\u00d6ra,\u00a0Syn\u00a0och\u00a0Smak. Bland\u00a0Nymfernas\u00a0skara\u00c4r\u00a0du\u00a0omistlig\u00a0manDu\u00a0b\u00e5d\u00a0vill\u00a0och\u00a0kanMer\u00a0\u00e4n\u00a0n\u00e5gon\u00a0annDe\u00a0unga\u00a0hj\u00e4rtan\u00a0binda,Och\u00a0k\u00e4rlekens\u00a0snaraP\u00e5\u00a0dina\u00a0str\u00e4ngar\u00a0st\u00e5r;Varje\u00a0Ton\u00a0du\u00a0sl\u00e5r,Du\u00a0ett\u00a0hj\u00e4rta\u00a0f\u00e5r,Att\u00a0konstigt\u00a0sammanlinda.Just\u00a0p\u00e5\u00a0en\u00a0minut,Sm\u00e5\u00a0\u00f6gon\u00a0bliva\u00a0blinda,Och\u00a0flickorna\u00a0till\u00a0slutDe\u00a0bli\u00a0s\u00e5\u00a0trinda.&#8211;\u00a0Hur\u00a0du\u00a0bullrar!Men\u00a0Nymfen\u00a0kullrar,Och\u00a0du\u00a0skrattar\u00a0med\u00a0din\u00a0trut. Jag\u00a0\u00e4lskar\u00a0de\u00a0sk\u00f6na,Men\u00a0Vinet\u00a0\u00e4nd\u00e5\u00a0mer;Jag\u00a0p\u00e5\u00a0b\u00e5da\u00a0ser,Och\u00a0\u00e5t\u00a0b\u00e5da\u00a0lerMen\u00a0skiljer\u00a0\u00e4nd\u00e5\u00a0b\u00e5da.En\u00a0Nymf\u00a0i\u00a0det\u00a0gr\u00f6na,Och\u00a0Vin\u00a0i\u00a0gr\u00f6na\u00a0glas:Lika\u00a0gott\u00a0Calas,B\u00e5da\u00a0om\u00a0mig\u00a0dras.Ge\u00a0str\u00e5ken\u00a0mera\u00a0k\u00e5da;Confonium\u00a0tag\u00a0d\u00e4rUti\u00a0min\u00a0gr\u00f6na\u00a0L\u00e5da;Och\u00a0Vinet\u00a0st\u00e5r\u00a0ju\u00a0h\u00e4r.Jag\u00a0\u00e4r\u00a0i\u00a0v\u00e5da.&#8211;\u00a0&#8211;\u00a0Supa,\u00a0dricka,Och\u00a0ha\u00a0sin\u00a0flicka,\u00c4r\u00a0vad\u00a0Sancte\u00a0Fredman\u00a0l\u00e4r. L\u00e4s dikten p\u00e5 Litteraturbanken Termer och begrepp Uppgift, Gymnasium Gymnasium Dikten har tonsatts. Uppgifter till dikten 1 Efter att ha l\u00e4st igenom dikten, lyssna p\u00e5 en inspelning av den. 2 Sammanfatta vad Fader Berg och Fredman tycker \u00e4r [&hellip;]<\/p>\n","protected":false},"author":5,"featured_media":0,"parent":0,"menu_order":0,"comment_status":"closed","ping_status":"closed","template":"","meta":{"ocean_post_layout":"full-screen","ocean_both_sidebars_style":"","ocean_both_sidebars_content_width":0,"ocean_both_sidebars_sidebars_width":0,"ocean_sidebar":"0","ocean_second_sidebar":"0","ocean_disable_margins":"enable","ocean_add_body_class":"","ocean_shortcode_before_top_bar":"","ocean_shortcode_after_top_bar":"","ocean_shortcode_before_header":"","ocean_shortcode_after_header":"","ocean_has_shortcode":"","ocean_shortcode_after_title":"","ocean_shortcode_before_footer_widgets":"","ocean_shortcode_after_footer_widgets":"","ocean_shortcode_before_footer_bottom":"","ocean_shortcode_after_footer_bottom":"","ocean_display_top_bar":"default","ocean_display_header":"default","ocean_header_style":"","ocean_center_header_left_menu":"0","ocean_custom_header_template":"0","ocean_custom_logo":0,"ocean_custom_retina_logo":0,"ocean_custom_logo_max_width":0,"ocean_custom_logo_tablet_max_width":0,"ocean_custom_logo_mobile_max_width":0,"ocean_custom_logo_max_height":0,"ocean_custom_logo_tablet_max_height":0,"ocean_custom_logo_mobile_max_height":0,"ocean_header_custom_menu":"0","ocean_menu_typo_font_family":"0","ocean_menu_typo_font_subset":"","ocean_menu_typo_font_size":0,"ocean_menu_typo_font_size_tablet":0,"ocean_menu_typo_font_size_mobile":0,"ocean_menu_typo_font_size_unit":"px","ocean_menu_typo_font_weight":"","ocean_menu_typo_font_weight_tablet":"","ocean_menu_typo_font_weight_mobile":"","ocean_menu_typo_transform":"","ocean_menu_typo_transform_tablet":"","ocean_menu_typo_transform_mobile":"","ocean_menu_typo_line_height":0,"ocean_menu_typo_line_height_tablet":0,"ocean_menu_typo_line_height_mobile":0,"ocean_menu_typo_line_height_unit":"","ocean_menu_typo_spacing":0,"ocean_menu_typo_spacing_tablet":0,"ocean_menu_typo_spacing_mobile":0,"ocean_menu_typo_spacing_unit":"","ocean_menu_link_color":"","ocean_menu_link_color_hover":"","ocean_menu_link_color_active":"","ocean_menu_link_background":"","ocean_menu_link_hover_background":"","ocean_menu_link_active_background":"","ocean_menu_social_links_bg":"","ocean_menu_social_hover_links_bg":"","ocean_menu_social_links_color":"","ocean_menu_social_hover_links_color":"","ocean_disable_title":"on","ocean_disable_heading":"default","ocean_post_title":"","ocean_post_subheading":"","ocean_post_title_style":"","ocean_post_title_background_color":"","ocean_post_title_background":0,"ocean_post_title_bg_image_position":"","ocean_post_title_bg_image_attachment":"","ocean_post_title_bg_image_repeat":"","ocean_post_title_bg_image_size":"","ocean_post_title_height":0,"ocean_post_title_bg_overlay":0.5,"ocean_post_title_bg_overlay_color":"","ocean_disable_breadcrumbs":"default","ocean_breadcrumbs_color":"","ocean_breadcrumbs_separator_color":"","ocean_breadcrumbs_links_color":"","ocean_breadcrumbs_links_hover_color":"","ocean_display_footer_widgets":"default","ocean_display_footer_bottom":"default","ocean_custom_footer_template":"0","footnotes":""},"class_list":["post-10048","page","type-page","status-publish","hentry","entry"],"_links":{"self":[{"href":"https:\/\/litteraturbanken.se\/skolan\/wp-json\/wp\/v2\/pages\/10048","targetHints":{"allow":["GET"]}}],"collection":[{"href":"https:\/\/litteraturbanken.se\/skolan\/wp-json\/wp\/v2\/pages"}],"about":[{"href":"https:\/\/litteraturbanken.se\/skolan\/wp-json\/wp\/v2\/types\/page"}],"author":[{"embeddable":true,"href":"https:\/\/litteraturbanken.se\/skolan\/wp-json\/wp\/v2\/users\/5"}],"replies":[{"embeddable":true,"href":"https:\/\/litteraturbanken.se\/skolan\/wp-json\/wp\/v2\/comments?post=10048"}],"version-history":[{"count":15,"href":"https:\/\/litteraturbanken.se\/skolan\/wp-json\/wp\/v2\/pages\/10048\/revisions"}],"predecessor-version":[{"id":20328,"href":"https:\/\/litteraturbanken.se\/skolan\/wp-json\/wp\/v2\/pages\/10048\/revisions\/20328"}],"wp:attachment":[{"href":"https:\/\/litteraturbanken.se\/skolan\/wp-json\/wp\/v2\/media?parent=10048"}],"curies":[{"name":"wp","href":"https:\/\/api.w.org\/{rel}","templated":true}]}}