{"id":10191,"date":"2018-12-25T15:57:46","date_gmt":"2018-12-25T14:57:46","guid":{"rendered":"https:\/\/litteraturbanken.se\/skoladev\/?page_id=10191"},"modified":"2020-02-24T12:58:46","modified_gmt":"2020-02-24T11:58:46","slug":"poesi-forfattare-carl-snoilsky-i-ryssland","status":"publish","type":"page","link":"https:\/\/litteraturbanken.se\/skolan\/poesi-forfattare-carl-snoilsky-i-ryssland\/","title":{"rendered":"Poesi\/F\u00f6rfattare\/Carl Snoilsky\/I Ryssland"},"content":{"rendered":"\t\t<div data-elementor-type=\"wp-post\" data-elementor-id=\"10191\" class=\"elementor elementor-10191\">\n\t\t\t\t\t\t<section class=\"elementor-section elementor-top-section elementor-element elementor-element-28bd445 elementor-section-boxed elementor-section-height-default elementor-section-height-default\" data-id=\"28bd445\" data-element_type=\"section\" data-e-type=\"section\">\n\t\t\t\t\t\t<div class=\"elementor-container elementor-column-gap-default\">\n\t\t\t\t\t<div class=\"elementor-column elementor-col-100 elementor-top-column elementor-element elementor-element-a3ffd8c\" data-id=\"a3ffd8c\" data-element_type=\"column\" data-e-type=\"column\">\n\t\t\t<div class=\"elementor-widget-wrap elementor-element-populated\">\n\t\t\t\t\t\t<div class=\"elementor-element elementor-element-41cd219 elementor-widget elementor-widget-spacer\" data-id=\"41cd219\" data-element_type=\"widget\" data-e-type=\"widget\" data-widget_type=\"spacer.default\">\n\t\t\t\t<div class=\"elementor-widget-container\">\n\t\t\t\t\t\t\t<div class=\"elementor-spacer\">\n\t\t\t<div class=\"elementor-spacer-inner\"><\/div>\n\t\t<\/div>\n\t\t\t\t\t\t<\/div>\n\t\t\t\t<\/div>\n\t\t\t\t\t<\/div>\n\t\t<\/div>\n\t\t\t\t\t<\/div>\n\t\t<\/section>\n\t\t\t\t<section class=\"elementor-section elementor-inner-section elementor-element elementor-element-4ef287f elementor-section-boxed elementor-section-height-default elementor-section-height-default\" data-id=\"4ef287f\" data-element_type=\"section\" data-e-type=\"section\">\n\t\t\t\t\t\t<div class=\"elementor-container elementor-column-gap-default\">\n\t\t\t\t\t<div class=\"elementor-column elementor-col-66 elementor-inner-column elementor-element elementor-element-5478571\" data-id=\"5478571\" data-element_type=\"column\" data-e-type=\"column\" data-settings=\"{&quot;background_background&quot;:&quot;classic&quot;}\">\n\t\t\t<div class=\"elementor-widget-wrap elementor-element-populated\">\n\t\t\t\t\t\t<div class=\"elementor-element elementor-element-0809b02 elementor-widget elementor-widget-heading\" data-id=\"0809b02\" data-element_type=\"widget\" data-e-type=\"widget\" data-widget_type=\"heading.default\">\n\t\t\t\t<div class=\"elementor-widget-container\">\n\t\t\t\t\t<h2 class=\"elementor-heading-title elementor-size-default\">I Ryssland<\/h2>\t\t\t\t<\/div>\n\t\t\t\t<\/div>\n\t\t\t\t<div class=\"elementor-element elementor-element-ba0637f elementor-widget elementor-widget-text-editor\" data-id=\"ba0637f\" data-element_type=\"widget\" data-e-type=\"widget\" data-widget_type=\"text-editor.default\">\n\t\t\t\t<div class=\"elementor-widget-container\">\n\t\t\t\t\t\t\t\t\t<p>Av <a href=\"https:\/\/litteraturbanken.se\/skolan\/?page_id=9803\"><em>Carl Snoilsky<\/em><\/a><\/p>\t\t\t\t\t\t\t\t<\/div>\n\t\t\t\t<\/div>\n\t\t\t\t<div class=\"elementor-element elementor-element-616c2ba elementor-widget elementor-widget-text-editor\" data-id=\"616c2ba\" data-element_type=\"widget\" data-e-type=\"widget\" data-widget_type=\"text-editor.default\">\n\t\t\t\t<div class=\"elementor-widget-container\">\n\t\t\t\t\t\t\t\t\t<p><strong>Ur:<\/strong>\u00a0<em>Svenska bilder\u00a0<\/em>(1886)<span style=\"font-size: 15px; letter-spacing: 0.6px;\">\u00a0\u00a0<\/span><strong>\u00c5rskurs<\/strong>:\u00a0Gymnasium\u00a0\u00a0<strong>Tema<\/strong>: Krig,\u00a0R\u00f6tter och historia<\/p>\t\t\t\t\t\t\t\t<\/div>\n\t\t\t\t<\/div>\n\t\t\t\t<div class=\"elementor-element elementor-element-7f8a494 elementor-widget elementor-widget-text-editor\" data-id=\"7f8a494\" data-element_type=\"widget\" data-e-type=\"widget\" data-widget_type=\"text-editor.default\">\n\t\t\t\t<div class=\"elementor-widget-container\">\n\t\t\t\t\t\t\t\t\t<p>Den\u00a0ryske\u00a0bonden\u00a0l\u00e4mnat\u00a0sin\u00a0plog<br \/>Och\u00a0lurar\u00a0med\u00a0hand\u00a0p\u00e5\u00a0hane.<br \/>Ett\u00a0skott\u00a0ur\u00a0l\u00f6ven\u00a0i\u00a0skymmande\u00a0skog<br \/>Blir\u00a0svenske\u00a0kungens\u00a0bane.<br \/><br \/>Se\u2019n\u00a0soluppg\u00e5ngen\u00a0de\u00a0dragit\u00a0f\u00f6rbi,<br \/>De\u00a0l\u00e5nga,\u00a0m\u00f6rka\u00a0kanoner,<br \/>Med\u00a0blanka\u00a0kyrasser\u00a0gult\u00a0rytteri,<br \/>Till\u00a0fots\u00a0de\u00a0bl\u00e5\u00a0bataljoner.<br \/><br \/>P\u00e5\u00a0bl\u00f6ta\u00a0v\u00e4gar\u00a0vid\u00a0h\u00e4stars\u00a0tramp<br \/>De\u00a0tunga\u00a0vagnarna\u00a0rassla,<br \/>D\u00e4r\u00a0skramlar\u00a0betsel,\u00a0d\u00e4r\u00a0klirrar\u00a0pamp,<br \/>Och\u00a0kvistar\u00a0kn\u00e4ckas\u00a0och\u00a0prassla.<br \/><br \/>Vid\u00a0eftertruppen,\u00a0d\u00e4r\u00a0faran\u00a0\u00e4r,<br \/>Och\u00a0bakh\u00e5ll\u00a0p\u00e5\u00a0sn\u00e5ren\u00a0gl\u00e4nta,<br \/>D\u00e4r\u00a0f\u00f6ljer\u00a0Carl\u00a0sin\u00a0t\u00e5gande\u00a0h\u00e4r,<br \/>D\u00e4r\u00a0\u00e4r\u00a0han\u00a0s\u00e4krast\u00a0att\u00a0v\u00e4nta.<br \/><br \/>Giv\u00a0akt,\u00a0d\u00e4r\u00a0spr\u00e4nger\u00a0en\u00a0sm\u00e4rt\u00a0och\u00a0l\u00e5ng<br \/>Gestalt,\u00a0som\u00a0fienden\u00a0k\u00e4nner.<br \/>Liksom\u00a0en\u00a0kattlo\u00a0hukad\u00a0till\u00a0spr\u00e5ng<br \/>Sin\u00a0hane\u00a0bonden\u00a0sp\u00e4nner.<br \/><br \/>Vid\u00a0\u00f6gat\u00a0redan\u00a0han\u00a0b\u00f6ssan\u00a0h\u00f6ll,<br \/>F\u00f6r\u00a0hj\u00e4lten\u00a0r\u00e5gat\u00a0var\u00a0m\u00e5ttet,<br \/>D\u00e5\u00a0i\u00a0det\u00a0samma\u00a0ett\u00a0h\u00f6stl\u00f6v\u00a0f\u00f6ll<br \/>F\u00f6r\u00a0siktet\u00a0och\u00a0hindrade\u00a0skottet.<br \/><br \/>Bland\u00a0bladen\u00a0drog\u00a0en\u00a0isande\u00a0fl\u00e4kt,<br \/>Som\u00a0komme\u00a0Vintern,\u00a0den\u00a0kalla,<br \/>Som\u00a0sade\u00a0dess\u00a0susande\u00a0andedr\u00e4kt:<br \/>\u00c4n\u00a0f\u00e5r\u00a0ej\u00a0den\u00a0m\u00e4ktige\u00a0falla!<br \/><br \/>F\u00f6rst\u00a0vill\u00a0jag\u00a0andas\u00a0frost\u00a0p\u00e5\u00a0hans\u00a0krans<br \/>Och\u00a0rost\u00a0p\u00e5\u00a0hans\u00a0h\u00e4rdade\u00a0klingor,<br \/>F\u00f6rst\u00a0vill\u00a0fr\u00e5n\u00a0st\u00e4ppen\u00a0jag\u00a0h\u00e4mta\u00a0till\u00a0dans<br \/>De\u00a0vita,\u00a0yrande\u00a0flingor.<br \/><br \/>Hans\u00a0fall\u00a0p\u00e5\u00a0\u00e4rans\u00a0och\u00a0segerns\u00a0h\u00f6jd<br \/>Ej\u00a0b\u00e5tade\u00a0Ryssland,\u00a0mitt\u00a0rike;<br \/>F\u00f6rst\u00a0m\u00e5ste\u00a0jag\u00a0b\u00e4dda\u00a0i\u00a0sn\u00f6n\u00a0med\u00a0fr\u00f6jd<br \/>Den\u00a0h\u00e4r,\u00a0som\u00a0ej\u00a0hade\u00a0sin\u00a0like.<\/p>\t\t\t\t\t\t\t\t<\/div>\n\t\t\t\t<\/div>\n\t\t\t\t\t<\/div>\n\t\t<\/div>\n\t\t\t\t<div class=\"elementor-column elementor-col-33 elementor-inner-column elementor-element elementor-element-c7c509b\" data-id=\"c7c509b\" data-element_type=\"column\" data-e-type=\"column\">\n\t\t\t<div class=\"elementor-widget-wrap elementor-element-populated\">\n\t\t\t\t\t\t<div class=\"elementor-element elementor-element-9638d3c elementor-widget elementor-widget-wp-widget-media_audio\" data-id=\"9638d3c\" data-element_type=\"widget\" data-e-type=\"widget\" data-widget_type=\"wp-widget-media_audio.default\">\n\t\t\t\t<div class=\"elementor-widget-container\">\n\t\t\t\t\t<h5>Dick Cla\u00e9sson l\u00e4ser \u201dI Ryssland\u201d av Carl Snoilsky.<\/h5><audio class=\"wp-audio-shortcode\" id=\"audio-10191-1\" preload=\"none\" style=\"width: 100%;\" controls=\"controls\"><source type=\"audio\/mpeg\" src=\"https:\/\/litteraturbanken.se\/skolan\/wp-content\/uploads\/2019\/03\/snoilsky_iryssland_claesson.mp3?_=1\" \/><source type=\"audio\/mpeg\" src=\"https:\/\/litteraturbanken.se\/skolan\/wp-content\/uploads\/2019\/03\/snoilsky_iryssland_claesson.mp3?_=1\" \/><a href=\"https:\/\/litteraturbanken.se\/skolan\/wp-content\/uploads\/2019\/03\/snoilsky_iryssland_claesson.mp3\">https:\/\/litteraturbanken.se\/skolan\/wp-content\/uploads\/2019\/03\/snoilsky_iryssland_claesson.mp3<\/a><\/audio>\t\t\t\t<\/div>\n\t\t\t\t<\/div>\n\t\t\t\t<div class=\"elementor-element elementor-element-6145961 elementor-icon-list--layout-traditional elementor-list-item-link-full_width elementor-widget elementor-widget-icon-list\" data-id=\"6145961\" data-element_type=\"widget\" data-e-type=\"widget\" data-widget_type=\"icon-list.default\">\n\t\t\t\t<div class=\"elementor-widget-container\">\n\t\t\t\t\t\t\t<ul class=\"elementor-icon-list-items\">\n\t\t\t\t\t\t\t<li class=\"elementor-icon-list-item\">\n\t\t\t\t\t\t\t\t\t\t\t<a href=\"https:\/\/litteraturbanken.se\/forfattare\/SnoilskyC\/titlar\/SvenskaBilder\/sida\/57\/etext\" target=\"_blank\">\n\n\t\t\t\t\t\t\t\t\t\t\t\t<span class=\"elementor-icon-list-icon\">\n\t\t\t\t\t\t\t\t\t\t\t\t\t\t\t\t<i class=\"fa fa-file-text-o\" aria-hidden=\"true\"><\/i>\n\t\t\t\t\t\t\t\t\t\t\t\t\t<\/span>\n\t\t\t\t\t\t\t\t\t\t<span class=\"elementor-icon-list-text\">L\u00e4s dikten p\u00e5 Litteraturbanken<\/span>\n\t\t\t\t\t\t\t\t\t\t\t<\/a>\n\t\t\t\t\t\t\t\t\t<\/li>\n\t\t\t\t\t\t\t\t<li class=\"elementor-icon-list-item\">\n\t\t\t\t\t\t\t\t\t\t\t<a href=\"https:\/\/litteraturbanken.se\/skolan\/?page_id=261\" target=\"_blank\">\n\n\t\t\t\t\t\t\t\t\t\t\t\t<span class=\"elementor-icon-list-icon\">\n\t\t\t\t\t\t\t\t\t\t\t\t\t\t\t\t<i class=\"fa fa-file-text-o\" aria-hidden=\"true\"><\/i>\n\t\t\t\t\t\t\t\t\t\t\t\t\t<\/span>\n\t\t\t\t\t\t\t\t\t\t<span class=\"elementor-icon-list-text\">Termer och begrepp<\/span>\n\t\t\t\t\t\t\t\t\t\t\t<\/a>\n\t\t\t\t\t\t\t\t\t<\/li>\n\t\t\t\t\t\t<\/ul>\n\t\t\t\t\t\t<\/div>\n\t\t\t\t<\/div>\n\t\t\t\t<div class=\"elementor-element elementor-element-d578f23 elementor-align-center elementor-widget elementor-widget-button\" data-id=\"d578f23\" data-element_type=\"widget\" data-e-type=\"widget\" data-widget_type=\"button.default\">\n\t\t\t\t<div class=\"elementor-widget-container\">\n\t\t\t\t\t\t\t\t\t<div class=\"elementor-button-wrapper\">\n\t\t\t\t\t<a class=\"elementor-button elementor-button-link elementor-size-md elementor-animation-grow\" href=\"#gy\">\n\t\t\t\t\t\t<span class=\"elementor-button-content-wrapper\">\n\t\t\t\t\t\t<span class=\"elementor-button-icon\">\n\t\t\t\t\t\t\t\t\t<i class=\"fa fa-pencil\" aria-hidden=\"true\"><\/i>\n\t\t\t\t\t\t\t<\/span>\n\t\t\t\t\t\t\t\t\t<span class=\"elementor-button-text\">Uppgift, Gymnasium<\/span>\n\t\t\t\t\t<\/span>\n\t\t\t\t\t<\/a>\n\t\t\t\t<\/div>\n\t\t\t\t\t\t\t\t<\/div>\n\t\t\t\t<\/div>\n\t\t\t\t<div class=\"elementor-element elementor-element-bc4070e elementor-widget elementor-widget-image\" data-id=\"bc4070e\" data-element_type=\"widget\" data-e-type=\"widget\" data-widget_type=\"image.default\">\n\t\t\t\t<div class=\"elementor-widget-container\">\n\t\t\t\t\t\t\t\t\t\t\t\t\t\t\t<img fetchpriority=\"high\" decoding=\"async\" width=\"300\" height=\"300\" src=\"https:\/\/litteraturbanken.se\/skolan\/wp-content\/uploads\/2019\/03\/lb_skolan_2019_knapp_f\u00f6rfattarbild_snoilsky_gr\u00f6n-e1553013258650.jpg\" class=\"attachment-full size-full wp-image-13781\" alt=\"\" \/>\t\t\t\t\t\t\t\t\t\t\t\t\t\t\t<\/div>\n\t\t\t\t<\/div>\n\t\t\t\t\t<\/div>\n\t\t<\/div>\n\t\t\t\t\t<\/div>\n\t\t<\/section>\n\t\t\t\t<section class=\"elementor-section elementor-top-section elementor-element elementor-element-62595f7 elementor-section-boxed elementor-section-height-default elementor-section-height-default\" data-id=\"62595f7\" data-element_type=\"section\" data-e-type=\"section\">\n\t\t\t\t\t\t<div class=\"elementor-container elementor-column-gap-default\">\n\t\t\t\t\t<div class=\"elementor-column elementor-col-100 elementor-top-column elementor-element elementor-element-8d0d27c\" data-id=\"8d0d27c\" data-element_type=\"column\" data-e-type=\"column\">\n\t\t\t<div class=\"elementor-widget-wrap elementor-element-populated\">\n\t\t\t\t\t\t<div class=\"elementor-element elementor-element-35efabb elementor-widget elementor-widget-spacer\" data-id=\"35efabb\" data-element_type=\"widget\" data-e-type=\"widget\" data-widget_type=\"spacer.default\">\n\t\t\t\t<div class=\"elementor-widget-container\">\n\t\t\t\t\t\t\t<div class=\"elementor-spacer\">\n\t\t\t<div class=\"elementor-spacer-inner\"><\/div>\n\t\t<\/div>\n\t\t\t\t\t\t<\/div>\n\t\t\t\t<\/div>\n\t\t\t\t\t<\/div>\n\t\t<\/div>\n\t\t\t\t\t<\/div>\n\t\t<\/section>\n\t\t\t\t<section class=\"elementor-section elementor-top-section elementor-element elementor-element-400d008 elementor-section-boxed elementor-section-height-default elementor-section-height-default\" data-id=\"400d008\" data-element_type=\"section\" data-e-type=\"section\">\n\t\t\t\t\t\t<div class=\"elementor-container elementor-column-gap-default\">\n\t\t\t\t\t<div class=\"elementor-column elementor-col-100 elementor-top-column elementor-element elementor-element-d60a1b4\" data-id=\"d60a1b4\" data-element_type=\"column\" data-e-type=\"column\" data-settings=\"{&quot;background_background&quot;:&quot;classic&quot;}\">\n\t\t\t<div class=\"elementor-widget-wrap elementor-element-populated\">\n\t\t\t\t\t\t<section class=\"elementor-section elementor-inner-section elementor-element elementor-element-6d49a5f elementor-section-boxed elementor-section-height-default elementor-section-height-default\" data-id=\"6d49a5f\" data-element_type=\"section\" data-e-type=\"section\">\n\t\t\t\t\t\t<div class=\"elementor-container elementor-column-gap-default\">\n\t\t\t\t\t<div class=\"elementor-column elementor-col-100 elementor-inner-column elementor-element elementor-element-6e984ba\" data-id=\"6e984ba\" data-element_type=\"column\" data-e-type=\"column\">\n\t\t\t<div class=\"elementor-widget-wrap elementor-element-populated\">\n\t\t\t\t\t\t<div class=\"elementor-element elementor-element-761f90e elementor-widget elementor-widget-menu-anchor\" data-id=\"761f90e\" data-element_type=\"widget\" data-e-type=\"widget\" data-widget_type=\"menu-anchor.default\">\n\t\t\t\t<div class=\"elementor-widget-container\">\n\t\t\t\t\t\t\t<div class=\"elementor-menu-anchor\" id=\"gy\"><\/div>\n\t\t\t\t\t\t<\/div>\n\t\t\t\t<\/div>\n\t\t\t\t<div class=\"elementor-element elementor-element-a78ff57 elementor-view-framed elementor-shape-circle elementor-widget elementor-widget-icon\" data-id=\"a78ff57\" data-element_type=\"widget\" data-e-type=\"widget\" data-widget_type=\"icon.default\">\n\t\t\t\t<div class=\"elementor-widget-container\">\n\t\t\t\t\t\t\t<div class=\"elementor-icon-wrapper\">\n\t\t\t<div class=\"elementor-icon\">\n\t\t\t\t\t\t\t<i class=\"fa fa-pencil\" aria-hidden=\"true\"><\/i>\n\t\t\t\t\t\t<\/div>\n\t\t<\/div>\n\t\t\t\t\t\t<\/div>\n\t\t\t\t<\/div>\n\t\t\t\t<div class=\"elementor-element elementor-element-23a273e elementor-widget elementor-widget-toggle\" data-id=\"23a273e\" data-element_type=\"widget\" data-e-type=\"widget\" data-widget_type=\"toggle.default\">\n\t\t\t\t<div class=\"elementor-widget-container\">\n\t\t\t\t\t\t\t<div class=\"elementor-toggle\">\n\t\t\t\t\t\t\t<div class=\"elementor-toggle-item\">\n\t\t\t\t\t<div id=\"elementor-tab-title-3731\" class=\"elementor-tab-title\" data-tab=\"1\" role=\"button\" aria-controls=\"elementor-tab-content-3731\" aria-expanded=\"false\">\n\t\t\t\t\t\t\t\t\t\t\t\t<span class=\"elementor-toggle-icon elementor-toggle-icon-left\" aria-hidden=\"true\">\n\t\t\t\t\t\t\t\t\t\t\t\t\t\t\t<i class=\"elementor-toggle-icon-closed fa fa-chevron-right\"><\/i>\n\t\t\t\t\t\t\t\t<i class=\"elementor-toggle-icon-opened fa fa-chevron-down\"><\/i>\n\t\t\t\t\t\t\t\t\t\t\t\t\t<\/span>\n\t\t\t\t\t\t\t\t\t\t\t\t<a class=\"elementor-toggle-title\" tabindex=\"0\">Gymnasium<\/a>\n\t\t\t\t\t<\/div>\n\n\t\t\t\t\t<div id=\"elementor-tab-content-3731\" class=\"elementor-tab-content elementor-clearfix\" data-tab=\"1\" role=\"region\" aria-labelledby=\"elementor-tab-title-3731\"><p><span style=\"font-family: 'Roboto Condensed', 'Roboto Condensed'; font-size: 16px; font-style: normal; font-variant-caps: normal;\">Just den h\u00e4r dikten \u00e4r inte kopplad till n\u00e5gon specifik uppgift, utan h\u00e4r skall du v\u00e4lja ett av f\u00f6rslagen p\u00e5 sidan<a href=\"https:\/\/litteraturbanken.se\/skolan\/poesi-analysmodeller\/\"><u> \u201d6 s\u00e4tt att analysera dikter\u201d<\/u><\/a> .<\/span><span style=\"font-family: 'Roboto Condensed', 'Roboto Condensed'; font-size: 16px; font-style: normal; font-variant-caps: normal;\">&nbsp; Arbeta sedan med dikten med hj\u00e4lp av n\u00e5gon av metoderna d\u00e4r.<\/span><\/p><\/div>\n\t\t\t\t<\/div>\n\t\t\t\t\t\t\t\t<\/div>\n\t\t\t\t\t\t<\/div>\n\t\t\t\t<\/div>\n\t\t\t\t\t<\/div>\n\t\t<\/div>\n\t\t\t\t\t<\/div>\n\t\t<\/section>\n\t\t\t\t<div class=\"elementor-element elementor-element-0fb5371 elementor-widget elementor-widget-spacer\" data-id=\"0fb5371\" data-element_type=\"widget\" data-e-type=\"widget\" data-widget_type=\"spacer.default\">\n\t\t\t\t<div class=\"elementor-widget-container\">\n\t\t\t\t\t\t\t<div class=\"elementor-spacer\">\n\t\t\t<div class=\"elementor-spacer-inner\"><\/div>\n\t\t<\/div>\n\t\t\t\t\t\t<\/div>\n\t\t\t\t<\/div>\n\t\t\t\t\t<\/div>\n\t\t<\/div>\n\t\t\t\t\t<\/div>\n\t\t<\/section>\n\t\t\t\t<section class=\"elementor-section elementor-top-section elementor-element elementor-element-5a7b8d2 elementor-section-boxed elementor-section-height-default elementor-section-height-default\" data-id=\"5a7b8d2\" data-element_type=\"section\" data-e-type=\"section\">\n\t\t\t\t\t\t<div class=\"elementor-container elementor-column-gap-default\">\n\t\t\t\t\t<div class=\"elementor-column elementor-col-100 elementor-top-column elementor-element elementor-element-c368c7d\" data-id=\"c368c7d\" data-element_type=\"column\" data-e-type=\"column\">\n\t\t\t<div class=\"elementor-widget-wrap elementor-element-populated\">\n\t\t\t\t\t\t<div class=\"elementor-element elementor-element-a7f7627 elementor-widget elementor-widget-spacer\" data-id=\"a7f7627\" data-element_type=\"widget\" data-e-type=\"widget\" data-widget_type=\"spacer.default\">\n\t\t\t\t<div class=\"elementor-widget-container\">\n\t\t\t\t\t\t\t<div class=\"elementor-spacer\">\n\t\t\t<div class=\"elementor-spacer-inner\"><\/div>\n\t\t<\/div>\n\t\t\t\t\t\t<\/div>\n\t\t\t\t<\/div>\n\t\t\t\t\t<\/div>\n\t\t<\/div>\n\t\t\t\t\t<\/div>\n\t\t<\/section>\n\t\t\t\t<\/div>\n\t\t","protected":false},"excerpt":{"rendered":"<p>I Ryssland Av Carl Snoilsky Ur:\u00a0Svenska bilder\u00a0(1886)\u00a0\u00a0\u00c5rskurs:\u00a0Gymnasium\u00a0\u00a0Tema: Krig,\u00a0R\u00f6tter och historia Den\u00a0ryske\u00a0bonden\u00a0l\u00e4mnat\u00a0sin\u00a0plogOch\u00a0lurar\u00a0med\u00a0hand\u00a0p\u00e5\u00a0hane.Ett\u00a0skott\u00a0ur\u00a0l\u00f6ven\u00a0i\u00a0skymmande\u00a0skogBlir\u00a0svenske\u00a0kungens\u00a0bane. Se\u2019n\u00a0soluppg\u00e5ngen\u00a0de\u00a0dragit\u00a0f\u00f6rbi,De\u00a0l\u00e5nga,\u00a0m\u00f6rka\u00a0kanoner,Med\u00a0blanka\u00a0kyrasser\u00a0gult\u00a0rytteri,Till\u00a0fots\u00a0de\u00a0bl\u00e5\u00a0bataljoner. P\u00e5\u00a0bl\u00f6ta\u00a0v\u00e4gar\u00a0vid\u00a0h\u00e4stars\u00a0trampDe\u00a0tunga\u00a0vagnarna\u00a0rassla,D\u00e4r\u00a0skramlar\u00a0betsel,\u00a0d\u00e4r\u00a0klirrar\u00a0pamp,Och\u00a0kvistar\u00a0kn\u00e4ckas\u00a0och\u00a0prassla. Vid\u00a0eftertruppen,\u00a0d\u00e4r\u00a0faran\u00a0\u00e4r,Och\u00a0bakh\u00e5ll\u00a0p\u00e5\u00a0sn\u00e5ren\u00a0gl\u00e4nta,D\u00e4r\u00a0f\u00f6ljer\u00a0Carl\u00a0sin\u00a0t\u00e5gande\u00a0h\u00e4r,D\u00e4r\u00a0\u00e4r\u00a0han\u00a0s\u00e4krast\u00a0att\u00a0v\u00e4nta. Giv\u00a0akt,\u00a0d\u00e4r\u00a0spr\u00e4nger\u00a0en\u00a0sm\u00e4rt\u00a0och\u00a0l\u00e5ngGestalt,\u00a0som\u00a0fienden\u00a0k\u00e4nner.Liksom\u00a0en\u00a0kattlo\u00a0hukad\u00a0till\u00a0spr\u00e5ngSin\u00a0hane\u00a0bonden\u00a0sp\u00e4nner. Vid\u00a0\u00f6gat\u00a0redan\u00a0han\u00a0b\u00f6ssan\u00a0h\u00f6ll,F\u00f6r\u00a0hj\u00e4lten\u00a0r\u00e5gat\u00a0var\u00a0m\u00e5ttet,D\u00e5\u00a0i\u00a0det\u00a0samma\u00a0ett\u00a0h\u00f6stl\u00f6v\u00a0f\u00f6llF\u00f6r\u00a0siktet\u00a0och\u00a0hindrade\u00a0skottet. Bland\u00a0bladen\u00a0drog\u00a0en\u00a0isande\u00a0fl\u00e4kt,Som\u00a0komme\u00a0Vintern,\u00a0den\u00a0kalla,Som\u00a0sade\u00a0dess\u00a0susande\u00a0andedr\u00e4kt:\u00c4n\u00a0f\u00e5r\u00a0ej\u00a0den\u00a0m\u00e4ktige\u00a0falla! F\u00f6rst\u00a0vill\u00a0jag\u00a0andas\u00a0frost\u00a0p\u00e5\u00a0hans\u00a0kransOch\u00a0rost\u00a0p\u00e5\u00a0hans\u00a0h\u00e4rdade\u00a0klingor,F\u00f6rst\u00a0vill\u00a0fr\u00e5n\u00a0st\u00e4ppen\u00a0jag\u00a0h\u00e4mta\u00a0till\u00a0dansDe\u00a0vita,\u00a0yrande\u00a0flingor. Hans\u00a0fall\u00a0p\u00e5\u00a0\u00e4rans\u00a0och\u00a0segerns\u00a0h\u00f6jdEj\u00a0b\u00e5tade\u00a0Ryssland,\u00a0mitt\u00a0rike;F\u00f6rst\u00a0m\u00e5ste\u00a0jag\u00a0b\u00e4dda\u00a0i\u00a0sn\u00f6n\u00a0med\u00a0fr\u00f6jdDen\u00a0h\u00e4r,\u00a0som\u00a0ej\u00a0hade\u00a0sin\u00a0like. L\u00e4s dikten p\u00e5 Litteraturbanken Termer och begrepp Uppgift, Gymnasium Gymnasium Just den h\u00e4r dikten \u00e4r inte kopplad till n\u00e5gon specifik uppgift, utan h\u00e4r skall du v\u00e4lja ett av f\u00f6rslagen p\u00e5 sidan \u201d6 s\u00e4tt att analysera dikter\u201d [&hellip;]<\/p>\n","protected":false},"author":5,"featured_media":0,"parent":0,"menu_order":0,"comment_status":"closed","ping_status":"closed","template":"","meta":{"ocean_post_layout":"full-screen","ocean_both_sidebars_style":"","ocean_both_sidebars_content_width":0,"ocean_both_sidebars_sidebars_width":0,"ocean_sidebar":"0","ocean_second_sidebar":"0","ocean_disable_margins":"enable","ocean_add_body_class":"","ocean_shortcode_before_top_bar":"","ocean_shortcode_after_top_bar":"","ocean_shortcode_before_header":"","ocean_shortcode_after_header":"","ocean_has_shortcode":"","ocean_shortcode_after_title":"","ocean_shortcode_before_footer_widgets":"","ocean_shortcode_after_footer_widgets":"","ocean_shortcode_before_footer_bottom":"","ocean_shortcode_after_footer_bottom":"","ocean_display_top_bar":"default","ocean_display_header":"default","ocean_header_style":"","ocean_center_header_left_menu":"0","ocean_custom_header_template":"0","ocean_custom_logo":0,"ocean_custom_retina_logo":0,"ocean_custom_logo_max_width":0,"ocean_custom_logo_tablet_max_width":0,"ocean_custom_logo_mobile_max_width":0,"ocean_custom_logo_max_height":0,"ocean_custom_logo_tablet_max_height":0,"ocean_custom_logo_mobile_max_height":0,"ocean_header_custom_menu":"0","ocean_menu_typo_font_family":"0","ocean_menu_typo_font_subset":"","ocean_menu_typo_font_size":0,"ocean_menu_typo_font_size_tablet":0,"ocean_menu_typo_font_size_mobile":0,"ocean_menu_typo_font_size_unit":"px","ocean_menu_typo_font_weight":"","ocean_menu_typo_font_weight_tablet":"","ocean_menu_typo_font_weight_mobile":"","ocean_menu_typo_transform":"","ocean_menu_typo_transform_tablet":"","ocean_menu_typo_transform_mobile":"","ocean_menu_typo_line_height":0,"ocean_menu_typo_line_height_tablet":0,"ocean_menu_typo_line_height_mobile":0,"ocean_menu_typo_line_height_unit":"","ocean_menu_typo_spacing":0,"ocean_menu_typo_spacing_tablet":0,"ocean_menu_typo_spacing_mobile":0,"ocean_menu_typo_spacing_unit":"","ocean_menu_link_color":"","ocean_menu_link_color_hover":"","ocean_menu_link_color_active":"","ocean_menu_link_background":"","ocean_menu_link_hover_background":"","ocean_menu_link_active_background":"","ocean_menu_social_links_bg":"","ocean_menu_social_hover_links_bg":"","ocean_menu_social_links_color":"","ocean_menu_social_hover_links_color":"","ocean_disable_title":"on","ocean_disable_heading":"default","ocean_post_title":"","ocean_post_subheading":"","ocean_post_title_style":"","ocean_post_title_background_color":"","ocean_post_title_background":0,"ocean_post_title_bg_image_position":"","ocean_post_title_bg_image_attachment":"","ocean_post_title_bg_image_repeat":"","ocean_post_title_bg_image_size":"","ocean_post_title_height":0,"ocean_post_title_bg_overlay":0.5,"ocean_post_title_bg_overlay_color":"","ocean_disable_breadcrumbs":"default","ocean_breadcrumbs_color":"","ocean_breadcrumbs_separator_color":"","ocean_breadcrumbs_links_color":"","ocean_breadcrumbs_links_hover_color":"","ocean_display_footer_widgets":"default","ocean_display_footer_bottom":"default","ocean_custom_footer_template":"0","footnotes":""},"class_list":["post-10191","page","type-page","status-publish","hentry","entry"],"_links":{"self":[{"href":"https:\/\/litteraturbanken.se\/skolan\/wp-json\/wp\/v2\/pages\/10191","targetHints":{"allow":["GET"]}}],"collection":[{"href":"https:\/\/litteraturbanken.se\/skolan\/wp-json\/wp\/v2\/pages"}],"about":[{"href":"https:\/\/litteraturbanken.se\/skolan\/wp-json\/wp\/v2\/types\/page"}],"author":[{"embeddable":true,"href":"https:\/\/litteraturbanken.se\/skolan\/wp-json\/wp\/v2\/users\/5"}],"replies":[{"embeddable":true,"href":"https:\/\/litteraturbanken.se\/skolan\/wp-json\/wp\/v2\/comments?post=10191"}],"version-history":[{"count":17,"href":"https:\/\/litteraturbanken.se\/skolan\/wp-json\/wp\/v2\/pages\/10191\/revisions"}],"predecessor-version":[{"id":20209,"href":"https:\/\/litteraturbanken.se\/skolan\/wp-json\/wp\/v2\/pages\/10191\/revisions\/20209"}],"wp:attachment":[{"href":"https:\/\/litteraturbanken.se\/skolan\/wp-json\/wp\/v2\/media?parent=10191"}],"curies":[{"name":"wp","href":"https:\/\/api.w.org\/{rel}","templated":true}]}}