{"id":10579,"date":"2018-12-26T21:37:01","date_gmt":"2018-12-26T20:37:01","guid":{"rendered":"https:\/\/litteraturbanken.se\/skoladev\/?page_id=10579"},"modified":"2020-03-02T13:33:01","modified_gmt":"2020-03-02T12:33:01","slug":"poesi-forfattare-frans-michael-franzen-sang-fageln","status":"publish","type":"page","link":"https:\/\/litteraturbanken.se\/skolan\/poesi-forfattare-frans-michael-franzen-sang-fageln\/","title":{"rendered":"Poesi\/F\u00f6rfattare\/Frans Michael Franz\u00e9n\/S\u00e5ng-f\u00e5geln"},"content":{"rendered":"\t\t<div data-elementor-type=\"wp-post\" data-elementor-id=\"10579\" class=\"elementor elementor-10579\">\n\t\t\t\t\t\t<section class=\"elementor-section elementor-top-section elementor-element elementor-element-5518f5f elementor-section-boxed elementor-section-height-default elementor-section-height-default\" data-id=\"5518f5f\" data-element_type=\"section\" data-e-type=\"section\">\n\t\t\t\t\t\t<div class=\"elementor-container elementor-column-gap-default\">\n\t\t\t\t\t<div class=\"elementor-column elementor-col-100 elementor-top-column elementor-element elementor-element-db415cf\" data-id=\"db415cf\" data-element_type=\"column\" data-e-type=\"column\">\n\t\t\t<div class=\"elementor-widget-wrap elementor-element-populated\">\n\t\t\t\t\t\t<div class=\"elementor-element elementor-element-8b7abe0 elementor-widget elementor-widget-spacer\" data-id=\"8b7abe0\" data-element_type=\"widget\" data-e-type=\"widget\" data-widget_type=\"spacer.default\">\n\t\t\t\t<div class=\"elementor-widget-container\">\n\t\t\t\t\t\t\t<div class=\"elementor-spacer\">\n\t\t\t<div class=\"elementor-spacer-inner\"><\/div>\n\t\t<\/div>\n\t\t\t\t\t\t<\/div>\n\t\t\t\t<\/div>\n\t\t\t\t\t<\/div>\n\t\t<\/div>\n\t\t\t\t\t<\/div>\n\t\t<\/section>\n\t\t\t\t<section class=\"elementor-section elementor-inner-section elementor-element elementor-element-8d1b1b8 elementor-section-boxed elementor-section-height-default elementor-section-height-default\" data-id=\"8d1b1b8\" data-element_type=\"section\" data-e-type=\"section\">\n\t\t\t\t\t\t<div class=\"elementor-container elementor-column-gap-default\">\n\t\t\t\t\t<div class=\"elementor-column elementor-col-66 elementor-inner-column elementor-element elementor-element-80ce5dc\" data-id=\"80ce5dc\" data-element_type=\"column\" data-e-type=\"column\" data-settings=\"{&quot;background_background&quot;:&quot;classic&quot;}\">\n\t\t\t<div class=\"elementor-widget-wrap elementor-element-populated\">\n\t\t\t\t\t\t<div class=\"elementor-element elementor-element-f34987b elementor-widget elementor-widget-heading\" data-id=\"f34987b\" data-element_type=\"widget\" data-e-type=\"widget\" data-widget_type=\"heading.default\">\n\t\t\t\t<div class=\"elementor-widget-container\">\n\t\t\t\t\t<h2 class=\"elementor-heading-title elementor-size-default\">S\u00e5ng-f\u00e5geln<\/h2>\t\t\t\t<\/div>\n\t\t\t\t<\/div>\n\t\t\t\t<div class=\"elementor-element elementor-element-e285997 elementor-widget elementor-widget-text-editor\" data-id=\"e285997\" data-element_type=\"widget\" data-e-type=\"widget\" data-widget_type=\"text-editor.default\">\n\t\t\t\t<div class=\"elementor-widget-container\">\n\t\t\t\t\t\t\t\t\t<p>Av\u00a0<a href=\"https:\/\/litteraturbanken.se\/skolan\/?page_id=10570&amp;preview_nonce=b7e6344fb3\"><em>Frans Michael Franz\u00e9n<\/em><\/a><\/p>\t\t\t\t\t\t\t\t<\/div>\n\t\t\t\t<\/div>\n\t\t\t\t<div class=\"elementor-element elementor-element-785fded elementor-widget elementor-widget-text-editor\" data-id=\"785fded\" data-element_type=\"widget\" data-e-type=\"widget\" data-widget_type=\"text-editor.default\">\n\t\t\t\t<div class=\"elementor-widget-container\">\n\t\t\t\t\t\t\t\t\t<p><strong>Ur:<\/strong>\u00a0<em>Svenska skalde-stycken f\u00f6r ungdom\u00a0<\/em>(1845)<span style=\"font-size: 15px; letter-spacing: 0.6px;\">\u00a0\u00a0<\/span><strong>\u00c5rskurs:<\/strong>\u00a07\u20139,\u00a0Gymnasium\u00a0\u00a0<strong>Tema:\u00a0<\/strong>Natur och m\u00e4nniska<\/p>\t\t\t\t\t\t\t\t<\/div>\n\t\t\t\t<\/div>\n\t\t\t\t<div class=\"elementor-element elementor-element-0483e13 elementor-widget elementor-widget-text-editor\" data-id=\"0483e13\" data-element_type=\"widget\" data-e-type=\"widget\" data-widget_type=\"text-editor.default\">\n\t\t\t\t<div class=\"elementor-widget-container\">\n\t\t\t\t\t\t\t\t\t<p>\u201dSe\u00a0h\u00e4r\u00a0den\u00a0f\u00e5geln,\u00a0till\u00a0vars\u00a0s\u00e5nger<br \/>Du\u00a0lyssnat,\u00a0r\u00f6rd,\u00a0s\u00e5\u00a0m\u00e5nga\u00a0g\u00e5nger:<br \/>Tag\u00a0den,\u00a0och\u00a0p\u00e5\u00a0din\u00a0Edvin\u00a0t\u00e4nk.\u00a0\u2013<br \/>Du\u00a0tycker\u00a0inte\u00a0om\u00a0min\u00a0sk\u00e4nk?<br \/>S\u00e4g,\u00a0eller\u00a0\u00e4r\u00a0det\u00a0givar\u2019n\u00a0bara,<br \/>Som\u00a0du\u00a0ej\u00a0tycker\u00a0om,\u00a0nu\u00a0mer?<br \/>Min\u00a0lilla\u00a0Fanny,\u00a0svara,<br \/>Och\u00a0se\u00a0p\u00e5\u00a0mig,\u00a0jag\u00a0ber.\u201d<br \/><br \/>Hon\u00a0s\u00e5g,\u00a0tog\u00a0f\u00e5geln,\u00a0och\u00a0p\u00e5\u00a0stunden<br \/>Sprang\u00a0bort\u00a0med\u00a0den\u00a0i\u00a0tr\u00e4dg\u00e5rds-lunden;<br \/>D\u00e4r\u00a0tusen\u00a0blommor\u00a0i\u00a0en\u00a0krans<br \/>Sk\u00f6nt\u00a0logo\u00a0\u00e5t\u00a0den\u00a0huldas\u00a0ans.<br \/>Men\u00a0nu\u00a0hon\u00a0tyckte,\u00a0att\u00a0de\u00a0s\u00e5go<br \/>P\u00e5\u00a0henne\u00a0opp\u00a0med\u00a0sorgens\u00a0t\u00e5r;<br \/>Ja,\u00a0att\u00a0de\u00a0n\u00e4stan\u00a0l\u00e5go,<br \/>Som\u00a0n\u00e4r\u00a0dem\u00a0lian\u00a0sl\u00e5r.<br \/><br \/>Ack!\u00a0han,\u00a0som\u00a0sj\u00f6ng\u00a0f\u00f6r\u00a0er,\u00a0\u00e4r\u00a0f\u00e5ngen.<br \/>Men\u00a0tr\u00f6sten\u00a0er:\u00a0den\u00a0sk\u00f6na\u00a0s\u00e5ngen<br \/>Skall\u00a0snart\u00a0f\u00f6rtjusa\u00a0er\u00a0igen.<br \/>Flyg\u00a0ut!\u00a0\u2013\u00a0var\u00a0fri,\u00a0min\u00a0lilla\u00a0v\u00e4n.<br \/>Hur\u00a0glad\u00a0han\u00a0nu\u00a0\u00e5t\u00a0l\u00f6nnen\u00a0svingar,<br \/>Och\u00a0sjunger\u00a0j\u00e4mt\u00a0i\u00a0samma\u00a0topp.<br \/>O!\u00a0hade\u00a0jag\u00a0hans\u00a0vingar,<br \/>Jag\u00a0ville\u00a0h\u00f6gre\u00a0opp.<br \/><br \/>Skall\u00a0jag,\u00a0som\u00a0blomstren,\u00a0f\u00e4st\u00a0vid\u00a0gruset,<br \/>Blott\u00a0se\u00a0\u00e5t\u00a0himmelen\u00a0och\u00a0ljuset?<br \/>Skall\u00a0jag\u00a0ej\u00a0n\u00e5nsin\u00a0sv\u00e4va\u00a0f\u00e5<br \/>D\u00e4r\u00a0i\u00a0det\u00a0sk\u00f6na,\u00a0klara\u00a0bl\u00e5?<br \/>Jag\u00a0s\u00e5g\u00a0ju\u00a0nyss\u00a0ur\u00a0skalet\u00a0titta<br \/>En\u00a0fj\u00e4ril,\u00a0som\u00a0nu\u00a0fladdrar\u00a0h\u00e4r.<br \/>En\u00a0g\u00e5ng\u00a0skall\u00a0Fanny\u00a0sitta<br \/>P\u00e5\u00a0purpur-molnet\u00a0d\u00e4r.<\/p>\t\t\t\t\t\t\t\t<\/div>\n\t\t\t\t<\/div>\n\t\t\t\t\t<\/div>\n\t\t<\/div>\n\t\t\t\t<div class=\"elementor-column elementor-col-33 elementor-inner-column elementor-element elementor-element-2a9b3ea\" data-id=\"2a9b3ea\" data-element_type=\"column\" data-e-type=\"column\">\n\t\t\t<div class=\"elementor-widget-wrap elementor-element-populated\">\n\t\t\t\t\t\t<div class=\"elementor-element elementor-element-03db57a elementor-widget elementor-widget-wp-widget-media_audio\" data-id=\"03db57a\" data-element_type=\"widget\" data-e-type=\"widget\" data-widget_type=\"wp-widget-media_audio.default\">\n\t\t\t\t<div class=\"elementor-widget-container\">\n\t\t\t\t\t<h5>Paulina Helgeson l\u00e4ser \u201dS\u00e5ng-f\u00e5geln\u201d av Frans Michael Franz\u00e9n.<\/h5><audio class=\"wp-audio-shortcode\" id=\"audio-10579-1\" preload=\"none\" style=\"width: 100%;\" controls=\"controls\"><source type=\"audio\/mpeg\" src=\"https:\/\/litteraturbanken.se\/skolan\/wp-content\/uploads\/2019\/03\/franzen_sangfageln_helgeson.mp3?_=1\" \/><source type=\"audio\/mpeg\" src=\"https:\/\/litteraturbanken.se\/skolan\/wp-content\/uploads\/2019\/03\/franzen_sangfageln_helgeson.mp3?_=1\" \/><a href=\"https:\/\/litteraturbanken.se\/skolan\/wp-content\/uploads\/2019\/03\/franzen_sangfageln_helgeson.mp3\">https:\/\/litteraturbanken.se\/skolan\/wp-content\/uploads\/2019\/03\/franzen_sangfageln_helgeson.mp3<\/a><\/audio>\t\t\t\t<\/div>\n\t\t\t\t<\/div>\n\t\t\t\t<div class=\"elementor-element elementor-element-c600bbb elementor-icon-list--layout-traditional elementor-list-item-link-full_width elementor-widget elementor-widget-icon-list\" data-id=\"c600bbb\" data-element_type=\"widget\" data-e-type=\"widget\" data-widget_type=\"icon-list.default\">\n\t\t\t\t<div class=\"elementor-widget-container\">\n\t\t\t\t\t\t\t<ul class=\"elementor-icon-list-items\">\n\t\t\t\t\t\t\t<li class=\"elementor-icon-list-item\">\n\t\t\t\t\t\t\t\t\t\t\t<a href=\"https:\/\/litteraturbanken.se\/forfattare\/HebbeW\/titlar\/SvenskaSkaldestycken\/sida\/46\/etext\" target=\"_blank\">\n\n\t\t\t\t\t\t\t\t\t\t\t\t<span class=\"elementor-icon-list-icon\">\n\t\t\t\t\t\t\t\t\t\t\t\t\t\t\t\t<i class=\"fa fa-file-text-o\" aria-hidden=\"true\"><\/i>\n\t\t\t\t\t\t\t\t\t\t\t\t\t<\/span>\n\t\t\t\t\t\t\t\t\t\t<span class=\"elementor-icon-list-text\">L\u00e4s dikten p\u00e5 Litteraturbanken<\/span>\n\t\t\t\t\t\t\t\t\t\t\t<\/a>\n\t\t\t\t\t\t\t\t\t<\/li>\n\t\t\t\t\t\t\t\t<li class=\"elementor-icon-list-item\">\n\t\t\t\t\t\t\t\t\t\t\t<a href=\"https:\/\/litteraturbanken.se\/skolan\/?page_id=261\" target=\"_blank\">\n\n\t\t\t\t\t\t\t\t\t\t\t\t<span class=\"elementor-icon-list-icon\">\n\t\t\t\t\t\t\t\t\t\t\t\t\t\t\t\t<i class=\"fa fa-file-text-o\" aria-hidden=\"true\"><\/i>\n\t\t\t\t\t\t\t\t\t\t\t\t\t<\/span>\n\t\t\t\t\t\t\t\t\t\t<span class=\"elementor-icon-list-text\">Termer och begrepp<\/span>\n\t\t\t\t\t\t\t\t\t\t\t<\/a>\n\t\t\t\t\t\t\t\t\t<\/li>\n\t\t\t\t\t\t<\/ul>\n\t\t\t\t\t\t<\/div>\n\t\t\t\t<\/div>\n\t\t\t\t<div class=\"elementor-element elementor-element-d7bd944 elementor-align-center elementor-widget elementor-widget-button\" data-id=\"d7bd944\" data-element_type=\"widget\" data-e-type=\"widget\" data-widget_type=\"button.default\">\n\t\t\t\t<div class=\"elementor-widget-container\">\n\t\t\t\t\t\t\t\t\t<div class=\"elementor-button-wrapper\">\n\t\t\t\t\t<a class=\"elementor-button elementor-button-link elementor-size-md elementor-animation-grow\" href=\"#7\">\n\t\t\t\t\t\t<span class=\"elementor-button-content-wrapper\">\n\t\t\t\t\t\t<span class=\"elementor-button-icon\">\n\t\t\t\t\t\t\t\t\t<i class=\"fa fa-pencil\" aria-hidden=\"true\"><\/i>\n\t\t\t\t\t\t\t<\/span>\n\t\t\t\t\t\t\t\t\t<span class=\"elementor-button-text\">Uppgift, \u00e5k 7\u20139<\/span>\n\t\t\t\t\t<\/span>\n\t\t\t\t\t<\/a>\n\t\t\t\t<\/div>\n\t\t\t\t\t\t\t\t<\/div>\n\t\t\t\t<\/div>\n\t\t\t\t<div class=\"elementor-element elementor-element-d406062 elementor-align-center elementor-widget elementor-widget-button\" data-id=\"d406062\" data-element_type=\"widget\" data-e-type=\"widget\" data-widget_type=\"button.default\">\n\t\t\t\t<div class=\"elementor-widget-container\">\n\t\t\t\t\t\t\t\t\t<div class=\"elementor-button-wrapper\">\n\t\t\t\t\t<a class=\"elementor-button elementor-button-link elementor-size-md elementor-animation-grow\" href=\"#gy\">\n\t\t\t\t\t\t<span class=\"elementor-button-content-wrapper\">\n\t\t\t\t\t\t<span class=\"elementor-button-icon\">\n\t\t\t\t\t\t\t\t\t<i class=\"fa fa-pencil\" aria-hidden=\"true\"><\/i>\n\t\t\t\t\t\t\t<\/span>\n\t\t\t\t\t\t\t\t\t<span class=\"elementor-button-text\">Uppgift, Gymnasium<\/span>\n\t\t\t\t\t<\/span>\n\t\t\t\t\t<\/a>\n\t\t\t\t<\/div>\n\t\t\t\t\t\t\t\t<\/div>\n\t\t\t\t<\/div>\n\t\t\t\t<div class=\"elementor-element elementor-element-b3e3a45 elementor-widget elementor-widget-image\" data-id=\"b3e3a45\" data-element_type=\"widget\" data-e-type=\"widget\" data-widget_type=\"image.default\">\n\t\t\t\t<div class=\"elementor-widget-container\">\n\t\t\t\t\t\t\t\t\t\t\t\t\t\t\t<img fetchpriority=\"high\" decoding=\"async\" width=\"300\" height=\"300\" src=\"https:\/\/litteraturbanken.se\/skolan\/wp-content\/uploads\/2019\/03\/lb_skolan_2019_knapp_f\u00f6rfattarbild_franzen_brun-e1553013710709.jpg\" class=\"attachment-full size-full wp-image-13722\" alt=\"\" \/>\t\t\t\t\t\t\t\t\t\t\t\t\t\t\t<\/div>\n\t\t\t\t<\/div>\n\t\t\t\t\t<\/div>\n\t\t<\/div>\n\t\t\t\t\t<\/div>\n\t\t<\/section>\n\t\t\t\t<section class=\"elementor-section elementor-top-section elementor-element elementor-element-b9c2aa2 elementor-section-boxed elementor-section-height-default elementor-section-height-default\" data-id=\"b9c2aa2\" data-element_type=\"section\" data-e-type=\"section\">\n\t\t\t\t\t\t<div class=\"elementor-container elementor-column-gap-default\">\n\t\t\t\t\t<div class=\"elementor-column elementor-col-100 elementor-top-column elementor-element elementor-element-9a7ac40\" data-id=\"9a7ac40\" data-element_type=\"column\" data-e-type=\"column\">\n\t\t\t<div class=\"elementor-widget-wrap elementor-element-populated\">\n\t\t\t\t\t\t<div class=\"elementor-element elementor-element-32ae422 elementor-widget elementor-widget-spacer\" data-id=\"32ae422\" data-element_type=\"widget\" data-e-type=\"widget\" data-widget_type=\"spacer.default\">\n\t\t\t\t<div class=\"elementor-widget-container\">\n\t\t\t\t\t\t\t<div class=\"elementor-spacer\">\n\t\t\t<div class=\"elementor-spacer-inner\"><\/div>\n\t\t<\/div>\n\t\t\t\t\t\t<\/div>\n\t\t\t\t<\/div>\n\t\t\t\t\t<\/div>\n\t\t<\/div>\n\t\t\t\t\t<\/div>\n\t\t<\/section>\n\t\t\t\t<section class=\"elementor-section elementor-top-section elementor-element elementor-element-c48bc1b elementor-section-boxed elementor-section-height-default elementor-section-height-default\" data-id=\"c48bc1b\" data-element_type=\"section\" data-e-type=\"section\">\n\t\t\t\t\t\t<div class=\"elementor-container elementor-column-gap-default\">\n\t\t\t\t\t<div class=\"elementor-column elementor-col-100 elementor-top-column elementor-element elementor-element-d4ed687\" data-id=\"d4ed687\" data-element_type=\"column\" data-e-type=\"column\" data-settings=\"{&quot;background_background&quot;:&quot;classic&quot;}\">\n\t\t\t<div class=\"elementor-widget-wrap elementor-element-populated\">\n\t\t\t\t\t\t<div class=\"elementor-element elementor-element-95b1ef0 elementor-widget elementor-widget-menu-anchor\" data-id=\"95b1ef0\" data-element_type=\"widget\" data-e-type=\"widget\" data-widget_type=\"menu-anchor.default\">\n\t\t\t\t<div class=\"elementor-widget-container\">\n\t\t\t\t\t\t\t<div class=\"elementor-menu-anchor\" id=\"7\"><\/div>\n\t\t\t\t\t\t<\/div>\n\t\t\t\t<\/div>\n\t\t\t\t<div class=\"elementor-element elementor-element-c19688f elementor-widget elementor-widget-menu-anchor\" data-id=\"c19688f\" data-element_type=\"widget\" data-e-type=\"widget\" data-widget_type=\"menu-anchor.default\">\n\t\t\t\t<div class=\"elementor-widget-container\">\n\t\t\t\t\t\t\t<div class=\"elementor-menu-anchor\" id=\"gy\"><\/div>\n\t\t\t\t\t\t<\/div>\n\t\t\t\t<\/div>\n\t\t\t\t<section class=\"elementor-section elementor-inner-section elementor-element elementor-element-5dae623 elementor-section-boxed elementor-section-height-default elementor-section-height-default\" data-id=\"5dae623\" data-element_type=\"section\" data-e-type=\"section\">\n\t\t\t\t\t\t<div class=\"elementor-container elementor-column-gap-default\">\n\t\t\t\t\t<div class=\"elementor-column elementor-col-100 elementor-inner-column elementor-element elementor-element-a784a4d\" data-id=\"a784a4d\" data-element_type=\"column\" data-e-type=\"column\">\n\t\t\t<div class=\"elementor-widget-wrap elementor-element-populated\">\n\t\t\t\t\t\t<div class=\"elementor-element elementor-element-0ea851e elementor-view-framed elementor-shape-circle elementor-widget elementor-widget-icon\" data-id=\"0ea851e\" data-element_type=\"widget\" data-e-type=\"widget\" data-widget_type=\"icon.default\">\n\t\t\t\t<div class=\"elementor-widget-container\">\n\t\t\t\t\t\t\t<div class=\"elementor-icon-wrapper\">\n\t\t\t<div class=\"elementor-icon\">\n\t\t\t\t\t\t\t<i class=\"fa fa-pencil\" aria-hidden=\"true\"><\/i>\n\t\t\t\t\t\t<\/div>\n\t\t<\/div>\n\t\t\t\t\t\t<\/div>\n\t\t\t\t<\/div>\n\t\t\t\t<div class=\"elementor-element elementor-element-fc2d24a elementor-widget elementor-widget-toggle\" data-id=\"fc2d24a\" data-element_type=\"widget\" data-e-type=\"widget\" data-widget_type=\"toggle.default\">\n\t\t\t\t<div class=\"elementor-widget-container\">\n\t\t\t\t\t\t\t<div class=\"elementor-toggle\">\n\t\t\t\t\t\t\t<div class=\"elementor-toggle-item\">\n\t\t\t\t\t<div id=\"elementor-tab-title-2641\" class=\"elementor-tab-title\" data-tab=\"1\" role=\"button\" aria-controls=\"elementor-tab-content-2641\" aria-expanded=\"false\">\n\t\t\t\t\t\t\t\t\t\t\t\t<span class=\"elementor-toggle-icon elementor-toggle-icon-left\" aria-hidden=\"true\">\n\t\t\t\t\t\t\t\t\t\t\t\t\t\t\t<i class=\"elementor-toggle-icon-closed fa fa-chevron-right\"><\/i>\n\t\t\t\t\t\t\t\t<i class=\"elementor-toggle-icon-opened fa fa-chevron-down\"><\/i>\n\t\t\t\t\t\t\t\t\t\t\t\t\t<\/span>\n\t\t\t\t\t\t\t\t\t\t\t\t<a class=\"elementor-toggle-title\" tabindex=\"0\">\u00c5rskurs 7\u20139<\/a>\n\t\t\t\t\t<\/div>\n\n\t\t\t\t\t<div id=\"elementor-tab-content-2641\" class=\"elementor-tab-content elementor-clearfix\" data-tab=\"1\" role=\"region\" aria-labelledby=\"elementor-tab-title-2641\"><p>1. Vad handlar dikten om?<\/p><p>2. Har dikten n\u00e5gon uppdelning av inneh\u00e5llet, till exempel i strofer?<\/p><p>3. \u00c4r dikten skriven p\u00e5 fri vers eller i bunden form?<\/p><p>4. Finns det rim? Hur \u00e4r rimmen grupperade i s\u00e5 fall?<\/p><p>5. Vad \u00e4r sv\u00e5rt att f\u00f6rst\u00e5 i dikten? Varf\u00f6r \u00e4r det sv\u00e5rt att f\u00f6rst\u00e5?<\/p><\/div>\n\t\t\t\t<\/div>\n\t\t\t\t\t\t\t\t<\/div>\n\t\t\t\t\t\t<\/div>\n\t\t\t\t<\/div>\n\t\t\t\t<div class=\"elementor-element elementor-element-1c4bdb6 elementor-widget elementor-widget-toggle\" data-id=\"1c4bdb6\" data-element_type=\"widget\" data-e-type=\"widget\" data-widget_type=\"toggle.default\">\n\t\t\t\t<div class=\"elementor-widget-container\">\n\t\t\t\t\t\t\t<div class=\"elementor-toggle\">\n\t\t\t\t\t\t\t<div class=\"elementor-toggle-item\">\n\t\t\t\t\t<div id=\"elementor-tab-title-2961\" class=\"elementor-tab-title\" data-tab=\"1\" role=\"button\" aria-controls=\"elementor-tab-content-2961\" aria-expanded=\"false\">\n\t\t\t\t\t\t\t\t\t\t\t\t<span class=\"elementor-toggle-icon elementor-toggle-icon-left\" aria-hidden=\"true\">\n\t\t\t\t\t\t\t\t\t\t\t\t\t\t\t<i class=\"elementor-toggle-icon-closed fa fa-chevron-right\"><\/i>\n\t\t\t\t\t\t\t\t<i class=\"elementor-toggle-icon-opened fa fa-chevron-down\"><\/i>\n\t\t\t\t\t\t\t\t\t\t\t\t\t<\/span>\n\t\t\t\t\t\t\t\t\t\t\t\t<a class=\"elementor-toggle-title\" tabindex=\"0\">Gymnasium<\/a>\n\t\t\t\t\t<\/div>\n\n\t\t\t\t\t<div id=\"elementor-tab-content-2961\" class=\"elementor-tab-content elementor-clearfix\" data-tab=\"1\" role=\"region\" aria-labelledby=\"elementor-tab-title-2961\"><p>1. Vem handlar dikten om?<\/p><p>2. Vem \u00e4r det som \u201dtalar\u201d i dikten?<\/p><p>3. Vad har dikten f\u00f6r \u201dr\u00f6st\u201d?<\/p><p>4. Finns det <a href=\"https:\/\/litteraturbanken.se\/skolan\/termer-och-begrepp\/\"><u>liknelser<\/u><\/a>, <a href=\"https:\/\/litteraturbanken.se\/skolan\/termer-och-begrepp\/\"><u>metaforer<\/u><\/a>, <a href=\"https:\/\/litteraturbanken.se\/skolan\/termer-och-begrepp\/\"><u>symboler<\/u><\/a>?<\/p><p>5. Vad \u00e4r sv\u00e5rt att f\u00f6rst\u00e5 i dikten? Varf\u00f6r \u00e4r det sv\u00e5rt att f\u00f6rst\u00e5?<\/p><\/div>\n\t\t\t\t<\/div>\n\t\t\t\t\t\t\t\t<\/div>\n\t\t\t\t\t\t<\/div>\n\t\t\t\t<\/div>\n\t\t\t\t\t<\/div>\n\t\t<\/div>\n\t\t\t\t\t<\/div>\n\t\t<\/section>\n\t\t\t\t<div class=\"elementor-element elementor-element-eb41883 elementor-widget elementor-widget-spacer\" data-id=\"eb41883\" data-element_type=\"widget\" data-e-type=\"widget\" data-widget_type=\"spacer.default\">\n\t\t\t\t<div class=\"elementor-widget-container\">\n\t\t\t\t\t\t\t<div class=\"elementor-spacer\">\n\t\t\t<div class=\"elementor-spacer-inner\"><\/div>\n\t\t<\/div>\n\t\t\t\t\t\t<\/div>\n\t\t\t\t<\/div>\n\t\t\t\t\t<\/div>\n\t\t<\/div>\n\t\t\t\t\t<\/div>\n\t\t<\/section>\n\t\t\t\t<section class=\"elementor-section elementor-top-section elementor-element elementor-element-970ed00 elementor-section-boxed elementor-section-height-default elementor-section-height-default\" data-id=\"970ed00\" data-element_type=\"section\" data-e-type=\"section\">\n\t\t\t\t\t\t<div class=\"elementor-container elementor-column-gap-default\">\n\t\t\t\t\t<div class=\"elementor-column elementor-col-100 elementor-top-column elementor-element elementor-element-3d89925\" data-id=\"3d89925\" data-element_type=\"column\" data-e-type=\"column\">\n\t\t\t<div class=\"elementor-widget-wrap elementor-element-populated\">\n\t\t\t\t\t\t<div class=\"elementor-element elementor-element-a6a163f elementor-widget elementor-widget-spacer\" data-id=\"a6a163f\" data-element_type=\"widget\" data-e-type=\"widget\" data-widget_type=\"spacer.default\">\n\t\t\t\t<div class=\"elementor-widget-container\">\n\t\t\t\t\t\t\t<div class=\"elementor-spacer\">\n\t\t\t<div class=\"elementor-spacer-inner\"><\/div>\n\t\t<\/div>\n\t\t\t\t\t\t<\/div>\n\t\t\t\t<\/div>\n\t\t\t\t\t<\/div>\n\t\t<\/div>\n\t\t\t\t\t<\/div>\n\t\t<\/section>\n\t\t\t\t<\/div>\n\t\t","protected":false},"excerpt":{"rendered":"<p>S\u00e5ng-f\u00e5geln Av\u00a0Frans Michael Franz\u00e9n Ur:\u00a0Svenska skalde-stycken f\u00f6r ungdom\u00a0(1845)\u00a0\u00a0\u00c5rskurs:\u00a07\u20139,\u00a0Gymnasium\u00a0\u00a0Tema:\u00a0Natur och m\u00e4nniska \u201dSe\u00a0h\u00e4r\u00a0den\u00a0f\u00e5geln,\u00a0till\u00a0vars\u00a0s\u00e5ngerDu\u00a0lyssnat,\u00a0r\u00f6rd,\u00a0s\u00e5\u00a0m\u00e5nga\u00a0g\u00e5nger:Tag\u00a0den,\u00a0och\u00a0p\u00e5\u00a0din\u00a0Edvin\u00a0t\u00e4nk.\u00a0\u2013Du\u00a0tycker\u00a0inte\u00a0om\u00a0min\u00a0sk\u00e4nk?S\u00e4g,\u00a0eller\u00a0\u00e4r\u00a0det\u00a0givar\u2019n\u00a0bara,Som\u00a0du\u00a0ej\u00a0tycker\u00a0om,\u00a0nu\u00a0mer?Min\u00a0lilla\u00a0Fanny,\u00a0svara,Och\u00a0se\u00a0p\u00e5\u00a0mig,\u00a0jag\u00a0ber.\u201d Hon\u00a0s\u00e5g,\u00a0tog\u00a0f\u00e5geln,\u00a0och\u00a0p\u00e5\u00a0stundenSprang\u00a0bort\u00a0med\u00a0den\u00a0i\u00a0tr\u00e4dg\u00e5rds-lunden;D\u00e4r\u00a0tusen\u00a0blommor\u00a0i\u00a0en\u00a0kransSk\u00f6nt\u00a0logo\u00a0\u00e5t\u00a0den\u00a0huldas\u00a0ans.Men\u00a0nu\u00a0hon\u00a0tyckte,\u00a0att\u00a0de\u00a0s\u00e5goP\u00e5\u00a0henne\u00a0opp\u00a0med\u00a0sorgens\u00a0t\u00e5r;Ja,\u00a0att\u00a0de\u00a0n\u00e4stan\u00a0l\u00e5go,Som\u00a0n\u00e4r\u00a0dem\u00a0lian\u00a0sl\u00e5r. Ack!\u00a0han,\u00a0som\u00a0sj\u00f6ng\u00a0f\u00f6r\u00a0er,\u00a0\u00e4r\u00a0f\u00e5ngen.Men\u00a0tr\u00f6sten\u00a0er:\u00a0den\u00a0sk\u00f6na\u00a0s\u00e5ngenSkall\u00a0snart\u00a0f\u00f6rtjusa\u00a0er\u00a0igen.Flyg\u00a0ut!\u00a0\u2013\u00a0var\u00a0fri,\u00a0min\u00a0lilla\u00a0v\u00e4n.Hur\u00a0glad\u00a0han\u00a0nu\u00a0\u00e5t\u00a0l\u00f6nnen\u00a0svingar,Och\u00a0sjunger\u00a0j\u00e4mt\u00a0i\u00a0samma\u00a0topp.O!\u00a0hade\u00a0jag\u00a0hans\u00a0vingar,Jag\u00a0ville\u00a0h\u00f6gre\u00a0opp. Skall\u00a0jag,\u00a0som\u00a0blomstren,\u00a0f\u00e4st\u00a0vid\u00a0gruset,Blott\u00a0se\u00a0\u00e5t\u00a0himmelen\u00a0och\u00a0ljuset?Skall\u00a0jag\u00a0ej\u00a0n\u00e5nsin\u00a0sv\u00e4va\u00a0f\u00e5D\u00e4r\u00a0i\u00a0det\u00a0sk\u00f6na,\u00a0klara\u00a0bl\u00e5?Jag\u00a0s\u00e5g\u00a0ju\u00a0nyss\u00a0ur\u00a0skalet\u00a0tittaEn\u00a0fj\u00e4ril,\u00a0som\u00a0nu\u00a0fladdrar\u00a0h\u00e4r.En\u00a0g\u00e5ng\u00a0skall\u00a0Fanny\u00a0sittaP\u00e5\u00a0purpur-molnet\u00a0d\u00e4r. L\u00e4s dikten p\u00e5 Litteraturbanken Termer och begrepp Uppgift, \u00e5k 7\u20139 Uppgift, Gymnasium \u00c5rskurs 7\u20139 1. Vad handlar dikten om? 2. Har dikten n\u00e5gon uppdelning av inneh\u00e5llet, till exempel i strofer? 3. \u00c4r dikten skriven p\u00e5 fri vers eller i bunden form? [&hellip;]<\/p>\n","protected":false},"author":5,"featured_media":0,"parent":0,"menu_order":0,"comment_status":"closed","ping_status":"closed","template":"","meta":{"ocean_post_layout":"full-screen","ocean_both_sidebars_style":"","ocean_both_sidebars_content_width":0,"ocean_both_sidebars_sidebars_width":0,"ocean_sidebar":"0","ocean_second_sidebar":"0","ocean_disable_margins":"enable","ocean_add_body_class":"","ocean_shortcode_before_top_bar":"","ocean_shortcode_after_top_bar":"","ocean_shortcode_before_header":"","ocean_shortcode_after_header":"","ocean_has_shortcode":"","ocean_shortcode_after_title":"","ocean_shortcode_before_footer_widgets":"","ocean_shortcode_after_footer_widgets":"","ocean_shortcode_before_footer_bottom":"","ocean_shortcode_after_footer_bottom":"","ocean_display_top_bar":"default","ocean_display_header":"default","ocean_header_style":"","ocean_center_header_left_menu":"0","ocean_custom_header_template":"0","ocean_custom_logo":0,"ocean_custom_retina_logo":0,"ocean_custom_logo_max_width":0,"ocean_custom_logo_tablet_max_width":0,"ocean_custom_logo_mobile_max_width":0,"ocean_custom_logo_max_height":0,"ocean_custom_logo_tablet_max_height":0,"ocean_custom_logo_mobile_max_height":0,"ocean_header_custom_menu":"0","ocean_menu_typo_font_family":"0","ocean_menu_typo_font_subset":"","ocean_menu_typo_font_size":0,"ocean_menu_typo_font_size_tablet":0,"ocean_menu_typo_font_size_mobile":0,"ocean_menu_typo_font_size_unit":"px","ocean_menu_typo_font_weight":"","ocean_menu_typo_font_weight_tablet":"","ocean_menu_typo_font_weight_mobile":"","ocean_menu_typo_transform":"","ocean_menu_typo_transform_tablet":"","ocean_menu_typo_transform_mobile":"","ocean_menu_typo_line_height":0,"ocean_menu_typo_line_height_tablet":0,"ocean_menu_typo_line_height_mobile":0,"ocean_menu_typo_line_height_unit":"","ocean_menu_typo_spacing":0,"ocean_menu_typo_spacing_tablet":0,"ocean_menu_typo_spacing_mobile":0,"ocean_menu_typo_spacing_unit":"","ocean_menu_link_color":"","ocean_menu_link_color_hover":"","ocean_menu_link_color_active":"","ocean_menu_link_background":"","ocean_menu_link_hover_background":"","ocean_menu_link_active_background":"","ocean_menu_social_links_bg":"","ocean_menu_social_hover_links_bg":"","ocean_menu_social_links_color":"","ocean_menu_social_hover_links_color":"","ocean_disable_title":"on","ocean_disable_heading":"default","ocean_post_title":"","ocean_post_subheading":"","ocean_post_title_style":"","ocean_post_title_background_color":"","ocean_post_title_background":0,"ocean_post_title_bg_image_position":"","ocean_post_title_bg_image_attachment":"","ocean_post_title_bg_image_repeat":"","ocean_post_title_bg_image_size":"","ocean_post_title_height":0,"ocean_post_title_bg_overlay":0.5,"ocean_post_title_bg_overlay_color":"","ocean_disable_breadcrumbs":"default","ocean_breadcrumbs_color":"","ocean_breadcrumbs_separator_color":"","ocean_breadcrumbs_links_color":"","ocean_breadcrumbs_links_hover_color":"","ocean_display_footer_widgets":"default","ocean_display_footer_bottom":"default","ocean_custom_footer_template":"0","footnotes":""},"class_list":["post-10579","page","type-page","status-publish","hentry","entry"],"_links":{"self":[{"href":"https:\/\/litteraturbanken.se\/skolan\/wp-json\/wp\/v2\/pages\/10579","targetHints":{"allow":["GET"]}}],"collection":[{"href":"https:\/\/litteraturbanken.se\/skolan\/wp-json\/wp\/v2\/pages"}],"about":[{"href":"https:\/\/litteraturbanken.se\/skolan\/wp-json\/wp\/v2\/types\/page"}],"author":[{"embeddable":true,"href":"https:\/\/litteraturbanken.se\/skolan\/wp-json\/wp\/v2\/users\/5"}],"replies":[{"embeddable":true,"href":"https:\/\/litteraturbanken.se\/skolan\/wp-json\/wp\/v2\/comments?post=10579"}],"version-history":[{"count":25,"href":"https:\/\/litteraturbanken.se\/skolan\/wp-json\/wp\/v2\/pages\/10579\/revisions"}],"predecessor-version":[{"id":20380,"href":"https:\/\/litteraturbanken.se\/skolan\/wp-json\/wp\/v2\/pages\/10579\/revisions\/20380"}],"wp:attachment":[{"href":"https:\/\/litteraturbanken.se\/skolan\/wp-json\/wp\/v2\/media?parent=10579"}],"curies":[{"name":"wp","href":"https:\/\/api.w.org\/{rel}","templated":true}]}}