{"id":10856,"date":"2018-12-29T09:54:00","date_gmt":"2018-12-29T08:54:00","guid":{"rendered":"https:\/\/litteraturbanken.se\/skoladev\/?page_id=10856"},"modified":"2020-02-10T11:06:23","modified_gmt":"2020-02-10T10:06:23","slug":"poesi-forfattare-verner-von-heidenstam-medborgarsang","status":"publish","type":"page","link":"https:\/\/litteraturbanken.se\/skolan\/poesi-forfattare-verner-von-heidenstam-medborgarsang\/","title":{"rendered":"Poesi\/F\u00f6rfattare\/Verner von Heidenstam\/Medborgars\u00e5ng"},"content":{"rendered":"\t\t<div data-elementor-type=\"wp-post\" data-elementor-id=\"10856\" class=\"elementor elementor-10856\">\n\t\t\t\t\t\t<section class=\"elementor-section elementor-top-section elementor-element elementor-element-744befd elementor-section-boxed elementor-section-height-default elementor-section-height-default\" data-id=\"744befd\" data-element_type=\"section\" data-e-type=\"section\">\n\t\t\t\t\t\t<div class=\"elementor-container elementor-column-gap-default\">\n\t\t\t\t\t<div class=\"elementor-column elementor-col-100 elementor-top-column elementor-element elementor-element-675f193\" data-id=\"675f193\" data-element_type=\"column\" data-e-type=\"column\">\n\t\t\t<div class=\"elementor-widget-wrap elementor-element-populated\">\n\t\t\t\t\t\t<div class=\"elementor-element elementor-element-518a9c8 elementor-widget elementor-widget-spacer\" data-id=\"518a9c8\" data-element_type=\"widget\" data-e-type=\"widget\" data-widget_type=\"spacer.default\">\n\t\t\t\t<div class=\"elementor-widget-container\">\n\t\t\t\t\t\t\t<div class=\"elementor-spacer\">\n\t\t\t<div class=\"elementor-spacer-inner\"><\/div>\n\t\t<\/div>\n\t\t\t\t\t\t<\/div>\n\t\t\t\t<\/div>\n\t\t\t\t\t<\/div>\n\t\t<\/div>\n\t\t\t\t\t<\/div>\n\t\t<\/section>\n\t\t\t\t<section class=\"elementor-section elementor-inner-section elementor-element elementor-element-23031a8 elementor-section-boxed elementor-section-height-default elementor-section-height-default\" data-id=\"23031a8\" data-element_type=\"section\" data-e-type=\"section\">\n\t\t\t\t\t\t<div class=\"elementor-container elementor-column-gap-default\">\n\t\t\t\t\t<div class=\"elementor-column elementor-col-66 elementor-inner-column elementor-element elementor-element-281e805\" data-id=\"281e805\" data-element_type=\"column\" data-e-type=\"column\" data-settings=\"{&quot;background_background&quot;:&quot;classic&quot;}\">\n\t\t\t<div class=\"elementor-widget-wrap elementor-element-populated\">\n\t\t\t\t\t\t<div class=\"elementor-element elementor-element-a214a85 elementor-widget elementor-widget-heading\" data-id=\"a214a85\" data-element_type=\"widget\" data-e-type=\"widget\" data-widget_type=\"heading.default\">\n\t\t\t\t<div class=\"elementor-widget-container\">\n\t\t\t\t\t<h2 class=\"elementor-heading-title elementor-size-default\">Medborgars\u00e5ng<\/h2>\t\t\t\t<\/div>\n\t\t\t\t<\/div>\n\t\t\t\t<div class=\"elementor-element elementor-element-53898ca elementor-widget elementor-widget-text-editor\" data-id=\"53898ca\" data-element_type=\"widget\" data-e-type=\"widget\" data-widget_type=\"text-editor.default\">\n\t\t\t\t<div class=\"elementor-widget-container\">\n\t\t\t\t\t\t\t\t\t<p>Av <a href=\"https:\/\/litteraturbanken.se\/skolan\/?page_id=124\"><em>Verner von Heidenstam<\/em><\/a><\/p>\t\t\t\t\t\t\t\t<\/div>\n\t\t\t\t<\/div>\n\t\t\t\t<div class=\"elementor-element elementor-element-7ed12f1 elementor-widget elementor-widget-text-editor\" data-id=\"7ed12f1\" data-element_type=\"widget\" data-e-type=\"widget\" data-widget_type=\"text-editor.default\">\n\t\t\t\t<div class=\"elementor-widget-container\">\n\t\t\t\t\t\t\t\t\t<p><strong>Ur:<\/strong>\u00a0<em>Nya dikter\u00a0<\/em>(1915) \u00a0<strong>\u00c5rskurs:\u00a0<\/strong>Gymnasium\u00a0 \u00a0<strong>Tema:<\/strong>\u00a0R\u00f6tter och historia<\/p>\t\t\t\t\t\t\t\t<\/div>\n\t\t\t\t<\/div>\n\t\t\t\t<div class=\"elementor-element elementor-element-4a04ecc elementor-widget elementor-widget-text-editor\" data-id=\"4a04ecc\" data-element_type=\"widget\" data-e-type=\"widget\" data-widget_type=\"text-editor.default\">\n\t\t\t\t<div class=\"elementor-widget-container\">\n\t\t\t\t\t\t\t\t\t<div class=\"_head b center chaptername\"><div class=\"sect3\"><div class=\"titlepage\"><p class=\"title\">S\u00e5\u00a0sant\u00a0vi\u00a0\u00e4ga\u00a0ett\u00a0f\u00e4dernesland,<br \/>vi\u00a0\u00e4rvde\u00a0det\u00a0alla\u00a0lika,<br \/>med\u00a0samma\u00a0r\u00e4tt\u00a0och\u00a0med\u00a0samma\u00a0band<br \/>f\u00f6r\u00a0b\u00e5de\u00a0arma\u00a0och\u00a0rika;<br \/>och\u00a0d\u00e4rf\u00f6r\u00a0vilja\u00a0vi\u00a0r\u00f6sta\u00a0fritt<br \/>som\u00a0f\u00f6rr\u00a0bland\u00a0sk\u00f6ldar\u00a0och\u00a0b\u00e5gar,<br \/>men\u00a0icke\u00a0v\u00e4gas\u00a0i\u00a0k\u00f6pm\u00e4ns\u00a0mitt<br \/>likt\u00a0penningep\u00e5sar\u00a0p\u00e5\u00a0v\u00e5gar.<br \/><br \/>Vi\u00a0stridde\u00a0gemensamt\u00a0f\u00f6r\u00a0hem\u00a0och\u00a0h\u00e4rd,<br \/>d\u00e5\u00a0v\u00e5ra\u00a0kuster\u00a0f\u00f6rbr\u00e4ndes.<br \/>Ej\u00a0herrarna\u00a0ensamt\u00a0grepo\u00a0sitt\u00a0sv\u00e4rd,<br \/>n\u00e4r\u00a0varnande\u00a0v\u00e5rdkas\u00a0t\u00e4ndes.<br \/>Ej\u00a0herrarna\u00a0ensamt\u00a0segnade\u00a0ner<br \/>men\u00a0ocks\u00e5\u00a0herrarnas\u00a0dr\u00e4ngar.<br \/>Det\u00a0\u00e4r\u00a0skam,\u00a0det\u00a0\u00e4r\u00a0fl\u00e4ck\u00a0p\u00e5\u00a0Sveriges\u00a0baner,<br \/>att\u00a0medborgarr\u00e4tt\u00a0heter\u00a0pengar.<br \/><br \/>Det\u00a0\u00e4r\u00a0skam\u00a0att\u00a0sitta\u00a0som\u00a0vi\u00a0ha\u00a0gjort<br \/>och\u00a0tempel\u00a0\u00e5t\u00a0andra\u00a0v\u00e4lva,<br \/>men\u00a0kasta\u00a0stenar\u00a0p\u00e5\u00a0egen\u00a0port<br \/>och\u00a0tala\u00a0ont\u00a0om\u00a0oss\u00a0sj\u00e4lva.<br \/>Vi\u00a0tr\u00f6ttnat\u00a0att\u00a0bl\u00f6da\u00a0f\u00f6r\u00a0egen\u00a0dolk,<br \/>att\u00a0hj\u00e4rtat\u00a0fr\u00e5n\u00a0huvudet\u00a0skilja;<br \/>vi\u00a0vilja\u00a0bliva\u00a0ett\u00a0enda\u00a0folk,<br \/>och\u00a0vi\u00a0\u00e4ro\u00a0och\u00a0bli\u00a0det\u00a0vi\u00a0vilja.<\/p><\/div><\/div><\/div>\t\t\t\t\t\t\t\t<\/div>\n\t\t\t\t<\/div>\n\t\t\t\t\t<\/div>\n\t\t<\/div>\n\t\t\t\t<div class=\"elementor-column elementor-col-33 elementor-inner-column elementor-element elementor-element-5b3e84d\" data-id=\"5b3e84d\" data-element_type=\"column\" data-e-type=\"column\">\n\t\t\t<div class=\"elementor-widget-wrap elementor-element-populated\">\n\t\t\t\t\t\t<div class=\"elementor-element elementor-element-fce78bc elementor-widget elementor-widget-wp-widget-media_audio\" data-id=\"fce78bc\" data-element_type=\"widget\" data-e-type=\"widget\" data-widget_type=\"wp-widget-media_audio.default\">\n\t\t\t\t<div class=\"elementor-widget-container\">\n\t\t\t\t\t<h5>Dick Cla\u00e9sson l\u00e4ser \u201dMedborgars\u00e5ng\u201d av Verner von Heidenstam.<\/h5><audio class=\"wp-audio-shortcode\" id=\"audio-10856-1\" preload=\"none\" style=\"width: 100%;\" controls=\"controls\"><source type=\"audio\/mpeg\" src=\"https:\/\/litteraturbanken.se\/skolan\/wp-content\/uploads\/2019\/03\/heidenstam_medborgarsang_claesson.mp3?_=1\" \/><source type=\"audio\/mpeg\" src=\"https:\/\/litteraturbanken.se\/skolan\/wp-content\/uploads\/2019\/03\/heidenstam_medborgarsang_claesson.mp3?_=1\" \/><a href=\"https:\/\/litteraturbanken.se\/skolan\/wp-content\/uploads\/2019\/03\/heidenstam_medborgarsang_claesson.mp3\">https:\/\/litteraturbanken.se\/skolan\/wp-content\/uploads\/2019\/03\/heidenstam_medborgarsang_claesson.mp3<\/a><\/audio>\t\t\t\t<\/div>\n\t\t\t\t<\/div>\n\t\t\t\t<div class=\"elementor-element elementor-element-bf5a3df elementor-icon-list--layout-traditional elementor-list-item-link-full_width elementor-widget elementor-widget-icon-list\" data-id=\"bf5a3df\" data-element_type=\"widget\" data-e-type=\"widget\" data-widget_type=\"icon-list.default\">\n\t\t\t\t<div class=\"elementor-widget-container\">\n\t\t\t\t\t\t\t<ul class=\"elementor-icon-list-items\">\n\t\t\t\t\t\t\t<li class=\"elementor-icon-list-item\">\n\t\t\t\t\t\t\t\t\t\t\t<a href=\"https:\/\/litteraturbanken.se\/forfattare\/HeidenstamV\/titlar\/NyaDikter\/sida\/10\/etext\" target=\"_blank\">\n\n\t\t\t\t\t\t\t\t\t\t\t\t<span class=\"elementor-icon-list-icon\">\n\t\t\t\t\t\t\t\t\t\t\t\t\t\t\t\t<i class=\"fa fa-file-text-o\" aria-hidden=\"true\"><\/i>\n\t\t\t\t\t\t\t\t\t\t\t\t\t<\/span>\n\t\t\t\t\t\t\t\t\t\t<span class=\"elementor-icon-list-text\">L\u00e4s dikten p\u00e5 Litteraturbanken<\/span>\n\t\t\t\t\t\t\t\t\t\t\t<\/a>\n\t\t\t\t\t\t\t\t\t<\/li>\n\t\t\t\t\t\t\t\t<li class=\"elementor-icon-list-item\">\n\t\t\t\t\t\t\t\t\t\t\t<a href=\"https:\/\/litteraturbanken.se\/skolan\/?page_id=261\" target=\"_blank\">\n\n\t\t\t\t\t\t\t\t\t\t\t\t<span class=\"elementor-icon-list-icon\">\n\t\t\t\t\t\t\t\t\t\t\t\t\t\t\t\t<i class=\"fa fa-file-text-o\" aria-hidden=\"true\"><\/i>\n\t\t\t\t\t\t\t\t\t\t\t\t\t<\/span>\n\t\t\t\t\t\t\t\t\t\t<span class=\"elementor-icon-list-text\">Termer och begrepp<\/span>\n\t\t\t\t\t\t\t\t\t\t\t<\/a>\n\t\t\t\t\t\t\t\t\t<\/li>\n\t\t\t\t\t\t<\/ul>\n\t\t\t\t\t\t<\/div>\n\t\t\t\t<\/div>\n\t\t\t\t<div class=\"elementor-element elementor-element-7c07bbb elementor-align-center elementor-widget elementor-widget-button\" data-id=\"7c07bbb\" data-element_type=\"widget\" data-e-type=\"widget\" data-widget_type=\"button.default\">\n\t\t\t\t<div class=\"elementor-widget-container\">\n\t\t\t\t\t\t\t\t\t<div class=\"elementor-button-wrapper\">\n\t\t\t\t\t<a class=\"elementor-button elementor-button-link elementor-size-md elementor-animation-grow\" href=\"#uppgiftF-3\">\n\t\t\t\t\t\t<span class=\"elementor-button-content-wrapper\">\n\t\t\t\t\t\t<span class=\"elementor-button-icon\">\n\t\t\t\t\t\t\t\t\t<i class=\"fa fa-pencil\" aria-hidden=\"true\"><\/i>\n\t\t\t\t\t\t\t<\/span>\n\t\t\t\t\t\t\t\t\t<span class=\"elementor-button-text\">Uppgift, Gymnasium<\/span>\n\t\t\t\t\t<\/span>\n\t\t\t\t\t<\/a>\n\t\t\t\t<\/div>\n\t\t\t\t\t\t\t\t<\/div>\n\t\t\t\t<\/div>\n\t\t\t\t<div class=\"elementor-element elementor-element-0336120 elementor-widget elementor-widget-image\" data-id=\"0336120\" data-element_type=\"widget\" data-e-type=\"widget\" data-widget_type=\"image.default\">\n\t\t\t\t<div class=\"elementor-widget-container\">\n\t\t\t\t\t\t\t\t\t\t\t\t\t\t\t<img fetchpriority=\"high\" decoding=\"async\" width=\"300\" height=\"300\" src=\"https:\/\/litteraturbanken.se\/skolan\/wp-content\/uploads\/2019\/03\/lb_skolan_2019_knapp_f\u00f6rfattarbild_heidenstam_r\u00f6d-e1553013772646.jpg\" class=\"attachment-full size-full wp-image-13713\" alt=\"\" \/>\t\t\t\t\t\t\t\t\t\t\t\t\t\t\t<\/div>\n\t\t\t\t<\/div>\n\t\t\t\t\t<\/div>\n\t\t<\/div>\n\t\t\t\t\t<\/div>\n\t\t<\/section>\n\t\t\t\t<section class=\"elementor-section elementor-top-section elementor-element elementor-element-3e3f646 elementor-section-boxed elementor-section-height-default elementor-section-height-default\" data-id=\"3e3f646\" data-element_type=\"section\" data-e-type=\"section\">\n\t\t\t\t\t\t<div class=\"elementor-container elementor-column-gap-default\">\n\t\t\t\t\t<div class=\"elementor-column elementor-col-100 elementor-top-column elementor-element elementor-element-d54c818\" data-id=\"d54c818\" data-element_type=\"column\" data-e-type=\"column\">\n\t\t\t<div class=\"elementor-widget-wrap elementor-element-populated\">\n\t\t\t\t\t\t<div class=\"elementor-element elementor-element-ae8f228 elementor-widget elementor-widget-spacer\" data-id=\"ae8f228\" data-element_type=\"widget\" data-e-type=\"widget\" data-widget_type=\"spacer.default\">\n\t\t\t\t<div class=\"elementor-widget-container\">\n\t\t\t\t\t\t\t<div class=\"elementor-spacer\">\n\t\t\t<div class=\"elementor-spacer-inner\"><\/div>\n\t\t<\/div>\n\t\t\t\t\t\t<\/div>\n\t\t\t\t<\/div>\n\t\t\t\t\t<\/div>\n\t\t<\/div>\n\t\t\t\t\t<\/div>\n\t\t<\/section>\n\t\t\t\t<section class=\"elementor-section elementor-top-section elementor-element elementor-element-367aaa0 elementor-section-boxed elementor-section-height-default elementor-section-height-default\" data-id=\"367aaa0\" data-element_type=\"section\" data-e-type=\"section\">\n\t\t\t\t\t\t<div class=\"elementor-container elementor-column-gap-default\">\n\t\t\t\t\t<div class=\"elementor-column elementor-col-100 elementor-top-column elementor-element elementor-element-efd3308\" data-id=\"efd3308\" data-element_type=\"column\" data-e-type=\"column\" data-settings=\"{&quot;background_background&quot;:&quot;classic&quot;}\">\n\t\t\t<div class=\"elementor-widget-wrap elementor-element-populated\">\n\t\t\t\t\t\t<section class=\"elementor-section elementor-inner-section elementor-element elementor-element-7f98d54 elementor-section-boxed elementor-section-height-default elementor-section-height-default\" data-id=\"7f98d54\" data-element_type=\"section\" data-e-type=\"section\">\n\t\t\t\t\t\t<div class=\"elementor-container elementor-column-gap-default\">\n\t\t\t\t\t<div class=\"elementor-column elementor-col-100 elementor-inner-column elementor-element elementor-element-df59f29\" data-id=\"df59f29\" data-element_type=\"column\" data-e-type=\"column\">\n\t\t\t<div class=\"elementor-widget-wrap elementor-element-populated\">\n\t\t\t\t\t\t<div class=\"elementor-element elementor-element-c97a54d elementor-widget elementor-widget-menu-anchor\" data-id=\"c97a54d\" data-element_type=\"widget\" data-e-type=\"widget\" data-widget_type=\"menu-anchor.default\">\n\t\t\t\t<div class=\"elementor-widget-container\">\n\t\t\t\t\t\t\t<div class=\"elementor-menu-anchor\" id=\"uppgiftF-3\"><\/div>\n\t\t\t\t\t\t<\/div>\n\t\t\t\t<\/div>\n\t\t\t\t<div class=\"elementor-element elementor-element-2b42c07 elementor-view-framed elementor-shape-circle elementor-widget elementor-widget-icon\" data-id=\"2b42c07\" data-element_type=\"widget\" data-e-type=\"widget\" data-widget_type=\"icon.default\">\n\t\t\t\t<div class=\"elementor-widget-container\">\n\t\t\t\t\t\t\t<div class=\"elementor-icon-wrapper\">\n\t\t\t<div class=\"elementor-icon\">\n\t\t\t\t\t\t\t<i class=\"fa fa-pencil\" aria-hidden=\"true\"><\/i>\n\t\t\t\t\t\t<\/div>\n\t\t<\/div>\n\t\t\t\t\t\t<\/div>\n\t\t\t\t<\/div>\n\t\t\t\t<div class=\"elementor-element elementor-element-f9e35c3 elementor-widget elementor-widget-toggle\" data-id=\"f9e35c3\" data-element_type=\"widget\" data-e-type=\"widget\" data-widget_type=\"toggle.default\">\n\t\t\t\t<div class=\"elementor-widget-container\">\n\t\t\t\t\t\t\t<div class=\"elementor-toggle\">\n\t\t\t\t\t\t\t<div class=\"elementor-toggle-item\">\n\t\t\t\t\t<div id=\"elementor-tab-title-2621\" class=\"elementor-tab-title\" data-tab=\"1\" role=\"button\" aria-controls=\"elementor-tab-content-2621\" aria-expanded=\"false\">\n\t\t\t\t\t\t\t\t\t\t\t\t<span class=\"elementor-toggle-icon elementor-toggle-icon-left\" aria-hidden=\"true\">\n\t\t\t\t\t\t\t\t\t\t\t\t\t\t\t<i class=\"elementor-toggle-icon-closed fa fa-chevron-right\"><\/i>\n\t\t\t\t\t\t\t\t<i class=\"elementor-toggle-icon-opened fa fa-chevron-down\"><\/i>\n\t\t\t\t\t\t\t\t\t\t\t\t\t<\/span>\n\t\t\t\t\t\t\t\t\t\t\t\t<a class=\"elementor-toggle-title\" tabindex=\"0\">Gymnasium<\/a>\n\t\t\t\t\t<\/div>\n\n\t\t\t\t\t<div id=\"elementor-tab-content-2621\" class=\"elementor-tab-content elementor-clearfix\" data-tab=\"1\" role=\"region\" aria-labelledby=\"elementor-tab-title-2621\"><h3>Om dikten<\/h3>\n<p>De tre dikterna <a href=\"https:\/\/litteraturbanken.se\/skolan\/?page_id=10849\">\u201dSverige\u201d<\/a>, <a href=\"https:\/\/litteraturbanken.se\/skolan\/?page_id=10856\">\u201dMedborgars\u00e5ng\u201d<\/a> och <a href=\"https:\/\/litteraturbanken.se\/skolan\/?page_id=10861\">\u201dR\u00f6stsedeln\u201d<\/a> ing\u00e5r i diktsviten \u201dEtt folk\u201d som publicerades i&nbsp;<span class=\"italic\">Svenska dagbladet<\/span>&nbsp;p\u00e5 valdagen 1899. <a href=\"https:\/\/litteraturbanken.se\/skolan\/?page_id=10849\">\u201dSverige\u201d<\/a> tonsattes av Wilhelm Stenhammar och har f\u00f6reslagits bli Sveriges nationals\u00e5ng.<\/p>\n<p><\/p>\n<h3>Diskutera och j\u00e4mf\u00f6r<\/h3>\n<p>1 J\u00e4mf\u00f6r <a href=\"https:\/\/litteraturbanken.se\/skolan\/?page_id=10849\">\u201dSverige\u201d<\/a> med \u201dDu gamla du fria\u201d av Rickard Dybeck.<\/p>\n<p>2 <a href=\"https:\/\/litteraturbanken.se\/skolan\/?page_id=10856\">\u201cMedborgars\u00e5ng\u201d<\/a> och <a href=\"https:\/\/litteraturbanken.se\/skolan\/?page_id=10861\">\u201dR\u00f6stsedeln\u201d<\/a> \u00e4r starkt argumenterande dikter. Unders\u00f6k vilka argument Heidenstam framf\u00f6r h\u00e4r.<\/p>\n<p>3 Ta reda p\u00e5 den historiska bakgrunden.<\/p><\/div>\n\t\t\t\t<\/div>\n\t\t\t\t\t\t\t\t<\/div>\n\t\t\t\t\t\t<\/div>\n\t\t\t\t<\/div>\n\t\t\t\t\t<\/div>\n\t\t<\/div>\n\t\t\t\t\t<\/div>\n\t\t<\/section>\n\t\t\t\t\t<\/div>\n\t\t<\/div>\n\t\t\t\t\t<\/div>\n\t\t<\/section>\n\t\t\t\t<section class=\"elementor-section elementor-top-section elementor-element elementor-element-acae67c elementor-section-boxed elementor-section-height-default elementor-section-height-default\" data-id=\"acae67c\" data-element_type=\"section\" data-e-type=\"section\">\n\t\t\t\t\t\t<div class=\"elementor-container elementor-column-gap-default\">\n\t\t\t\t\t<div class=\"elementor-column elementor-col-100 elementor-top-column elementor-element elementor-element-b08042c\" data-id=\"b08042c\" data-element_type=\"column\" data-e-type=\"column\">\n\t\t\t<div class=\"elementor-widget-wrap elementor-element-populated\">\n\t\t\t\t\t\t<div class=\"elementor-element elementor-element-a4ad417 elementor-widget elementor-widget-spacer\" data-id=\"a4ad417\" data-element_type=\"widget\" data-e-type=\"widget\" data-widget_type=\"spacer.default\">\n\t\t\t\t<div class=\"elementor-widget-container\">\n\t\t\t\t\t\t\t<div class=\"elementor-spacer\">\n\t\t\t<div class=\"elementor-spacer-inner\"><\/div>\n\t\t<\/div>\n\t\t\t\t\t\t<\/div>\n\t\t\t\t<\/div>\n\t\t\t\t\t<\/div>\n\t\t<\/div>\n\t\t\t\t\t<\/div>\n\t\t<\/section>\n\t\t\t\t<\/div>\n\t\t","protected":false},"excerpt":{"rendered":"<p>Medborgars\u00e5ng Av Verner von Heidenstam Ur:\u00a0Nya dikter\u00a0(1915) \u00a0\u00c5rskurs:\u00a0Gymnasium\u00a0 \u00a0Tema:\u00a0R\u00f6tter och historia S\u00e5\u00a0sant\u00a0vi\u00a0\u00e4ga\u00a0ett\u00a0f\u00e4dernesland,vi\u00a0\u00e4rvde\u00a0det\u00a0alla\u00a0lika,med\u00a0samma\u00a0r\u00e4tt\u00a0och\u00a0med\u00a0samma\u00a0bandf\u00f6r\u00a0b\u00e5de\u00a0arma\u00a0och\u00a0rika;och\u00a0d\u00e4rf\u00f6r\u00a0vilja\u00a0vi\u00a0r\u00f6sta\u00a0frittsom\u00a0f\u00f6rr\u00a0bland\u00a0sk\u00f6ldar\u00a0och\u00a0b\u00e5gar,men\u00a0icke\u00a0v\u00e4gas\u00a0i\u00a0k\u00f6pm\u00e4ns\u00a0mittlikt\u00a0penningep\u00e5sar\u00a0p\u00e5\u00a0v\u00e5gar. Vi\u00a0stridde\u00a0gemensamt\u00a0f\u00f6r\u00a0hem\u00a0och\u00a0h\u00e4rd,d\u00e5\u00a0v\u00e5ra\u00a0kuster\u00a0f\u00f6rbr\u00e4ndes.Ej\u00a0herrarna\u00a0ensamt\u00a0grepo\u00a0sitt\u00a0sv\u00e4rd,n\u00e4r\u00a0varnande\u00a0v\u00e5rdkas\u00a0t\u00e4ndes.Ej\u00a0herrarna\u00a0ensamt\u00a0segnade\u00a0nermen\u00a0ocks\u00e5\u00a0herrarnas\u00a0dr\u00e4ngar.Det\u00a0\u00e4r\u00a0skam,\u00a0det\u00a0\u00e4r\u00a0fl\u00e4ck\u00a0p\u00e5\u00a0Sveriges\u00a0baner,att\u00a0medborgarr\u00e4tt\u00a0heter\u00a0pengar. Det\u00a0\u00e4r\u00a0skam\u00a0att\u00a0sitta\u00a0som\u00a0vi\u00a0ha\u00a0gjortoch\u00a0tempel\u00a0\u00e5t\u00a0andra\u00a0v\u00e4lva,men\u00a0kasta\u00a0stenar\u00a0p\u00e5\u00a0egen\u00a0portoch\u00a0tala\u00a0ont\u00a0om\u00a0oss\u00a0sj\u00e4lva.Vi\u00a0tr\u00f6ttnat\u00a0att\u00a0bl\u00f6da\u00a0f\u00f6r\u00a0egen\u00a0dolk,att\u00a0hj\u00e4rtat\u00a0fr\u00e5n\u00a0huvudet\u00a0skilja;vi\u00a0vilja\u00a0bliva\u00a0ett\u00a0enda\u00a0folk,och\u00a0vi\u00a0\u00e4ro\u00a0och\u00a0bli\u00a0det\u00a0vi\u00a0vilja. L\u00e4s dikten p\u00e5 Litteraturbanken Termer och begrepp Uppgift, Gymnasium Gymnasium Om dikten De tre dikterna \u201dSverige\u201d, \u201dMedborgars\u00e5ng\u201d och \u201dR\u00f6stsedeln\u201d ing\u00e5r i diktsviten \u201dEtt folk\u201d som publicerades i&nbsp;Svenska dagbladet&nbsp;p\u00e5 valdagen 1899. \u201dSverige\u201d tonsattes av Wilhelm Stenhammar och har f\u00f6reslagits bli Sveriges nationals\u00e5ng. [&hellip;]<\/p>\n","protected":false},"author":5,"featured_media":0,"parent":0,"menu_order":0,"comment_status":"closed","ping_status":"closed","template":"","meta":{"ocean_post_layout":"full-screen","ocean_both_sidebars_style":"","ocean_both_sidebars_content_width":0,"ocean_both_sidebars_sidebars_width":0,"ocean_sidebar":"0","ocean_second_sidebar":"0","ocean_disable_margins":"enable","ocean_add_body_class":"","ocean_shortcode_before_top_bar":"","ocean_shortcode_after_top_bar":"","ocean_shortcode_before_header":"","ocean_shortcode_after_header":"","ocean_has_shortcode":"","ocean_shortcode_after_title":"","ocean_shortcode_before_footer_widgets":"","ocean_shortcode_after_footer_widgets":"","ocean_shortcode_before_footer_bottom":"","ocean_shortcode_after_footer_bottom":"","ocean_display_top_bar":"default","ocean_display_header":"default","ocean_header_style":"","ocean_center_header_left_menu":"0","ocean_custom_header_template":"0","ocean_custom_logo":0,"ocean_custom_retina_logo":0,"ocean_custom_logo_max_width":0,"ocean_custom_logo_tablet_max_width":0,"ocean_custom_logo_mobile_max_width":0,"ocean_custom_logo_max_height":0,"ocean_custom_logo_tablet_max_height":0,"ocean_custom_logo_mobile_max_height":0,"ocean_header_custom_menu":"0","ocean_menu_typo_font_family":"0","ocean_menu_typo_font_subset":"","ocean_menu_typo_font_size":0,"ocean_menu_typo_font_size_tablet":0,"ocean_menu_typo_font_size_mobile":0,"ocean_menu_typo_font_size_unit":"px","ocean_menu_typo_font_weight":"","ocean_menu_typo_font_weight_tablet":"","ocean_menu_typo_font_weight_mobile":"","ocean_menu_typo_transform":"","ocean_menu_typo_transform_tablet":"","ocean_menu_typo_transform_mobile":"","ocean_menu_typo_line_height":0,"ocean_menu_typo_line_height_tablet":0,"ocean_menu_typo_line_height_mobile":0,"ocean_menu_typo_line_height_unit":"","ocean_menu_typo_spacing":0,"ocean_menu_typo_spacing_tablet":0,"ocean_menu_typo_spacing_mobile":0,"ocean_menu_typo_spacing_unit":"","ocean_menu_link_color":"","ocean_menu_link_color_hover":"","ocean_menu_link_color_active":"","ocean_menu_link_background":"","ocean_menu_link_hover_background":"","ocean_menu_link_active_background":"","ocean_menu_social_links_bg":"","ocean_menu_social_hover_links_bg":"","ocean_menu_social_links_color":"","ocean_menu_social_hover_links_color":"","ocean_disable_title":"on","ocean_disable_heading":"default","ocean_post_title":"","ocean_post_subheading":"","ocean_post_title_style":"","ocean_post_title_background_color":"","ocean_post_title_background":0,"ocean_post_title_bg_image_position":"","ocean_post_title_bg_image_attachment":"","ocean_post_title_bg_image_repeat":"","ocean_post_title_bg_image_size":"","ocean_post_title_height":0,"ocean_post_title_bg_overlay":0.5,"ocean_post_title_bg_overlay_color":"","ocean_disable_breadcrumbs":"default","ocean_breadcrumbs_color":"","ocean_breadcrumbs_separator_color":"","ocean_breadcrumbs_links_color":"","ocean_breadcrumbs_links_hover_color":"","ocean_display_footer_widgets":"default","ocean_display_footer_bottom":"default","ocean_custom_footer_template":"0","footnotes":""},"class_list":["post-10856","page","type-page","status-publish","hentry","entry"],"_links":{"self":[{"href":"https:\/\/litteraturbanken.se\/skolan\/wp-json\/wp\/v2\/pages\/10856","targetHints":{"allow":["GET"]}}],"collection":[{"href":"https:\/\/litteraturbanken.se\/skolan\/wp-json\/wp\/v2\/pages"}],"about":[{"href":"https:\/\/litteraturbanken.se\/skolan\/wp-json\/wp\/v2\/types\/page"}],"author":[{"embeddable":true,"href":"https:\/\/litteraturbanken.se\/skolan\/wp-json\/wp\/v2\/users\/5"}],"replies":[{"embeddable":true,"href":"https:\/\/litteraturbanken.se\/skolan\/wp-json\/wp\/v2\/comments?post=10856"}],"version-history":[{"count":14,"href":"https:\/\/litteraturbanken.se\/skolan\/wp-json\/wp\/v2\/pages\/10856\/revisions"}],"predecessor-version":[{"id":19865,"href":"https:\/\/litteraturbanken.se\/skolan\/wp-json\/wp\/v2\/pages\/10856\/revisions\/19865"}],"wp:attachment":[{"href":"https:\/\/litteraturbanken.se\/skolan\/wp-json\/wp\/v2\/media?parent=10856"}],"curies":[{"name":"wp","href":"https:\/\/api.w.org\/{rel}","templated":true}]}}