{"id":11333,"date":"2018-12-29T17:49:22","date_gmt":"2018-12-29T16:49:22","guid":{"rendered":"https:\/\/litteraturbanken.se\/skoladev\/?page_id=11333"},"modified":"2020-06-16T17:55:41","modified_gmt":"2020-06-16T15:55:41","slug":"poesi-forfattare-bo-bergman-ett-flickebarn","status":"publish","type":"page","link":"https:\/\/litteraturbanken.se\/skolan\/poesi-forfattare-bo-bergman-ett-flickebarn\/","title":{"rendered":"Poesi\/F\u00f6rfattare\/Bo Bergman\/Ett flickebarn"},"content":{"rendered":"\t\t<div data-elementor-type=\"wp-post\" data-elementor-id=\"11333\" class=\"elementor elementor-11333\">\n\t\t\t\t\t\t<section class=\"elementor-section elementor-top-section elementor-element elementor-element-f8be47d elementor-section-boxed elementor-section-height-default elementor-section-height-default\" data-id=\"f8be47d\" data-element_type=\"section\" data-e-type=\"section\">\n\t\t\t\t\t\t<div class=\"elementor-container elementor-column-gap-default\">\n\t\t\t\t\t<div class=\"elementor-column elementor-col-100 elementor-top-column elementor-element elementor-element-f450b6f\" data-id=\"f450b6f\" data-element_type=\"column\" data-e-type=\"column\">\n\t\t\t<div class=\"elementor-widget-wrap elementor-element-populated\">\n\t\t\t\t\t\t<div class=\"elementor-element elementor-element-69cc12c elementor-widget elementor-widget-spacer\" data-id=\"69cc12c\" data-element_type=\"widget\" data-e-type=\"widget\" data-widget_type=\"spacer.default\">\n\t\t\t\t<div class=\"elementor-widget-container\">\n\t\t\t\t\t\t\t<div class=\"elementor-spacer\">\n\t\t\t<div class=\"elementor-spacer-inner\"><\/div>\n\t\t<\/div>\n\t\t\t\t\t\t<\/div>\n\t\t\t\t<\/div>\n\t\t\t\t\t<\/div>\n\t\t<\/div>\n\t\t\t\t\t<\/div>\n\t\t<\/section>\n\t\t\t\t<section class=\"elementor-section elementor-inner-section elementor-element elementor-element-f912534 elementor-section-boxed elementor-section-height-default elementor-section-height-default\" data-id=\"f912534\" data-element_type=\"section\" data-e-type=\"section\">\n\t\t\t\t\t\t<div class=\"elementor-container elementor-column-gap-default\">\n\t\t\t\t\t<div class=\"elementor-column elementor-col-66 elementor-inner-column elementor-element elementor-element-9ccd838\" data-id=\"9ccd838\" data-element_type=\"column\" data-e-type=\"column\" data-settings=\"{&quot;background_background&quot;:&quot;classic&quot;}\">\n\t\t\t<div class=\"elementor-widget-wrap elementor-element-populated\">\n\t\t\t\t\t\t<div class=\"elementor-element elementor-element-1711402 elementor-widget elementor-widget-heading\" data-id=\"1711402\" data-element_type=\"widget\" data-e-type=\"widget\" data-widget_type=\"heading.default\">\n\t\t\t\t<div class=\"elementor-widget-container\">\n\t\t\t\t\t<h2 class=\"elementor-heading-title elementor-size-default\">Ett flickebarn<\/h2>\t\t\t\t<\/div>\n\t\t\t\t<\/div>\n\t\t\t\t<div class=\"elementor-element elementor-element-3f5e8b6 elementor-widget elementor-widget-text-editor\" data-id=\"3f5e8b6\" data-element_type=\"widget\" data-e-type=\"widget\" data-widget_type=\"text-editor.default\">\n\t\t\t\t<div class=\"elementor-widget-container\">\n\t\t\t\t\t\t\t\t\t<p>Av\u00a0<a href=\"https:\/\/litteraturbanken.se\/skolan\/?page_id=116\"><em>Bo Bergman<\/em><\/a><\/p>\t\t\t\t\t\t\t\t<\/div>\n\t\t\t\t<\/div>\n\t\t\t\t<div class=\"elementor-element elementor-element-585a98e elementor-widget elementor-widget-text-editor\" data-id=\"585a98e\" data-element_type=\"widget\" data-e-type=\"widget\" data-widget_type=\"text-editor.default\">\n\t\t\t\t<div class=\"elementor-widget-container\">\n\t\t\t\t\t\t\t\t\t<p><strong>Ur:<\/strong>\u00a0<em>V\u00e5rfrost\u00a0<\/em>(2005)\u00a0 \u00a0<strong>\u00c5rskurs:<\/strong>\u00a0F\u20133,\u00a04\u20136 \u00a0 \u00a0<strong>Tema:<\/strong> Barn och unga, Meningen med livet \u00a0 \u00a0<\/p>\t\t\t\t\t\t\t\t<\/div>\n\t\t\t\t<\/div>\n\t\t\t\t<div class=\"elementor-element elementor-element-2a4dc49 elementor-widget elementor-widget-text-editor\" data-id=\"2a4dc49\" data-element_type=\"widget\" data-e-type=\"widget\" data-widget_type=\"text-editor.default\">\n\t\t\t\t<div class=\"elementor-widget-container\">\n\t\t\t\t\t\t\t\t\t<p>Spela\u00a0nu,\u00a0s\u00e5\u00a0skall\u00a0jag\u00a0dansa.<br \/>Luften\u00a0\u00e4r\u00a0ett\u00a0hav\u00a0som\u00a0b\u00e4r.<br \/>Allt\u00a0\u00e4r\u00a0sagor,\u00a0kan\u00a0jag\u00a0sansa<br \/>mig\u00a0och\u00a0lydigt\u00a0g\u00e5\u00a0s\u00e5\u00a0h\u00e4r?<br \/>Jag\u00a0vill\u00a0springa\u00a0r\u00e4tt\u00a0i\u00a0solen<br \/>\u00f6ver\u00a0alla\u00a0tak\u00a0och\u00a0torn.<br \/>Jag\u00a0vill\u00a0sopa\u00a0moln\u00a0med\u00a0kjolen.<br \/>Jag\u00a0vill\u00a0st\u00e5\u00a0p\u00e5\u00a0m\u00e5nens\u00a0horn.<br \/><br \/>Allt\u00a0\u00e4r\u00a0sagor,\u00a0n\u00e5gon\u00a0pratar<br \/>sagor\u00a0i\u00a0mitt\u00a0\u00f6ra\u00a0j\u00e4mt.<br \/>\u00c4r\u00a0det\u00a0sant\u00a0att\u00a0livet\u00a0gnatar<br \/>eller\u00a0bara\u00a0d\u00e5ligt\u00a0sk\u00e4mt?<br \/>Skrattar\u00a0jag,\u00a0s\u00e5\u00a0vill\u00a0jag\u00a0gr\u00e5ta,<br \/>gr\u00e5ter\u00a0jag,\u00a0\u00e4r\u00a0skrattet\u00a0d\u00e4r.<br \/>Alltihop\u00a0\u00e4r\u00a0som\u00a0en\u00a0g\u00e5ta<br \/>och\u00a0ett\u00a0garn\u00a0som\u00a0g\u00f6r\u00a0besv\u00e4r.<br \/><br \/>L\u00f6s\u00a0mig\u00a0g\u00e5tan,\u00a0red\u00a0mig\u00a0garnet.<br \/>K\u00e4ra,\u00a0jag\u00a0\u00e4r\u00a0kall\u00a0och\u00a0varm.<br \/>Jag\u00a0\u00e4r\u00a0icke\u00a0l\u00e4ngre\u00a0barnet.<br \/>Blomman\u00a0gungar\u00a0p\u00e5\u00a0min\u00a0barm.<br \/>Tala\u00a0till\u00a0den,\u00a0annars\u00a0d\u00f6r\u00a0den.<br \/>Blommorna\u00a0ha\u00a0sj\u00e4l\u00a0som\u00a0vi,<br \/>och\u00a0de\u00a0viska\u00a0och\u00a0jag\u00a0h\u00f6r\u00a0den<br \/>svala\u00a0andningen\u00a0d\u00e4ri.<br \/><br \/>Stackars\u00a0stora\u00a0d\u00f6va\u00a0lytta<br \/>m\u00e4nskor,\u00a0det\u00a0\u00e4r\u00a0synd\u00a0om\u00a0er.<br \/>Det\u00a0\u00e4r\u00a0dumt\u00a0att\u00a0g\u00f6ra\u00a0nytta.<br \/>Jag\u00a0g\u00f6r\u00a0ingenting\u00a0numer.<br \/>\u00c4r\u00a0en\u00a0vind,\u00a0som\u00a0g\u00e5r\u00a0f\u00f6rbi\u00a0er,<br \/>och\u00a0ett\u00a0flarn,\u00a0som\u00a0vinden\u00a0f\u00f6r,<br \/>och\u00a0en\u00a0ton\u00a0i\u00a0melodier,<br \/>dem\u00a0ert\u00a0\u00f6ra\u00a0aldrig\u00a0h\u00f6r.<\/p>\t\t\t\t\t\t\t\t<\/div>\n\t\t\t\t<\/div>\n\t\t\t\t\t<\/div>\n\t\t<\/div>\n\t\t\t\t<div class=\"elementor-column elementor-col-33 elementor-inner-column elementor-element elementor-element-72bd200\" data-id=\"72bd200\" data-element_type=\"column\" data-e-type=\"column\">\n\t\t\t<div class=\"elementor-widget-wrap elementor-element-populated\">\n\t\t\t\t\t\t<div class=\"elementor-element elementor-element-225e7c7 elementor-widget elementor-widget-wp-widget-media_audio\" data-id=\"225e7c7\" data-element_type=\"widget\" data-e-type=\"widget\" data-widget_type=\"wp-widget-media_audio.default\">\n\t\t\t\t<div class=\"elementor-widget-container\">\n\t\t\t\t\t<h5>Ann Boglind l\u00e4ser \u201dEtt flickebarn\u201d av Bo Bergman.<\/h5><audio class=\"wp-audio-shortcode\" id=\"audio-11333-1\" preload=\"none\" style=\"width: 100%;\" controls=\"controls\"><source type=\"audio\/mpeg\" src=\"https:\/\/litteraturbanken.se\/skolan\/wp-content\/uploads\/2019\/03\/bergman_ettflickebarn_boglind.mp3?_=1\" \/><source type=\"audio\/mpeg\" src=\"https:\/\/litteraturbanken.se\/skolan\/wp-content\/uploads\/2019\/03\/bergman_ettflickebarn_boglind.mp3?_=1\" \/><a href=\"https:\/\/litteraturbanken.se\/skolan\/wp-content\/uploads\/2019\/03\/bergman_ettflickebarn_boglind.mp3\">https:\/\/litteraturbanken.se\/skolan\/wp-content\/uploads\/2019\/03\/bergman_ettflickebarn_boglind.mp3<\/a><\/audio>\t\t\t\t<\/div>\n\t\t\t\t<\/div>\n\t\t\t\t<div class=\"elementor-element elementor-element-e0d8fb5 elementor-icon-list--layout-traditional elementor-list-item-link-full_width elementor-widget elementor-widget-icon-list\" data-id=\"e0d8fb5\" data-element_type=\"widget\" data-e-type=\"widget\" data-widget_type=\"icon-list.default\">\n\t\t\t\t<div class=\"elementor-widget-container\">\n\t\t\t\t\t\t\t<ul class=\"elementor-icon-list-items\">\n\t\t\t\t\t\t\t<li class=\"elementor-icon-list-item\">\n\t\t\t\t\t\t\t\t\t\t\t<a href=\"https:\/\/litteraturbanken.se\/forfattare\/BergmanB\/titlar\/Varfrost\/sida\/25\/faksimil\" target=\"_blank\">\n\n\t\t\t\t\t\t\t\t\t\t\t\t<span class=\"elementor-icon-list-icon\">\n\t\t\t\t\t\t\t\t\t\t\t\t\t\t\t\t<i class=\"fa fa-file-text-o\" aria-hidden=\"true\"><\/i>\n\t\t\t\t\t\t\t\t\t\t\t\t\t<\/span>\n\t\t\t\t\t\t\t\t\t\t<span class=\"elementor-icon-list-text\">L\u00e4s dikten p\u00e5 Litteraturbanken<\/span>\n\t\t\t\t\t\t\t\t\t\t\t<\/a>\n\t\t\t\t\t\t\t\t\t<\/li>\n\t\t\t\t\t\t\t\t<li class=\"elementor-icon-list-item\">\n\t\t\t\t\t\t\t\t\t\t\t<a href=\"https:\/\/litteraturbanken.se\/skolan\/?page_id=261\" target=\"_blank\">\n\n\t\t\t\t\t\t\t\t\t\t\t\t<span class=\"elementor-icon-list-icon\">\n\t\t\t\t\t\t\t\t\t\t\t\t\t\t\t\t<i class=\"fa fa-file-text-o\" aria-hidden=\"true\"><\/i>\n\t\t\t\t\t\t\t\t\t\t\t\t\t<\/span>\n\t\t\t\t\t\t\t\t\t\t<span class=\"elementor-icon-list-text\">Termer och begrepp<\/span>\n\t\t\t\t\t\t\t\t\t\t\t<\/a>\n\t\t\t\t\t\t\t\t\t<\/li>\n\t\t\t\t\t\t<\/ul>\n\t\t\t\t\t\t<\/div>\n\t\t\t\t<\/div>\n\t\t\t\t<div class=\"elementor-element elementor-element-2dff45e elementor-align-center elementor-widget elementor-widget-button\" data-id=\"2dff45e\" data-element_type=\"widget\" data-e-type=\"widget\" data-widget_type=\"button.default\">\n\t\t\t\t<div class=\"elementor-widget-container\">\n\t\t\t\t\t\t\t\t\t<div class=\"elementor-button-wrapper\">\n\t\t\t\t\t<a class=\"elementor-button elementor-button-link elementor-size-md elementor-animation-grow\" href=\"#uppgiftF-3\">\n\t\t\t\t\t\t<span class=\"elementor-button-content-wrapper\">\n\t\t\t\t\t\t<span class=\"elementor-button-icon\">\n\t\t\t\t\t\t\t\t\t<i class=\"fa fa-pencil\" aria-hidden=\"true\"><\/i>\n\t\t\t\t\t\t\t<\/span>\n\t\t\t\t\t\t\t\t\t<span class=\"elementor-button-text\">Uppgift, \u00e5k F\u20133<\/span>\n\t\t\t\t\t<\/span>\n\t\t\t\t\t<\/a>\n\t\t\t\t<\/div>\n\t\t\t\t\t\t\t\t<\/div>\n\t\t\t\t<\/div>\n\t\t\t\t<div class=\"elementor-element elementor-element-3646d5f elementor-align-center elementor-widget elementor-widget-button\" data-id=\"3646d5f\" data-element_type=\"widget\" data-e-type=\"widget\" data-widget_type=\"button.default\">\n\t\t\t\t<div class=\"elementor-widget-container\">\n\t\t\t\t\t\t\t\t\t<div class=\"elementor-button-wrapper\">\n\t\t\t\t\t<a class=\"elementor-button elementor-button-link elementor-size-md elementor-animation-grow\" href=\"#uppgift4-6\">\n\t\t\t\t\t\t<span class=\"elementor-button-content-wrapper\">\n\t\t\t\t\t\t<span class=\"elementor-button-icon\">\n\t\t\t\t\t\t\t\t\t<i class=\"fa fa-pencil\" aria-hidden=\"true\"><\/i>\n\t\t\t\t\t\t\t<\/span>\n\t\t\t\t\t\t\t\t\t<span class=\"elementor-button-text\">Uppgift, \u00e5k 4\u20136<\/span>\n\t\t\t\t\t<\/span>\n\t\t\t\t\t<\/a>\n\t\t\t\t<\/div>\n\t\t\t\t\t\t\t\t<\/div>\n\t\t\t\t<\/div>\n\t\t\t\t<div class=\"elementor-element elementor-element-0798812 elementor-widget elementor-widget-image\" data-id=\"0798812\" data-element_type=\"widget\" data-e-type=\"widget\" data-widget_type=\"image.default\">\n\t\t\t\t<div class=\"elementor-widget-container\">\n\t\t\t\t\t\t\t\t\t\t\t\t\t\t\t<img fetchpriority=\"high\" decoding=\"async\" width=\"300\" height=\"300\" src=\"https:\/\/litteraturbanken.se\/skolan\/wp-content\/uploads\/2019\/02\/lb_skolan_2019_knapp_f\u00f6rfattarbild_bobergman_r\u00f6d-e1553014704207.jpg\" class=\"attachment-full size-full wp-image-12915\" alt=\"\" \/>\t\t\t\t\t\t\t\t\t\t\t\t\t\t\t<\/div>\n\t\t\t\t<\/div>\n\t\t\t\t\t<\/div>\n\t\t<\/div>\n\t\t\t\t\t<\/div>\n\t\t<\/section>\n\t\t\t\t<section class=\"elementor-section elementor-top-section elementor-element elementor-element-60f76d7 elementor-section-boxed elementor-section-height-default elementor-section-height-default\" data-id=\"60f76d7\" data-element_type=\"section\" data-e-type=\"section\">\n\t\t\t\t\t\t<div class=\"elementor-container elementor-column-gap-default\">\n\t\t\t\t\t<div class=\"elementor-column elementor-col-100 elementor-top-column elementor-element elementor-element-3b7363d\" data-id=\"3b7363d\" data-element_type=\"column\" data-e-type=\"column\">\n\t\t\t<div class=\"elementor-widget-wrap elementor-element-populated\">\n\t\t\t\t\t\t<div class=\"elementor-element elementor-element-cdd06d2 elementor-widget elementor-widget-spacer\" data-id=\"cdd06d2\" data-element_type=\"widget\" data-e-type=\"widget\" data-widget_type=\"spacer.default\">\n\t\t\t\t<div class=\"elementor-widget-container\">\n\t\t\t\t\t\t\t<div class=\"elementor-spacer\">\n\t\t\t<div class=\"elementor-spacer-inner\"><\/div>\n\t\t<\/div>\n\t\t\t\t\t\t<\/div>\n\t\t\t\t<\/div>\n\t\t\t\t\t<\/div>\n\t\t<\/div>\n\t\t\t\t\t<\/div>\n\t\t<\/section>\n\t\t\t\t<section class=\"elementor-section elementor-top-section elementor-element elementor-element-06c801f elementor-section-boxed elementor-section-height-default elementor-section-height-default\" data-id=\"06c801f\" data-element_type=\"section\" data-e-type=\"section\">\n\t\t\t\t\t\t<div class=\"elementor-container elementor-column-gap-default\">\n\t\t\t\t\t<div class=\"elementor-column elementor-col-100 elementor-top-column elementor-element elementor-element-9727794\" data-id=\"9727794\" data-element_type=\"column\" data-e-type=\"column\" data-settings=\"{&quot;background_background&quot;:&quot;classic&quot;}\">\n\t\t\t<div class=\"elementor-widget-wrap elementor-element-populated\">\n\t\t\t\t\t\t<section class=\"elementor-section elementor-inner-section elementor-element elementor-element-306fb74 elementor-section-boxed elementor-section-height-default elementor-section-height-default\" data-id=\"306fb74\" data-element_type=\"section\" data-e-type=\"section\">\n\t\t\t\t\t\t<div class=\"elementor-container elementor-column-gap-default\">\n\t\t\t\t\t<div class=\"elementor-column elementor-col-100 elementor-inner-column elementor-element elementor-element-f133b4a\" data-id=\"f133b4a\" data-element_type=\"column\" data-e-type=\"column\">\n\t\t\t<div class=\"elementor-widget-wrap elementor-element-populated\">\n\t\t\t\t\t\t<div class=\"elementor-element elementor-element-9295e4a elementor-widget elementor-widget-menu-anchor\" data-id=\"9295e4a\" data-element_type=\"widget\" data-e-type=\"widget\" data-widget_type=\"menu-anchor.default\">\n\t\t\t\t<div class=\"elementor-widget-container\">\n\t\t\t\t\t\t\t<div class=\"elementor-menu-anchor\" id=\"uppgiftF-3\"><\/div>\n\t\t\t\t\t\t<\/div>\n\t\t\t\t<\/div>\n\t\t\t\t<div class=\"elementor-element elementor-element-206dcc8 elementor-widget elementor-widget-menu-anchor\" data-id=\"206dcc8\" data-element_type=\"widget\" data-e-type=\"widget\" data-widget_type=\"menu-anchor.default\">\n\t\t\t\t<div class=\"elementor-widget-container\">\n\t\t\t\t\t\t\t<div class=\"elementor-menu-anchor\" id=\"uppgift4-6\"><\/div>\n\t\t\t\t\t\t<\/div>\n\t\t\t\t<\/div>\n\t\t\t\t<div class=\"elementor-element elementor-element-04dc376 elementor-view-framed elementor-shape-circle elementor-widget elementor-widget-icon\" data-id=\"04dc376\" data-element_type=\"widget\" data-e-type=\"widget\" data-widget_type=\"icon.default\">\n\t\t\t\t<div class=\"elementor-widget-container\">\n\t\t\t\t\t\t\t<div class=\"elementor-icon-wrapper\">\n\t\t\t<div class=\"elementor-icon\">\n\t\t\t\t\t\t\t<i class=\"fa fa-pencil\" aria-hidden=\"true\"><\/i>\n\t\t\t\t\t\t<\/div>\n\t\t<\/div>\n\t\t\t\t\t\t<\/div>\n\t\t\t\t<\/div>\n\t\t\t\t\t<\/div>\n\t\t<\/div>\n\t\t\t\t\t<\/div>\n\t\t<\/section>\n\t\t\t\t<div class=\"elementor-element elementor-element-697f689 elementor-widget elementor-widget-toggle\" data-id=\"697f689\" data-element_type=\"widget\" data-e-type=\"widget\" data-widget_type=\"toggle.default\">\n\t\t\t\t<div class=\"elementor-widget-container\">\n\t\t\t\t\t\t\t<div class=\"elementor-toggle\">\n\t\t\t\t\t\t\t<div class=\"elementor-toggle-item\">\n\t\t\t\t\t<div id=\"elementor-tab-title-1101\" class=\"elementor-tab-title\" data-tab=\"1\" role=\"button\" aria-controls=\"elementor-tab-content-1101\" aria-expanded=\"false\">\n\t\t\t\t\t\t\t\t\t\t\t\t<span class=\"elementor-toggle-icon elementor-toggle-icon-left\" aria-hidden=\"true\">\n\t\t\t\t\t\t\t\t\t\t\t\t\t\t\t<i class=\"elementor-toggle-icon-closed fa fa-chevron-right\"><\/i>\n\t\t\t\t\t\t\t\t<i class=\"elementor-toggle-icon-opened fa fa-chevron-down\"><\/i>\n\t\t\t\t\t\t\t\t\t\t\t\t\t<\/span>\n\t\t\t\t\t\t\t\t\t\t\t\t<a class=\"elementor-toggle-title\" tabindex=\"0\">\u00c5rskurs F\u20133<\/a>\n\t\t\t\t\t<\/div>\n\n\t\t\t\t\t<div id=\"elementor-tab-content-1101\" class=\"elementor-tab-content elementor-clearfix\" data-tab=\"1\" role=\"region\" aria-labelledby=\"elementor-tab-title-1101\"><h3>Samtala om dikten<\/h3><p>1 Vad \u00e4r det som dikten beskriver och handlar om?<\/p><p>2 Vem \u00e4r jaget i dikten?<\/p><p>3 Vad menas med raden \u201dJag \u00e4r inte l\u00e4ngre barnet\u201d?<\/p><\/div>\n\t\t\t\t<\/div>\n\t\t\t\t\t\t\t\t<\/div>\n\t\t\t\t\t\t<\/div>\n\t\t\t\t<\/div>\n\t\t\t\t<div class=\"elementor-element elementor-element-752b8c3 elementor-widget elementor-widget-toggle\" data-id=\"752b8c3\" data-element_type=\"widget\" data-e-type=\"widget\" data-widget_type=\"toggle.default\">\n\t\t\t\t<div class=\"elementor-widget-container\">\n\t\t\t\t\t\t\t<div class=\"elementor-toggle\">\n\t\t\t\t\t\t\t<div class=\"elementor-toggle-item\">\n\t\t\t\t\t<div id=\"elementor-tab-title-1221\" class=\"elementor-tab-title\" data-tab=\"1\" role=\"button\" aria-controls=\"elementor-tab-content-1221\" aria-expanded=\"false\">\n\t\t\t\t\t\t\t\t\t\t\t\t<span class=\"elementor-toggle-icon elementor-toggle-icon-left\" aria-hidden=\"true\">\n\t\t\t\t\t\t\t\t\t\t\t\t\t\t\t<i class=\"elementor-toggle-icon-closed fa fa-chevron-right\"><\/i>\n\t\t\t\t\t\t\t\t<i class=\"elementor-toggle-icon-opened fa fa-chevron-down\"><\/i>\n\t\t\t\t\t\t\t\t\t\t\t\t\t<\/span>\n\t\t\t\t\t\t\t\t\t\t\t\t<a class=\"elementor-toggle-title\" tabindex=\"0\">\u00c5rskurs 4\u20136<\/a>\n\t\t\t\t\t<\/div>\n\n\t\t\t\t\t<div id=\"elementor-tab-content-1221\" class=\"elementor-tab-content elementor-clearfix\" data-tab=\"1\" role=\"region\" aria-labelledby=\"elementor-tab-title-1221\"><h3>Samtala om dikten<\/h3><p>1 Vad \u00e4r det som dikten beskriver och handlar om?<\/p><p>2 Vem \u00e4r jaget i dikten?<\/p><p>3 Vad menas med raden \u201dJag \u00e4r inte l\u00e4ngre barnet\u201d?<\/p><\/div>\n\t\t\t\t<\/div>\n\t\t\t\t\t\t\t\t<\/div>\n\t\t\t\t\t\t<\/div>\n\t\t\t\t<\/div>\n\t\t\t\t<div class=\"elementor-element elementor-element-35a7d85 elementor-widget elementor-widget-spacer\" data-id=\"35a7d85\" data-element_type=\"widget\" data-e-type=\"widget\" data-widget_type=\"spacer.default\">\n\t\t\t\t<div class=\"elementor-widget-container\">\n\t\t\t\t\t\t\t<div class=\"elementor-spacer\">\n\t\t\t<div class=\"elementor-spacer-inner\"><\/div>\n\t\t<\/div>\n\t\t\t\t\t\t<\/div>\n\t\t\t\t<\/div>\n\t\t\t\t\t<\/div>\n\t\t<\/div>\n\t\t\t\t\t<\/div>\n\t\t<\/section>\n\t\t\t\t<section class=\"elementor-section elementor-top-section elementor-element elementor-element-624e5ca elementor-section-boxed elementor-section-height-default elementor-section-height-default\" data-id=\"624e5ca\" data-element_type=\"section\" data-e-type=\"section\">\n\t\t\t\t\t\t<div class=\"elementor-container elementor-column-gap-default\">\n\t\t\t\t\t<div class=\"elementor-column elementor-col-100 elementor-top-column elementor-element elementor-element-0454928\" data-id=\"0454928\" data-element_type=\"column\" data-e-type=\"column\">\n\t\t\t<div class=\"elementor-widget-wrap elementor-element-populated\">\n\t\t\t\t\t\t<div class=\"elementor-element elementor-element-47e7504 elementor-widget elementor-widget-spacer\" data-id=\"47e7504\" data-element_type=\"widget\" data-e-type=\"widget\" data-widget_type=\"spacer.default\">\n\t\t\t\t<div class=\"elementor-widget-container\">\n\t\t\t\t\t\t\t<div class=\"elementor-spacer\">\n\t\t\t<div class=\"elementor-spacer-inner\"><\/div>\n\t\t<\/div>\n\t\t\t\t\t\t<\/div>\n\t\t\t\t<\/div>\n\t\t\t\t\t<\/div>\n\t\t<\/div>\n\t\t\t\t\t<\/div>\n\t\t<\/section>\n\t\t\t\t<\/div>\n\t\t","protected":false},"excerpt":{"rendered":"<p>Ett flickebarn Av\u00a0Bo Bergman Ur:\u00a0V\u00e5rfrost\u00a0(2005)\u00a0 \u00a0\u00c5rskurs:\u00a0F\u20133,\u00a04\u20136 \u00a0 \u00a0Tema: Barn och unga, Meningen med livet \u00a0 \u00a0 Spela\u00a0nu,\u00a0s\u00e5\u00a0skall\u00a0jag\u00a0dansa.Luften\u00a0\u00e4r\u00a0ett\u00a0hav\u00a0som\u00a0b\u00e4r.Allt\u00a0\u00e4r\u00a0sagor,\u00a0kan\u00a0jag\u00a0sansamig\u00a0och\u00a0lydigt\u00a0g\u00e5\u00a0s\u00e5\u00a0h\u00e4r?Jag\u00a0vill\u00a0springa\u00a0r\u00e4tt\u00a0i\u00a0solen\u00f6ver\u00a0alla\u00a0tak\u00a0och\u00a0torn.Jag\u00a0vill\u00a0sopa\u00a0moln\u00a0med\u00a0kjolen.Jag\u00a0vill\u00a0st\u00e5\u00a0p\u00e5\u00a0m\u00e5nens\u00a0horn. Allt\u00a0\u00e4r\u00a0sagor,\u00a0n\u00e5gon\u00a0pratarsagor\u00a0i\u00a0mitt\u00a0\u00f6ra\u00a0j\u00e4mt.\u00c4r\u00a0det\u00a0sant\u00a0att\u00a0livet\u00a0gnatareller\u00a0bara\u00a0d\u00e5ligt\u00a0sk\u00e4mt?Skrattar\u00a0jag,\u00a0s\u00e5\u00a0vill\u00a0jag\u00a0gr\u00e5ta,gr\u00e5ter\u00a0jag,\u00a0\u00e4r\u00a0skrattet\u00a0d\u00e4r.Alltihop\u00a0\u00e4r\u00a0som\u00a0en\u00a0g\u00e5taoch\u00a0ett\u00a0garn\u00a0som\u00a0g\u00f6r\u00a0besv\u00e4r. L\u00f6s\u00a0mig\u00a0g\u00e5tan,\u00a0red\u00a0mig\u00a0garnet.K\u00e4ra,\u00a0jag\u00a0\u00e4r\u00a0kall\u00a0och\u00a0varm.Jag\u00a0\u00e4r\u00a0icke\u00a0l\u00e4ngre\u00a0barnet.Blomman\u00a0gungar\u00a0p\u00e5\u00a0min\u00a0barm.Tala\u00a0till\u00a0den,\u00a0annars\u00a0d\u00f6r\u00a0den.Blommorna\u00a0ha\u00a0sj\u00e4l\u00a0som\u00a0vi,och\u00a0de\u00a0viska\u00a0och\u00a0jag\u00a0h\u00f6r\u00a0densvala\u00a0andningen\u00a0d\u00e4ri. Stackars\u00a0stora\u00a0d\u00f6va\u00a0lyttam\u00e4nskor,\u00a0det\u00a0\u00e4r\u00a0synd\u00a0om\u00a0er.Det\u00a0\u00e4r\u00a0dumt\u00a0att\u00a0g\u00f6ra\u00a0nytta.Jag\u00a0g\u00f6r\u00a0ingenting\u00a0numer.\u00c4r\u00a0en\u00a0vind,\u00a0som\u00a0g\u00e5r\u00a0f\u00f6rbi\u00a0er,och\u00a0ett\u00a0flarn,\u00a0som\u00a0vinden\u00a0f\u00f6r,och\u00a0en\u00a0ton\u00a0i\u00a0melodier,dem\u00a0ert\u00a0\u00f6ra\u00a0aldrig\u00a0h\u00f6r. L\u00e4s dikten p\u00e5 Litteraturbanken Termer och begrepp Uppgift, \u00e5k F\u20133 Uppgift, \u00e5k 4\u20136 \u00c5rskurs F\u20133 Samtala om dikten 1 Vad \u00e4r det som dikten beskriver och handlar om? 2 Vem \u00e4r jaget i dikten? 3 [&hellip;]<\/p>\n","protected":false},"author":5,"featured_media":0,"parent":0,"menu_order":0,"comment_status":"closed","ping_status":"closed","template":"","meta":{"ocean_post_layout":"full-screen","ocean_both_sidebars_style":"","ocean_both_sidebars_content_width":0,"ocean_both_sidebars_sidebars_width":0,"ocean_sidebar":"0","ocean_second_sidebar":"0","ocean_disable_margins":"enable","ocean_add_body_class":"","ocean_shortcode_before_top_bar":"","ocean_shortcode_after_top_bar":"","ocean_shortcode_before_header":"","ocean_shortcode_after_header":"","ocean_has_shortcode":"","ocean_shortcode_after_title":"","ocean_shortcode_before_footer_widgets":"","ocean_shortcode_after_footer_widgets":"","ocean_shortcode_before_footer_bottom":"","ocean_shortcode_after_footer_bottom":"","ocean_display_top_bar":"default","ocean_display_header":"default","ocean_header_style":"","ocean_center_header_left_menu":"0","ocean_custom_header_template":"0","ocean_custom_logo":0,"ocean_custom_retina_logo":0,"ocean_custom_logo_max_width":0,"ocean_custom_logo_tablet_max_width":0,"ocean_custom_logo_mobile_max_width":0,"ocean_custom_logo_max_height":0,"ocean_custom_logo_tablet_max_height":0,"ocean_custom_logo_mobile_max_height":0,"ocean_header_custom_menu":"0","ocean_menu_typo_font_family":"0","ocean_menu_typo_font_subset":"","ocean_menu_typo_font_size":0,"ocean_menu_typo_font_size_tablet":0,"ocean_menu_typo_font_size_mobile":0,"ocean_menu_typo_font_size_unit":"px","ocean_menu_typo_font_weight":"","ocean_menu_typo_font_weight_tablet":"","ocean_menu_typo_font_weight_mobile":"","ocean_menu_typo_transform":"","ocean_menu_typo_transform_tablet":"","ocean_menu_typo_transform_mobile":"","ocean_menu_typo_line_height":0,"ocean_menu_typo_line_height_tablet":0,"ocean_menu_typo_line_height_mobile":0,"ocean_menu_typo_line_height_unit":"","ocean_menu_typo_spacing":0,"ocean_menu_typo_spacing_tablet":0,"ocean_menu_typo_spacing_mobile":0,"ocean_menu_typo_spacing_unit":"","ocean_menu_link_color":"","ocean_menu_link_color_hover":"","ocean_menu_link_color_active":"","ocean_menu_link_background":"","ocean_menu_link_hover_background":"","ocean_menu_link_active_background":"","ocean_menu_social_links_bg":"","ocean_menu_social_hover_links_bg":"","ocean_menu_social_links_color":"","ocean_menu_social_hover_links_color":"","ocean_disable_title":"on","ocean_disable_heading":"default","ocean_post_title":"","ocean_post_subheading":"","ocean_post_title_style":"","ocean_post_title_background_color":"","ocean_post_title_background":0,"ocean_post_title_bg_image_position":"","ocean_post_title_bg_image_attachment":"","ocean_post_title_bg_image_repeat":"","ocean_post_title_bg_image_size":"","ocean_post_title_height":0,"ocean_post_title_bg_overlay":0.5,"ocean_post_title_bg_overlay_color":"","ocean_disable_breadcrumbs":"default","ocean_breadcrumbs_color":"","ocean_breadcrumbs_separator_color":"","ocean_breadcrumbs_links_color":"","ocean_breadcrumbs_links_hover_color":"","ocean_display_footer_widgets":"default","ocean_display_footer_bottom":"default","ocean_custom_footer_template":"0","footnotes":""},"class_list":["post-11333","page","type-page","status-publish","hentry","entry"],"_links":{"self":[{"href":"https:\/\/litteraturbanken.se\/skolan\/wp-json\/wp\/v2\/pages\/11333","targetHints":{"allow":["GET"]}}],"collection":[{"href":"https:\/\/litteraturbanken.se\/skolan\/wp-json\/wp\/v2\/pages"}],"about":[{"href":"https:\/\/litteraturbanken.se\/skolan\/wp-json\/wp\/v2\/types\/page"}],"author":[{"embeddable":true,"href":"https:\/\/litteraturbanken.se\/skolan\/wp-json\/wp\/v2\/users\/5"}],"replies":[{"embeddable":true,"href":"https:\/\/litteraturbanken.se\/skolan\/wp-json\/wp\/v2\/comments?post=11333"}],"version-history":[{"count":21,"href":"https:\/\/litteraturbanken.se\/skolan\/wp-json\/wp\/v2\/pages\/11333\/revisions"}],"predecessor-version":[{"id":21437,"href":"https:\/\/litteraturbanken.se\/skolan\/wp-json\/wp\/v2\/pages\/11333\/revisions\/21437"}],"wp:attachment":[{"href":"https:\/\/litteraturbanken.se\/skolan\/wp-json\/wp\/v2\/media?parent=11333"}],"curies":[{"name":"wp","href":"https:\/\/api.w.org\/{rel}","templated":true}]}}