{"id":11352,"date":"2018-12-29T18:09:36","date_gmt":"2018-12-29T17:09:36","guid":{"rendered":"https:\/\/litteraturbanken.se\/skoladev\/?page_id=11352"},"modified":"2020-06-18T15:37:09","modified_gmt":"2020-06-18T13:37:09","slug":"poesi-forfattare-vilhelm-ekelund-jag-diktar-for-ingen","status":"publish","type":"page","link":"https:\/\/litteraturbanken.se\/skolan\/poesi-forfattare-vilhelm-ekelund-jag-diktar-for-ingen\/","title":{"rendered":"Poesi\/F\u00f6rfattare\/Vilhelm Ekelund\/Jag diktar f\u00f6r ingen"},"content":{"rendered":"\t\t<div data-elementor-type=\"wp-post\" data-elementor-id=\"11352\" class=\"elementor elementor-11352\">\n\t\t\t\t\t\t<section class=\"elementor-section elementor-top-section elementor-element elementor-element-e958a78 elementor-section-boxed elementor-section-height-default elementor-section-height-default\" data-id=\"e958a78\" data-element_type=\"section\" data-e-type=\"section\">\n\t\t\t\t\t\t<div class=\"elementor-container elementor-column-gap-default\">\n\t\t\t\t\t<div class=\"elementor-column elementor-col-100 elementor-top-column elementor-element elementor-element-d3c7586\" data-id=\"d3c7586\" data-element_type=\"column\" data-e-type=\"column\">\n\t\t\t<div class=\"elementor-widget-wrap elementor-element-populated\">\n\t\t\t\t\t\t<div class=\"elementor-element elementor-element-8db23f6 elementor-widget elementor-widget-spacer\" data-id=\"8db23f6\" data-element_type=\"widget\" data-e-type=\"widget\" data-widget_type=\"spacer.default\">\n\t\t\t\t<div class=\"elementor-widget-container\">\n\t\t\t\t\t\t\t<div class=\"elementor-spacer\">\n\t\t\t<div class=\"elementor-spacer-inner\"><\/div>\n\t\t<\/div>\n\t\t\t\t\t\t<\/div>\n\t\t\t\t<\/div>\n\t\t\t\t\t<\/div>\n\t\t<\/div>\n\t\t\t\t\t<\/div>\n\t\t<\/section>\n\t\t\t\t<section class=\"elementor-section elementor-inner-section elementor-element elementor-element-bf32299 elementor-section-boxed elementor-section-height-default elementor-section-height-default\" data-id=\"bf32299\" data-element_type=\"section\" data-e-type=\"section\">\n\t\t\t\t\t\t<div class=\"elementor-container elementor-column-gap-default\">\n\t\t\t\t\t<div class=\"elementor-column elementor-col-66 elementor-inner-column elementor-element elementor-element-31cc52c\" data-id=\"31cc52c\" data-element_type=\"column\" data-e-type=\"column\" data-settings=\"{&quot;background_background&quot;:&quot;classic&quot;}\">\n\t\t\t<div class=\"elementor-widget-wrap elementor-element-populated\">\n\t\t\t\t\t\t<div class=\"elementor-element elementor-element-7ea7470 elementor-widget elementor-widget-heading\" data-id=\"7ea7470\" data-element_type=\"widget\" data-e-type=\"widget\" data-widget_type=\"heading.default\">\n\t\t\t\t<div class=\"elementor-widget-container\">\n\t\t\t\t\t<h2 class=\"elementor-heading-title elementor-size-default\">Jag diktar f\u00f6r ingen<\/h2>\t\t\t\t<\/div>\n\t\t\t\t<\/div>\n\t\t\t\t<div class=\"elementor-element elementor-element-2dab5d3 elementor-widget elementor-widget-text-editor\" data-id=\"2dab5d3\" data-element_type=\"widget\" data-e-type=\"widget\" data-widget_type=\"text-editor.default\">\n\t\t\t\t<div class=\"elementor-widget-container\">\n\t\t\t\t\t\t\t\t\t<p>Av\u00a0<a href=\"https:\/\/litteraturbanken.se\/skolan\/?page_id=93\"><em>Vilhelm Ekelund<\/em><\/a><\/p>\t\t\t\t\t\t\t\t<\/div>\n\t\t\t\t<\/div>\n\t\t\t\t<div class=\"elementor-element elementor-element-defa9d1 elementor-widget elementor-widget-text-editor\" data-id=\"defa9d1\" data-element_type=\"widget\" data-e-type=\"widget\" data-widget_type=\"text-editor.default\">\n\t\t\t\t<div class=\"elementor-widget-container\">\n\t\t\t\t\t\t\t\t\t<p><strong>Ur:\u00a0<\/strong> <em>Samlade dikter II\u00a0<\/em>(2004)\u00a0<span style=\"font-size: 15px; letter-spacing: 0.6px;\">\u00a0<\/span><strong>\u00c5rskurs:\u00a0<\/strong>Gymnasium \u00a0 <strong>Tema:<\/strong> Olycklig k\u00e4rlek<\/p>\t\t\t\t\t\t\t\t<\/div>\n\t\t\t\t<\/div>\n\t\t\t\t<div class=\"elementor-element elementor-element-02f2cde elementor-widget elementor-widget-text-editor\" data-id=\"02f2cde\" data-element_type=\"widget\" data-e-type=\"widget\" data-widget_type=\"text-editor.default\">\n\t\t\t\t<div class=\"elementor-widget-container\">\n\t\t\t\t\t\t\t\t\t<div class=\"_head b center chaptername\"><div class=\"_l\"><div class=\"literallayout\"><div class=\"_lg\"><div class=\"_l\">Jag\u00a0diktar\u00a0f\u00f6r\u00a0ingen\u00a0\u2013<br \/>f\u00f6r\u00a0vinden\u00a0som\u00a0vandrar,<br \/>f\u00f6r\u00a0regnet\u00a0som\u00a0gr\u00e5ter,<br \/>min\u00a0s\u00e5ng\u00a0\u00e4r\u00a0som\u00a0bl\u00e5sten,<br \/>som\u00a0mumlar\u00a0och\u00a0g\u00e5r<br \/>i\u00a0h\u00f6stnattens\u00a0m\u00f6rker<br \/>och\u00a0talar\u00a0med\u00a0jorden<br \/>och\u00a0natten\u00a0och\u00a0regnet.<br \/><br \/>\u00c5r\u00a0av\u00a0saknad!\u00a0Vad\u00a0kan\u00a0livet\u00a0\u00e4nnu<br \/>i\u00a0sitt\u00a0sk\u00f6te\u00a0\u00e5t\u00a0mig\u00a0b\u00e4ra?<br \/>Huru\u00a0l\u00e4nge,\u00a0huru\u00a0l\u00e4nge\u00a0skall\u00a0mitt\u00a0hj\u00e4rta<br \/>dignande\u00a0sig\u00a0sj\u00e4lv\u00a0f\u00f6rt\u00e4ra?<br \/><br \/>O,\u00a0n\u00e4r\u00a0randas\u00a0dagen,\u00a0o,\u00a0n\u00e4r\u00a0v\u00e4ckes<br \/>jag\u00a0av\u00a0morgonf\u00e5gels\u00e5ngen,<br \/>n\u00e4r\u00a0skall\u00a0tr\u00f6stad\u00a0jag\u00a0p\u00e5\u00a0detta\u00a0blicka<br \/>som\u00a0en\u00a0ond\u00a0och\u00a0intig\u00a0dr\u00f6m\u00a0f\u00f6rg\u00e5ngen!<br \/>O\u00a0f\u00f6rsent!\u00a0F\u00f6r\u00a0mig\u00a0ej\u00a0blommar<br \/>dagen.\u00a0Natt,\u00a0de\u00a0tr\u00f6ga\u00a0stegen\u00a0hasta!<br \/>Blott\u00a0i\u00a0d\u00f6dens\u00a0sk\u00e4lvning\u00a0detta\u00a0hj\u00e4rta\u00a0skall\u00a0uppandas,<br \/>med\u00a0ett\u00a0gl\u00e4djeskri\u00a0befriat\u00a0sig\u00a0i\u00a0nattens\u00a0armar\u00a0kasta.<br \/><br \/>Intet\u00a0annat,\u00a0intet\u00a0i\u00a0v\u00e4rlden\u00a0kan\u00a0nu\u00a0v\u00e4rma\u00a0min\u00a0sj\u00e4l<br \/>\u00e4n\u00a0att\u00a0dikta\u00a0om\u00a0dig,<br \/>jag\u00a0vill\u00a0leta\u00a0ord\u00a0som\u00a0svalka\u00a0och\u00a0br\u00e4nna\u00a0likt\u00a0din\u00a0huds<br \/>smek,<br \/>ord\u00a0med\u00a0skimret\u00a0av\u00a0ditt\u00a0blods\u00a0lena\u00a0ljus<br \/>och\u00a0med\u00a0glansen\u00a0av\u00a0dina\u00a0\u00f6gons\u00a0h\u00e5rda\u00a0djupa\u00a0glans,<br \/>d\u00e4r\u00a0de\u00a0lysa\u00a0under\u00a0marmorvitheten\u00a0av\u00a0pannan,<br \/>jag\u00a0vill\u00a0gripa\u00a0dina\u00a0lemmars\u00a0g\u00e5ng\u00a0och\u00a0str\u00e4ckning,<br \/>r\u00f6relsens\u00a0l\u00e5ngsamma\u00a0lenhet<br \/>i\u00a0verser\u00a0av\u00a0f\u00f6rt\u00e4rande\u00a0v\u00e4llust.<\/div><\/div><\/div><\/div><\/div>\t\t\t\t\t\t\t\t<\/div>\n\t\t\t\t<\/div>\n\t\t\t\t\t<\/div>\n\t\t<\/div>\n\t\t\t\t<div class=\"elementor-column elementor-col-33 elementor-inner-column elementor-element elementor-element-87a8c2b\" data-id=\"87a8c2b\" data-element_type=\"column\" data-e-type=\"column\">\n\t\t\t<div class=\"elementor-widget-wrap elementor-element-populated\">\n\t\t\t\t\t\t<div class=\"elementor-element elementor-element-76fd762 elementor-widget elementor-widget-wp-widget-media_audio\" data-id=\"76fd762\" data-element_type=\"widget\" data-e-type=\"widget\" data-widget_type=\"wp-widget-media_audio.default\">\n\t\t\t\t<div class=\"elementor-widget-container\">\n\t\t\t\t\t<h5>Agneta Pleijel l\u00e4ser \u201dJag diktar f\u00f6r ingen\u201d av Vilhelm Ekelund.<\/h5><audio class=\"wp-audio-shortcode\" id=\"audio-11352-1\" preload=\"none\" style=\"width: 100%;\" controls=\"controls\"><source type=\"audio\/mpeg\" src=\"https:\/\/litteraturbanken.se\/red\/ljud\/pleijel\/ekelund_jagdiktarforingen_pleijel.mp3?_=1\" \/><source type=\"audio\/mpeg\" src=\"https:\/\/litteraturbanken.se\/red\/ljud\/pleijel\/ekelund_jagdiktarforingen_pleijel.mp3?_=1\" \/><a href=\"https:\/\/litteraturbanken.se\/red\/ljud\/pleijel\/ekelund_jagdiktarforingen_pleijel.mp3\">https:\/\/litteraturbanken.se\/red\/ljud\/pleijel\/ekelund_jagdiktarforingen_pleijel.mp3<\/a><\/audio>\t\t\t\t<\/div>\n\t\t\t\t<\/div>\n\t\t\t\t<div class=\"elementor-element elementor-element-a7fae6e elementor-icon-list--layout-traditional elementor-list-item-link-full_width elementor-widget elementor-widget-icon-list\" data-id=\"a7fae6e\" data-element_type=\"widget\" data-e-type=\"widget\" data-widget_type=\"icon-list.default\">\n\t\t\t\t<div class=\"elementor-widget-container\">\n\t\t\t\t\t\t\t<ul class=\"elementor-icon-list-items\">\n\t\t\t\t\t\t\t<li class=\"elementor-icon-list-item\">\n\t\t\t\t\t\t\t\t\t\t\t<a href=\"https:\/\/litteraturbanken.se\/forfattare\/EkelundV\/titlar\/SamladeDikter2\/sida\/59\/faksimil\" target=\"_blank\">\n\n\t\t\t\t\t\t\t\t\t\t\t\t<span class=\"elementor-icon-list-icon\">\n\t\t\t\t\t\t\t\t\t\t\t\t\t\t\t\t<i class=\"fa fa-file-text-o\" aria-hidden=\"true\"><\/i>\n\t\t\t\t\t\t\t\t\t\t\t\t\t<\/span>\n\t\t\t\t\t\t\t\t\t\t<span class=\"elementor-icon-list-text\">L\u00e4s dikten p\u00e5 Litteraturbanken<\/span>\n\t\t\t\t\t\t\t\t\t\t\t<\/a>\n\t\t\t\t\t\t\t\t\t<\/li>\n\t\t\t\t\t\t\t\t<li class=\"elementor-icon-list-item\">\n\t\t\t\t\t\t\t\t\t\t\t<a href=\"https:\/\/litteraturbanken.se\/skolan\/?page_id=261\" target=\"_blank\">\n\n\t\t\t\t\t\t\t\t\t\t\t\t<span class=\"elementor-icon-list-icon\">\n\t\t\t\t\t\t\t\t\t\t\t\t\t\t\t\t<i class=\"fa fa-file-text-o\" aria-hidden=\"true\"><\/i>\n\t\t\t\t\t\t\t\t\t\t\t\t\t<\/span>\n\t\t\t\t\t\t\t\t\t\t<span class=\"elementor-icon-list-text\">Termer och begrepp<\/span>\n\t\t\t\t\t\t\t\t\t\t\t<\/a>\n\t\t\t\t\t\t\t\t\t<\/li>\n\t\t\t\t\t\t<\/ul>\n\t\t\t\t\t\t<\/div>\n\t\t\t\t<\/div>\n\t\t\t\t<div class=\"elementor-element elementor-element-33baeb8 elementor-align-center elementor-widget elementor-widget-button\" data-id=\"33baeb8\" data-element_type=\"widget\" data-e-type=\"widget\" data-widget_type=\"button.default\">\n\t\t\t\t<div class=\"elementor-widget-container\">\n\t\t\t\t\t\t\t\t\t<div class=\"elementor-button-wrapper\">\n\t\t\t\t\t<a class=\"elementor-button elementor-button-link elementor-size-md elementor-animation-grow\" href=\"#uppgift\">\n\t\t\t\t\t\t<span class=\"elementor-button-content-wrapper\">\n\t\t\t\t\t\t<span class=\"elementor-button-icon\">\n\t\t\t\t\t\t\t\t\t<i class=\"fa fa-pencil\" aria-hidden=\"true\"><\/i>\n\t\t\t\t\t\t\t<\/span>\n\t\t\t\t\t\t\t\t\t<span class=\"elementor-button-text\">Uppgift, Gymnasium<\/span>\n\t\t\t\t\t<\/span>\n\t\t\t\t\t<\/a>\n\t\t\t\t<\/div>\n\t\t\t\t\t\t\t\t<\/div>\n\t\t\t\t<\/div>\n\t\t\t\t<div class=\"elementor-element elementor-element-f32b610 elementor-widget elementor-widget-image\" data-id=\"f32b610\" data-element_type=\"widget\" data-e-type=\"widget\" data-widget_type=\"image.default\">\n\t\t\t\t<div class=\"elementor-widget-container\">\n\t\t\t\t\t\t\t\t\t\t\t\t\t\t\t<img fetchpriority=\"high\" decoding=\"async\" width=\"300\" height=\"300\" src=\"https:\/\/litteraturbanken.se\/skolan\/wp-content\/uploads\/2019\/03\/lb_skolan_2019_knapp_f\u00f6rfattarbild_ekelund_r\u00f6d-e1553013764938.jpg\" class=\"attachment-full size-full wp-image-13714\" alt=\"\" \/>\t\t\t\t\t\t\t\t\t\t\t\t\t\t\t<\/div>\n\t\t\t\t<\/div>\n\t\t\t\t\t<\/div>\n\t\t<\/div>\n\t\t\t\t\t<\/div>\n\t\t<\/section>\n\t\t\t\t<section class=\"elementor-section elementor-top-section elementor-element elementor-element-16fd1d7 elementor-section-boxed elementor-section-height-default elementor-section-height-default\" data-id=\"16fd1d7\" data-element_type=\"section\" data-e-type=\"section\">\n\t\t\t\t\t\t<div class=\"elementor-container elementor-column-gap-default\">\n\t\t\t\t\t<div class=\"elementor-column elementor-col-100 elementor-top-column elementor-element elementor-element-8f2c9c5\" data-id=\"8f2c9c5\" data-element_type=\"column\" data-e-type=\"column\">\n\t\t\t<div class=\"elementor-widget-wrap elementor-element-populated\">\n\t\t\t\t\t\t<div class=\"elementor-element elementor-element-cf33f6a elementor-widget elementor-widget-spacer\" data-id=\"cf33f6a\" data-element_type=\"widget\" data-e-type=\"widget\" data-widget_type=\"spacer.default\">\n\t\t\t\t<div class=\"elementor-widget-container\">\n\t\t\t\t\t\t\t<div class=\"elementor-spacer\">\n\t\t\t<div class=\"elementor-spacer-inner\"><\/div>\n\t\t<\/div>\n\t\t\t\t\t\t<\/div>\n\t\t\t\t<\/div>\n\t\t\t\t\t<\/div>\n\t\t<\/div>\n\t\t\t\t\t<\/div>\n\t\t<\/section>\n\t\t\t\t<section class=\"elementor-section elementor-top-section elementor-element elementor-element-2017c3d elementor-section-boxed elementor-section-height-default elementor-section-height-default\" data-id=\"2017c3d\" data-element_type=\"section\" data-e-type=\"section\">\n\t\t\t\t\t\t<div class=\"elementor-container elementor-column-gap-default\">\n\t\t\t\t\t<div class=\"elementor-column elementor-col-100 elementor-top-column elementor-element elementor-element-2ba6c01\" data-id=\"2ba6c01\" data-element_type=\"column\" data-e-type=\"column\" data-settings=\"{&quot;background_background&quot;:&quot;classic&quot;}\">\n\t\t\t<div class=\"elementor-widget-wrap elementor-element-populated\">\n\t\t\t\t\t\t<section class=\"elementor-section elementor-inner-section elementor-element elementor-element-f85299e elementor-section-boxed elementor-section-height-default elementor-section-height-default\" data-id=\"f85299e\" data-element_type=\"section\" data-e-type=\"section\">\n\t\t\t\t\t\t<div class=\"elementor-container elementor-column-gap-default\">\n\t\t\t\t\t<div class=\"elementor-column elementor-col-100 elementor-inner-column elementor-element elementor-element-0006a9a\" data-id=\"0006a9a\" data-element_type=\"column\" data-e-type=\"column\">\n\t\t\t<div class=\"elementor-widget-wrap elementor-element-populated\">\n\t\t\t\t\t\t<div class=\"elementor-element elementor-element-270c45b elementor-widget elementor-widget-menu-anchor\" data-id=\"270c45b\" data-element_type=\"widget\" data-e-type=\"widget\" data-widget_type=\"menu-anchor.default\">\n\t\t\t\t<div class=\"elementor-widget-container\">\n\t\t\t\t\t\t\t<div class=\"elementor-menu-anchor\" id=\"uppgift\"><\/div>\n\t\t\t\t\t\t<\/div>\n\t\t\t\t<\/div>\n\t\t\t\t<div class=\"elementor-element elementor-element-2fa5c21 elementor-view-framed elementor-shape-circle elementor-widget elementor-widget-icon\" data-id=\"2fa5c21\" data-element_type=\"widget\" data-e-type=\"widget\" data-widget_type=\"icon.default\">\n\t\t\t\t<div class=\"elementor-widget-container\">\n\t\t\t\t\t\t\t<div class=\"elementor-icon-wrapper\">\n\t\t\t<div class=\"elementor-icon\">\n\t\t\t\t\t\t\t<i class=\"fa fa-pencil\" aria-hidden=\"true\"><\/i>\n\t\t\t\t\t\t<\/div>\n\t\t<\/div>\n\t\t\t\t\t\t<\/div>\n\t\t\t\t<\/div>\n\t\t\t\t<div class=\"elementor-element elementor-element-e10233d elementor-widget elementor-widget-toggle\" data-id=\"e10233d\" data-element_type=\"widget\" data-e-type=\"widget\" data-widget_type=\"toggle.default\">\n\t\t\t\t<div class=\"elementor-widget-container\">\n\t\t\t\t\t\t\t<div class=\"elementor-toggle\">\n\t\t\t\t\t\t\t<div class=\"elementor-toggle-item\">\n\t\t\t\t\t<div id=\"elementor-tab-title-2351\" class=\"elementor-tab-title\" data-tab=\"1\" role=\"button\" aria-controls=\"elementor-tab-content-2351\" aria-expanded=\"false\">\n\t\t\t\t\t\t\t\t\t\t\t\t<span class=\"elementor-toggle-icon elementor-toggle-icon-left\" aria-hidden=\"true\">\n\t\t\t\t\t\t\t\t\t\t\t\t\t\t\t<i class=\"elementor-toggle-icon-closed fa fa-chevron-right\"><\/i>\n\t\t\t\t\t\t\t\t<i class=\"elementor-toggle-icon-opened fa fa-chevron-down\"><\/i>\n\t\t\t\t\t\t\t\t\t\t\t\t\t<\/span>\n\t\t\t\t\t\t\t\t\t\t\t\t<a class=\"elementor-toggle-title\" tabindex=\"0\">Gymnasium<\/a>\n\t\t\t\t\t<\/div>\n\n\t\t\t\t\t<div id=\"elementor-tab-content-2351\" class=\"elementor-tab-content elementor-clearfix\" data-tab=\"1\" role=\"region\" aria-labelledby=\"elementor-tab-title-2351\"><p>1. Vad \u00e4r det f\u00f6r rytm, ljud och klanger i dikten?<\/p><p>2. \u00c4r dikten skriven p\u00e5 fri vers eller i bunden form?<\/p><p>3. Finns det rim? Hur \u00e4r rimmen grupperade i s\u00e5 fall?<\/p><\/div>\n\t\t\t\t<\/div>\n\t\t\t\t\t\t\t\t<\/div>\n\t\t\t\t\t\t<\/div>\n\t\t\t\t<\/div>\n\t\t\t\t\t<\/div>\n\t\t<\/div>\n\t\t\t\t\t<\/div>\n\t\t<\/section>\n\t\t\t\t<div class=\"elementor-element elementor-element-4498f71 elementor-widget elementor-widget-spacer\" data-id=\"4498f71\" data-element_type=\"widget\" data-e-type=\"widget\" data-widget_type=\"spacer.default\">\n\t\t\t\t<div class=\"elementor-widget-container\">\n\t\t\t\t\t\t\t<div class=\"elementor-spacer\">\n\t\t\t<div class=\"elementor-spacer-inner\"><\/div>\n\t\t<\/div>\n\t\t\t\t\t\t<\/div>\n\t\t\t\t<\/div>\n\t\t\t\t\t<\/div>\n\t\t<\/div>\n\t\t\t\t\t<\/div>\n\t\t<\/section>\n\t\t\t\t<section class=\"elementor-section elementor-top-section elementor-element elementor-element-9951494 elementor-section-boxed elementor-section-height-default elementor-section-height-default\" data-id=\"9951494\" data-element_type=\"section\" data-e-type=\"section\">\n\t\t\t\t\t\t<div class=\"elementor-container elementor-column-gap-default\">\n\t\t\t\t\t<div class=\"elementor-column elementor-col-100 elementor-top-column elementor-element elementor-element-7edb9fb\" data-id=\"7edb9fb\" data-element_type=\"column\" data-e-type=\"column\">\n\t\t\t<div class=\"elementor-widget-wrap elementor-element-populated\">\n\t\t\t\t\t\t<div class=\"elementor-element elementor-element-35a7bda elementor-widget elementor-widget-spacer\" data-id=\"35a7bda\" data-element_type=\"widget\" data-e-type=\"widget\" data-widget_type=\"spacer.default\">\n\t\t\t\t<div class=\"elementor-widget-container\">\n\t\t\t\t\t\t\t<div class=\"elementor-spacer\">\n\t\t\t<div class=\"elementor-spacer-inner\"><\/div>\n\t\t<\/div>\n\t\t\t\t\t\t<\/div>\n\t\t\t\t<\/div>\n\t\t\t\t\t<\/div>\n\t\t<\/div>\n\t\t\t\t\t<\/div>\n\t\t<\/section>\n\t\t\t\t<\/div>\n\t\t","protected":false},"excerpt":{"rendered":"<p>Jag diktar f\u00f6r ingen Av\u00a0Vilhelm Ekelund Ur:\u00a0 Samlade dikter II\u00a0(2004)\u00a0\u00a0\u00c5rskurs:\u00a0Gymnasium \u00a0 Tema: Olycklig k\u00e4rlek Jag\u00a0diktar\u00a0f\u00f6r\u00a0ingen\u00a0\u2013f\u00f6r\u00a0vinden\u00a0som\u00a0vandrar,f\u00f6r\u00a0regnet\u00a0som\u00a0gr\u00e5ter,min\u00a0s\u00e5ng\u00a0\u00e4r\u00a0som\u00a0bl\u00e5sten,som\u00a0mumlar\u00a0och\u00a0g\u00e5ri\u00a0h\u00f6stnattens\u00a0m\u00f6rkeroch\u00a0talar\u00a0med\u00a0jordenoch\u00a0natten\u00a0och\u00a0regnet. \u00c5r\u00a0av\u00a0saknad!\u00a0Vad\u00a0kan\u00a0livet\u00a0\u00e4nnui\u00a0sitt\u00a0sk\u00f6te\u00a0\u00e5t\u00a0mig\u00a0b\u00e4ra?Huru\u00a0l\u00e4nge,\u00a0huru\u00a0l\u00e4nge\u00a0skall\u00a0mitt\u00a0hj\u00e4rtadignande\u00a0sig\u00a0sj\u00e4lv\u00a0f\u00f6rt\u00e4ra? O,\u00a0n\u00e4r\u00a0randas\u00a0dagen,\u00a0o,\u00a0n\u00e4r\u00a0v\u00e4ckesjag\u00a0av\u00a0morgonf\u00e5gels\u00e5ngen,n\u00e4r\u00a0skall\u00a0tr\u00f6stad\u00a0jag\u00a0p\u00e5\u00a0detta\u00a0blickasom\u00a0en\u00a0ond\u00a0och\u00a0intig\u00a0dr\u00f6m\u00a0f\u00f6rg\u00e5ngen!O\u00a0f\u00f6rsent!\u00a0F\u00f6r\u00a0mig\u00a0ej\u00a0blommardagen.\u00a0Natt,\u00a0de\u00a0tr\u00f6ga\u00a0stegen\u00a0hasta!Blott\u00a0i\u00a0d\u00f6dens\u00a0sk\u00e4lvning\u00a0detta\u00a0hj\u00e4rta\u00a0skall\u00a0uppandas,med\u00a0ett\u00a0gl\u00e4djeskri\u00a0befriat\u00a0sig\u00a0i\u00a0nattens\u00a0armar\u00a0kasta. Intet\u00a0annat,\u00a0intet\u00a0i\u00a0v\u00e4rlden\u00a0kan\u00a0nu\u00a0v\u00e4rma\u00a0min\u00a0sj\u00e4l\u00e4n\u00a0att\u00a0dikta\u00a0om\u00a0dig,jag\u00a0vill\u00a0leta\u00a0ord\u00a0som\u00a0svalka\u00a0och\u00a0br\u00e4nna\u00a0likt\u00a0din\u00a0hudssmek,ord\u00a0med\u00a0skimret\u00a0av\u00a0ditt\u00a0blods\u00a0lena\u00a0ljusoch\u00a0med\u00a0glansen\u00a0av\u00a0dina\u00a0\u00f6gons\u00a0h\u00e5rda\u00a0djupa\u00a0glans,d\u00e4r\u00a0de\u00a0lysa\u00a0under\u00a0marmorvitheten\u00a0av\u00a0pannan,jag\u00a0vill\u00a0gripa\u00a0dina\u00a0lemmars\u00a0g\u00e5ng\u00a0och\u00a0str\u00e4ckning,r\u00f6relsens\u00a0l\u00e5ngsamma\u00a0lenheti\u00a0verser\u00a0av\u00a0f\u00f6rt\u00e4rande\u00a0v\u00e4llust. L\u00e4s dikten p\u00e5 Litteraturbanken Termer och begrepp Uppgift, Gymnasium Gymnasium 1. Vad \u00e4r det f\u00f6r rytm, ljud och klanger i dikten? 2. \u00c4r dikten skriven p\u00e5 fri vers eller i bunden form? 3. Finns det rim? Hur [&hellip;]<\/p>\n","protected":false},"author":5,"featured_media":0,"parent":0,"menu_order":0,"comment_status":"closed","ping_status":"closed","template":"","meta":{"ocean_post_layout":"full-screen","ocean_both_sidebars_style":"","ocean_both_sidebars_content_width":0,"ocean_both_sidebars_sidebars_width":0,"ocean_sidebar":"0","ocean_second_sidebar":"0","ocean_disable_margins":"enable","ocean_add_body_class":"","ocean_shortcode_before_top_bar":"","ocean_shortcode_after_top_bar":"","ocean_shortcode_before_header":"","ocean_shortcode_after_header":"","ocean_has_shortcode":"","ocean_shortcode_after_title":"","ocean_shortcode_before_footer_widgets":"","ocean_shortcode_after_footer_widgets":"","ocean_shortcode_before_footer_bottom":"","ocean_shortcode_after_footer_bottom":"","ocean_display_top_bar":"default","ocean_display_header":"default","ocean_header_style":"","ocean_center_header_left_menu":"0","ocean_custom_header_template":"0","ocean_custom_logo":0,"ocean_custom_retina_logo":0,"ocean_custom_logo_max_width":0,"ocean_custom_logo_tablet_max_width":0,"ocean_custom_logo_mobile_max_width":0,"ocean_custom_logo_max_height":0,"ocean_custom_logo_tablet_max_height":0,"ocean_custom_logo_mobile_max_height":0,"ocean_header_custom_menu":"0","ocean_menu_typo_font_family":"0","ocean_menu_typo_font_subset":"","ocean_menu_typo_font_size":0,"ocean_menu_typo_font_size_tablet":0,"ocean_menu_typo_font_size_mobile":0,"ocean_menu_typo_font_size_unit":"px","ocean_menu_typo_font_weight":"","ocean_menu_typo_font_weight_tablet":"","ocean_menu_typo_font_weight_mobile":"","ocean_menu_typo_transform":"","ocean_menu_typo_transform_tablet":"","ocean_menu_typo_transform_mobile":"","ocean_menu_typo_line_height":0,"ocean_menu_typo_line_height_tablet":0,"ocean_menu_typo_line_height_mobile":0,"ocean_menu_typo_line_height_unit":"","ocean_menu_typo_spacing":0,"ocean_menu_typo_spacing_tablet":0,"ocean_menu_typo_spacing_mobile":0,"ocean_menu_typo_spacing_unit":"","ocean_menu_link_color":"","ocean_menu_link_color_hover":"","ocean_menu_link_color_active":"","ocean_menu_link_background":"","ocean_menu_link_hover_background":"","ocean_menu_link_active_background":"","ocean_menu_social_links_bg":"","ocean_menu_social_hover_links_bg":"","ocean_menu_social_links_color":"","ocean_menu_social_hover_links_color":"","ocean_disable_title":"on","ocean_disable_heading":"default","ocean_post_title":"","ocean_post_subheading":"","ocean_post_title_style":"","ocean_post_title_background_color":"","ocean_post_title_background":0,"ocean_post_title_bg_image_position":"","ocean_post_title_bg_image_attachment":"","ocean_post_title_bg_image_repeat":"","ocean_post_title_bg_image_size":"","ocean_post_title_height":0,"ocean_post_title_bg_overlay":0.5,"ocean_post_title_bg_overlay_color":"","ocean_disable_breadcrumbs":"default","ocean_breadcrumbs_color":"","ocean_breadcrumbs_separator_color":"","ocean_breadcrumbs_links_color":"","ocean_breadcrumbs_links_hover_color":"","ocean_display_footer_widgets":"default","ocean_display_footer_bottom":"default","ocean_custom_footer_template":"0","footnotes":""},"class_list":["post-11352","page","type-page","status-publish","hentry","entry"],"_links":{"self":[{"href":"https:\/\/litteraturbanken.se\/skolan\/wp-json\/wp\/v2\/pages\/11352","targetHints":{"allow":["GET"]}}],"collection":[{"href":"https:\/\/litteraturbanken.se\/skolan\/wp-json\/wp\/v2\/pages"}],"about":[{"href":"https:\/\/litteraturbanken.se\/skolan\/wp-json\/wp\/v2\/types\/page"}],"author":[{"embeddable":true,"href":"https:\/\/litteraturbanken.se\/skolan\/wp-json\/wp\/v2\/users\/5"}],"replies":[{"embeddable":true,"href":"https:\/\/litteraturbanken.se\/skolan\/wp-json\/wp\/v2\/comments?post=11352"}],"version-history":[{"count":19,"href":"https:\/\/litteraturbanken.se\/skolan\/wp-json\/wp\/v2\/pages\/11352\/revisions"}],"predecessor-version":[{"id":21454,"href":"https:\/\/litteraturbanken.se\/skolan\/wp-json\/wp\/v2\/pages\/11352\/revisions\/21454"}],"wp:attachment":[{"href":"https:\/\/litteraturbanken.se\/skolan\/wp-json\/wp\/v2\/media?parent=11352"}],"curies":[{"name":"wp","href":"https:\/\/api.w.org\/{rel}","templated":true}]}}