{"id":21188,"date":"2020-05-27T11:19:12","date_gmt":"2020-05-27T09:19:12","guid":{"rendered":"https:\/\/litteraturbanken.se\/skolan\/?page_id=21188"},"modified":"2020-06-02T10:30:11","modified_gmt":"2020-06-02T08:30:11","slug":"prosa-forfattare-hjalmar-soderberg","status":"publish","type":"page","link":"https:\/\/litteraturbanken.se\/skolan\/prosa-forfattare-hjalmar-soderberg\/","title":{"rendered":"Prosa\/F\u00f6rfattare\/Hjalmar S\u00f6derberg"},"content":{"rendered":"\t\t<div data-elementor-type=\"wp-page\" data-elementor-id=\"21188\" class=\"elementor elementor-21188\">\n\t\t\t\t\t\t<section class=\"elementor-section elementor-top-section elementor-element elementor-element-f762aa0 elementor-section-boxed elementor-section-height-default elementor-section-height-default\" data-id=\"f762aa0\" data-element_type=\"section\" data-e-type=\"section\" data-settings=\"{&quot;background_background&quot;:&quot;classic&quot;}\">\n\t\t\t\t\t\t<div class=\"elementor-container elementor-column-gap-default\">\n\t\t\t\t\t<div class=\"elementor-column elementor-col-25 elementor-top-column elementor-element elementor-element-70dc0b6\" data-id=\"70dc0b6\" data-element_type=\"column\" data-e-type=\"column\" data-settings=\"{&quot;background_background&quot;:&quot;classic&quot;}\">\n\t\t\t<div class=\"elementor-widget-wrap\">\n\t\t\t\t\t\t\t<\/div>\n\t\t<\/div>\n\t\t\t\t<div class=\"elementor-column elementor-col-25 elementor-top-column elementor-element elementor-element-7688870\" data-id=\"7688870\" data-element_type=\"column\" data-e-type=\"column\" data-settings=\"{&quot;background_background&quot;:&quot;classic&quot;}\">\n\t\t\t<div class=\"elementor-widget-wrap elementor-element-populated\">\n\t\t\t\t\t\t<div class=\"elementor-element elementor-element-642dccf elementor-widget elementor-widget-spacer\" data-id=\"642dccf\" data-element_type=\"widget\" data-e-type=\"widget\" data-widget_type=\"spacer.default\">\n\t\t\t\t<div class=\"elementor-widget-container\">\n\t\t\t\t\t\t\t<div class=\"elementor-spacer\">\n\t\t\t<div class=\"elementor-spacer-inner\"><\/div>\n\t\t<\/div>\n\t\t\t\t\t\t<\/div>\n\t\t\t\t<\/div>\n\t\t\t\t<div class=\"elementor-element elementor-element-6d6f926 elementor-widget elementor-widget-text-editor\" data-id=\"6d6f926\" data-element_type=\"widget\" data-e-type=\"widget\" data-widget_type=\"text-editor.default\">\n\t\t\t\t<div class=\"elementor-widget-container\">\n\t\t\t\t\t\t\t\t\t<h1 class=\"elementor-heading-title elementor-size-default\">Hjalmar S\u00f6derberg<\/h1>\t\t\t\t\t\t\t\t<\/div>\n\t\t\t\t<\/div>\n\t\t\t\t<div class=\"elementor-element elementor-element-8062c0f elementor-widget elementor-widget-text-editor\" data-id=\"8062c0f\" data-element_type=\"widget\" data-e-type=\"widget\" data-widget_type=\"text-editor.default\">\n\t\t\t\t<div class=\"elementor-widget-container\">\n\t\t\t\t\t\t\t\t\t<div class=\"ng-binding\"><p>HJALMAR S\u00d6DERBERG (1869\u20131941) debuterar med romanen <a href=\"\/forfattare\/SoderbergH\/titlar\/Forvillelser\/sida\/3\/etext\"><i>F\u00f6rvillelser<\/i><\/a> (1895) och \u00e4r fr\u00e5n f\u00f6rsta stund i s\u00e4ker besittning av sina stilmedel och sina \u00e4mnen. Huvudpersonen \u2013 den vankelmodige och vilsne Tomas Weber \u2013 \u00e4r en karakteristisk s\u00f6derberggestalt; os\u00e4ker p\u00e5 sin livsv\u00e4g och kuvad av samh\u00e4llets konventioner st\u00e5r han p\u00e5 avgrundens rand. Som s\u00e5 ofta hos S\u00f6derberg \u00e4r k\u00e4rlek och karri\u00e4r de v\u00e4gar som, med etablissemangets godk\u00e4nnande, kan leda till lycka och framg\u00e5ng, men de \u00e4r samtidigt kringskurna av krav som \u00e4r tillr\u00e4ckligt str\u00e4nga och obevekliga f\u00f6r att bryta \u00e4ven den starkaste vilja.<\/p><p>S\u00e5 \u00e4r fallet \u00e4ven i romanen <a href=\"\/forfattare\/SoderbergH\/titlar\/MartinBircks\/sida\/III\/etext\"><i>Martin Bircks ungdom<\/i><\/a> (1901), som kom att bli S\u00f6derbergs stora genombrott, och i romanen <a href=\"\/forfattare\/SoderbergH\/titlar\/DenAllvarsamma\/sida\/3\/etext\"><i>Den allvarsamma leken<\/i><\/a> (1912), d\u00e4r \u00f6desbest\u00e4mdheten vilar tung \u00f6ver huvudpersonen Arvid Stj\u00e4rnblom och hans om\u00f6jliga k\u00e4rlek.<\/p><p>Of\u00f6rm\u00e5ga eller ovilja att inpassa sig i f\u00e4rdiga m\u00f6nster var ett \u00e5terkommande tema hos S\u00f6derberg, vars medk\u00e4nsla fanns hos den som valde en egen v\u00e4g; dock ledde denna v\u00e4g i hans f\u00f6rfattarskap ofta till bedr\u00f6velse och sj\u00e4lsn\u00f6d \u2013 ett slags pessimism och uppgivenhet kom att f\u00e4rga m\u00e5nga av de livs\u00f6den han skildrar.<\/p><p>S\u00f6derberg var ocks\u00e5 en flitig kritiker och skribent i tidningar och tidskrifter, och gav ut ett antal samlingar med sina kortare texter, fr\u00e4mst bland vilka torde vara <a href=\"\/forfattare\/SoderbergH\/titlar\/Historietter\/sida\/III\/etext\"><i>Historietter<\/i><\/a> (1898), d\u00e4r hans impressionistiska stil och s\u00e4kra \u00f6ga f\u00f6r skickelsedigra situationer tydligt kommer till sin r\u00e4tt. Han var \u00e4ven verksam som dramatiker; bland hans pj\u00e4ser \u00e4r <a href=\"\/forfattare\/SoderbergH\/titlar\/Gertrud\/sida\/3\/etext\"><i>Gertrud <\/i><\/a>(1906), om en kvinnas ob\u00f6jliga tro p\u00e5 fullst\u00e4ndig k\u00e4rlek, den som blivit mest spelad och uppskattad.<\/p><p>Under senare delen av sitt liv \u00e4gnade sig S\u00f6derberg huvudsakligen \u00e5t religionsforskning, d\u00e4r han framf\u00f6r allt ifr\u00e5gasatte Bibelns skildring av Jesu liv och lidande i b\u00f6cker som <a href=\"\/forfattare\/SoderbergH\/titlar\/JesusBarabbas\/sida\/3\/etext\"><i>Jesus Barabbas <\/i><\/a>(1928) och <a href=\"\/forfattare\/SoderbergH\/titlar\/DenForvandladeMess\/sida\/3\/etext\"><i>Den f\u00f6rvandlade Messias<\/i><\/a> (1932). Han var d\u00e4rtill en flitig brevskrivare och m\u00e5nga av hans brev \u2013 d\u00e4ribland den mer \u00e4n femtio \u00e5r l\u00e5nga brevv\u00e4xlingen med n\u00e4rmaste v\u00e4nnen <a href=\"\/forfattare\/BergmanB\">Bo Bergman<\/a> \u2013 finns utgivna.<\/p><p style=\"text-align: right;\"><em>Lotta Lotass<\/em><\/p><\/div><p>\u00a0<\/p><p>\u00a0<\/p>\t\t\t\t\t\t\t\t<\/div>\n\t\t\t\t<\/div>\n\t\t\t\t\t<\/div>\n\t\t<\/div>\n\t\t\t\t<div class=\"elementor-column elementor-col-25 elementor-top-column elementor-element elementor-element-fe2609b\" data-id=\"fe2609b\" data-element_type=\"column\" data-e-type=\"column\">\n\t\t\t<div class=\"elementor-widget-wrap elementor-element-populated\">\n\t\t\t\t\t\t<div class=\"elementor-element elementor-element-008677d elementor-widget elementor-widget-spacer\" data-id=\"008677d\" data-element_type=\"widget\" data-e-type=\"widget\" data-widget_type=\"spacer.default\">\n\t\t\t\t<div class=\"elementor-widget-container\">\n\t\t\t\t\t\t\t<div class=\"elementor-spacer\">\n\t\t\t<div class=\"elementor-spacer-inner\"><\/div>\n\t\t<\/div>\n\t\t\t\t\t\t<\/div>\n\t\t\t\t<\/div>\n\t\t\t\t<div class=\"elementor-element elementor-element-2a071f7 elementor-widget elementor-widget-image\" data-id=\"2a071f7\" data-element_type=\"widget\" data-e-type=\"widget\" data-widget_type=\"image.default\">\n\t\t\t\t<div class=\"elementor-widget-container\">\n\t\t\t\t\t\t\t\t\t\t\t\t\t\t\t<img fetchpriority=\"high\" decoding=\"async\" width=\"1280\" height=\"1836\" src=\"https:\/\/litteraturbanken.se\/skolan\/wp-content\/uploads\/2020\/05\/Hjalmar_S\u00f6derberg-1.jpg\" class=\"attachment-full size-full wp-image-21192\" alt=\"\" srcset=\"https:\/\/litteraturbanken.se\/skolan\/wp-content\/uploads\/2020\/05\/Hjalmar_S\u00f6derberg-1.jpg 1280w, https:\/\/litteraturbanken.se\/skolan\/wp-content\/uploads\/2020\/05\/Hjalmar_S\u00f6derberg-1-209x300.jpg 209w, https:\/\/litteraturbanken.se\/skolan\/wp-content\/uploads\/2020\/05\/Hjalmar_S\u00f6derberg-1-714x1024.jpg 714w, https:\/\/litteraturbanken.se\/skolan\/wp-content\/uploads\/2020\/05\/Hjalmar_S\u00f6derberg-1-768x1102.jpg 768w, https:\/\/litteraturbanken.se\/skolan\/wp-content\/uploads\/2020\/05\/Hjalmar_S\u00f6derberg-1-1071x1536.jpg 1071w\" sizes=\"(max-width: 1280px) 100vw, 1280px\" \/>\t\t\t\t\t\t\t\t\t\t\t\t\t\t\t<\/div>\n\t\t\t\t<\/div>\n\t\t\t\t<div class=\"elementor-element elementor-element-1c6ff79 elementor-widget elementor-widget-spacer\" data-id=\"1c6ff79\" data-element_type=\"widget\" data-e-type=\"widget\" data-widget_type=\"spacer.default\">\n\t\t\t\t<div class=\"elementor-widget-container\">\n\t\t\t\t\t\t\t<div class=\"elementor-spacer\">\n\t\t\t<div class=\"elementor-spacer-inner\"><\/div>\n\t\t<\/div>\n\t\t\t\t\t\t<\/div>\n\t\t\t\t<\/div>\n\t\t\t\t<section class=\"elementor-section elementor-inner-section elementor-element elementor-element-2ec0a4e elementor-section-boxed elementor-section-height-default elementor-section-height-default\" data-id=\"2ec0a4e\" data-element_type=\"section\" data-e-type=\"section\">\n\t\t\t\t\t\t<div class=\"elementor-container elementor-column-gap-default\">\n\t\t\t\t\t<div class=\"elementor-column elementor-col-100 elementor-inner-column elementor-element elementor-element-30456ae\" data-id=\"30456ae\" data-element_type=\"column\" data-e-type=\"column\">\n\t\t\t<div class=\"elementor-widget-wrap elementor-element-populated\">\n\t\t\t\t\t\t<div class=\"elementor-element elementor-element-784675d elementor-widget elementor-widget-text-editor\" data-id=\"784675d\" data-element_type=\"widget\" data-e-type=\"widget\" data-widget_type=\"text-editor.default\">\n\t\t\t\t<div class=\"elementor-widget-container\">\n\t\t\t\t\t\t\t\t\t<p><span style=\"color: #ff6600;\"><strong>H\u00f6r Hjalmar S\u00f6derberg l\u00e4sa:<\/strong><\/span><\/p>\t\t\t\t\t\t\t\t<\/div>\n\t\t\t\t<\/div>\n\t\t\t\t<div class=\"elementor-element elementor-element-d3c0cd4 elementor-widget elementor-widget-wp-widget-media_audio\" data-id=\"d3c0cd4\" data-element_type=\"widget\" data-e-type=\"widget\" data-widget_type=\"wp-widget-media_audio.default\">\n\t\t\t\t<div class=\"elementor-widget-container\">\n\t\t\t\t\t<h5>Hjalmar S\u00f6derberg l\u00e4ser &#8221;En Stockholmskr\u00f6nika vid sekelskiftet&#8221;, inspelad 1934<\/h5><audio class=\"wp-audio-shortcode\" id=\"audio-21188-1\" preload=\"none\" style=\"width: 100%;\" controls=\"controls\"><source type=\"audio\/mpeg\" src=\"https:\/\/litteraturbanken.se\/skolan\/wp-content\/uploads\/2020\/05\/soderberg_enstockholmskronika_soderberg.mp3?_=1\" \/><source type=\"audio\/mpeg\" src=\"https:\/\/litteraturbanken.se\/skolan\/wp-content\/uploads\/2020\/05\/soderberg_enstockholmskronika_soderberg.mp3?_=1\" \/><a href=\"https:\/\/litteraturbanken.se\/skolan\/wp-content\/uploads\/2020\/05\/soderberg_enstockholmskronika_soderberg.mp3\">https:\/\/litteraturbanken.se\/skolan\/wp-content\/uploads\/2020\/05\/soderberg_enstockholmskronika_soderberg.mp3<\/a><\/audio>\t\t\t\t<\/div>\n\t\t\t\t<\/div>\n\t\t\t\t<div class=\"elementor-element elementor-element-a35bfbd elementor-widget elementor-widget-wp-widget-media_audio\" data-id=\"a35bfbd\" data-element_type=\"widget\" data-e-type=\"widget\" data-widget_type=\"wp-widget-media_audio.default\">\n\t\t\t\t<div class=\"elementor-widget-container\">\n\t\t\t\t\t<h5>Hjalmar S\u00f6derberg l\u00e4ser &#8221;Mina minnen av Oscar Levertin&#8221;, inspelad 1936<\/h5><audio class=\"wp-audio-shortcode\" id=\"audio-21188-2\" preload=\"none\" style=\"width: 100%;\" controls=\"controls\"><source type=\"audio\/mpeg\" src=\"https:\/\/litteraturbanken.se\/skolan\/wp-content\/uploads\/2020\/05\/soderberg_minaminnenavoscarlevertin_soderberg.mp3?_=2\" \/><source type=\"audio\/mpeg\" src=\"https:\/\/litteraturbanken.se\/skolan\/wp-content\/uploads\/2020\/05\/soderberg_minaminnenavoscarlevertin_soderberg.mp3?_=2\" \/><a href=\"https:\/\/litteraturbanken.se\/skolan\/wp-content\/uploads\/2020\/05\/soderberg_minaminnenavoscarlevertin_soderberg.mp3\">https:\/\/litteraturbanken.se\/skolan\/wp-content\/uploads\/2020\/05\/soderberg_minaminnenavoscarlevertin_soderberg.mp3<\/a><\/audio>\t\t\t\t<\/div>\n\t\t\t\t<\/div>\n\t\t\t\t<div class=\"elementor-element elementor-element-97b15d2 elementor-widget elementor-widget-text-editor\" data-id=\"97b15d2\" data-element_type=\"widget\" data-e-type=\"widget\" data-widget_type=\"text-editor.default\">\n\t\t\t\t<div class=\"elementor-widget-container\">\n\t\t\t\t\t\t\t\t\t<p>Inspelningarna \u00e4r h\u00e4mtade ur <span style=\"color: #ff6600;\"><a style=\"color: #ff6600;\" href=\"https:\/\/litteraturbanken.se\/ljudochbild\/\" target=\"_blank\" rel=\"noopener\">Litteraturbankens Ljud- och Bildarkiv<\/a><\/span><\/p>\t\t\t\t\t\t\t\t<\/div>\n\t\t\t\t<\/div>\n\t\t\t\t\t<\/div>\n\t\t<\/div>\n\t\t\t\t\t<\/div>\n\t\t<\/section>\n\t\t\t\t\t<\/div>\n\t\t<\/div>\n\t\t\t\t<div class=\"elementor-column elementor-col-25 elementor-top-column elementor-element elementor-element-0e9ff7f\" data-id=\"0e9ff7f\" data-element_type=\"column\" data-e-type=\"column\">\n\t\t\t<div class=\"elementor-widget-wrap\">\n\t\t\t\t\t\t\t<\/div>\n\t\t<\/div>\n\t\t\t\t\t<\/div>\n\t\t<\/section>\n\t\t\t\t<section class=\"elementor-section elementor-top-section elementor-element elementor-element-d71597a elementor-section-boxed elementor-section-height-default elementor-section-height-default\" data-id=\"d71597a\" data-element_type=\"section\" data-e-type=\"section\" data-settings=\"{&quot;background_background&quot;:&quot;classic&quot;}\">\n\t\t\t\t\t\t<div class=\"elementor-container elementor-column-gap-default\">\n\t\t\t\t\t<div class=\"elementor-column elementor-col-100 elementor-top-column elementor-element elementor-element-387ac9c\" data-id=\"387ac9c\" data-element_type=\"column\" data-e-type=\"column\">\n\t\t\t<div class=\"elementor-widget-wrap elementor-element-populated\">\n\t\t\t\t\t\t<div class=\"elementor-element elementor-element-2f3a346 elementor-widget elementor-widget-heading\" data-id=\"2f3a346\" data-element_type=\"widget\" data-e-type=\"widget\" data-widget_type=\"heading.default\">\n\t\t\t\t<div class=\"elementor-widget-container\">\n\t\t\t\t\t<h3 class=\"elementor-heading-title elementor-size-default\"><div><span data-elementor-setting-key=\"title\" data-pen-placeholder=\"Skriv h\u00e4r...\" style=\"font-style: normal\"><span data-elementor-setting-key=\"title\" data-pen-placeholder=\"Skriv h\u00e4r...\" style=\"font-size: 56px;font-style: normal;font-weight: bold\"><br><\/span><\/span><\/div><span data-elementor-setting-key=\"title\" data-pen-placeholder=\"Skriv h\u00e4r...\" style=\"font-style: normal\"><span data-elementor-setting-key=\"title\" data-pen-placeholder=\"Skriv h\u00e4r...\" style=\"font-size: 56px;font-style: normal;font-weight: bold\">Noveller<\/span><\/span><\/h3>\t\t\t\t<\/div>\n\t\t\t\t<\/div>\n\t\t\t\t<div class=\"elementor-element elementor-element-36593a2 elementor-widget elementor-widget-spacer\" data-id=\"36593a2\" data-element_type=\"widget\" data-e-type=\"widget\" data-widget_type=\"spacer.default\">\n\t\t\t\t<div class=\"elementor-widget-container\">\n\t\t\t\t\t\t\t<div class=\"elementor-spacer\">\n\t\t\t<div class=\"elementor-spacer-inner\"><\/div>\n\t\t<\/div>\n\t\t\t\t\t\t<\/div>\n\t\t\t\t<\/div>\n\t\t\t\t<section class=\"elementor-section elementor-inner-section elementor-element elementor-element-e99c3d6 elementor-section-boxed elementor-section-height-default elementor-section-height-default\" data-id=\"e99c3d6\" data-element_type=\"section\" data-e-type=\"section\">\n\t\t\t\t\t\t<div class=\"elementor-container elementor-column-gap-default\">\n\t\t\t\t\t<div class=\"elementor-column elementor-col-25 elementor-inner-column elementor-element elementor-element-d2300f7\" data-id=\"d2300f7\" data-element_type=\"column\" data-e-type=\"column\" data-settings=\"{&quot;background_background&quot;:&quot;classic&quot;}\">\n\t\t\t<div class=\"elementor-widget-wrap elementor-element-populated\">\n\t\t\t\t\t\t<div class=\"elementor-element elementor-element-ada9673 elementor-widget elementor-widget-image\" data-id=\"ada9673\" data-element_type=\"widget\" data-e-type=\"widget\" data-widget_type=\"image.default\">\n\t\t\t\t<div class=\"elementor-widget-container\">\n\t\t\t\t\t\t\t\t\t\t\t\t\t\t\t\t<a href=\"https:\/\/litteraturbanken.se\/skolan\/noveller-kyssen\/\">\n\t\t\t\t\t\t\t<img decoding=\"async\" width=\"406\" height=\"406\" src=\"https:\/\/litteraturbanken.se\/skolan\/wp-content\/uploads\/2019\/09\/Kyssen-alt2.jpg\" class=\"attachment-full size-full wp-image-19359\" alt=\"\" srcset=\"https:\/\/litteraturbanken.se\/skolan\/wp-content\/uploads\/2019\/09\/Kyssen-alt2.jpg 406w, https:\/\/litteraturbanken.se\/skolan\/wp-content\/uploads\/2019\/09\/Kyssen-alt2-150x150.jpg 150w, https:\/\/litteraturbanken.se\/skolan\/wp-content\/uploads\/2019\/09\/Kyssen-alt2-300x300.jpg 300w\" sizes=\"(max-width: 406px) 100vw, 406px\" \/>\t\t\t\t\t\t\t\t<\/a>\n\t\t\t\t\t\t\t\t\t\t\t\t\t\t\t<\/div>\n\t\t\t\t<\/div>\n\t\t\t\t<div class=\"elementor-element elementor-element-5b475ec elementor-widget elementor-widget-heading\" data-id=\"5b475ec\" data-element_type=\"widget\" data-e-type=\"widget\" data-widget_type=\"heading.default\">\n\t\t\t\t<div class=\"elementor-widget-container\">\n\t\t\t\t\t<h2 class=\"elementor-heading-title elementor-size-default\"><a href=\"https:\/\/litteraturbanken.se\/skolan\/noveller-kyssen\/\">Kyssen<\/a><\/h2>\t\t\t\t<\/div>\n\t\t\t\t<\/div>\n\t\t\t\t<div class=\"elementor-element elementor-element-0f36e2b elementor-widget elementor-widget-text-editor\" data-id=\"0f36e2b\" data-element_type=\"widget\" data-e-type=\"widget\" data-widget_type=\"text-editor.default\">\n\t\t\t\t<div class=\"elementor-widget-container\">\n\t\t\t\t\t\t\t\t\t<p><strong>F\u00f6rfattare:<\/strong>\u00a0Hjalmar S\u00f6derberg<\/p><p><strong>\u00c5rskurs:\u00a0<\/strong>\u00a0<a href=\"https:\/\/litteraturbanken.se\/skolan\/arskurs-7-9\/\">7\u20139<\/a><\/p><p><strong>Ing\u00e5r i<\/strong> <a href=\"https:\/\/litteraturbanken.se\/forfattare\/AlfredsonC\/titlar\/InMySolitude\/sida\/1\/etext\" target=\"_blank\" rel=\"noopener\"><em>In my solitude<\/em><\/a><\/p>\t\t\t\t\t\t\t\t<\/div>\n\t\t\t\t<\/div>\n\t\t\t\t\t<\/div>\n\t\t<\/div>\n\t\t\t\t<div class=\"elementor-column elementor-col-25 elementor-inner-column elementor-element elementor-element-1a9df16\" data-id=\"1a9df16\" data-element_type=\"column\" data-e-type=\"column\">\n\t\t\t<div class=\"elementor-widget-wrap\">\n\t\t\t\t\t\t\t<\/div>\n\t\t<\/div>\n\t\t\t\t<div class=\"elementor-column elementor-col-25 elementor-inner-column elementor-element elementor-element-5a6bf02\" data-id=\"5a6bf02\" data-element_type=\"column\" data-e-type=\"column\">\n\t\t\t<div class=\"elementor-widget-wrap\">\n\t\t\t\t\t\t\t<\/div>\n\t\t<\/div>\n\t\t\t\t<div class=\"elementor-column elementor-col-25 elementor-inner-column elementor-element elementor-element-d77361a\" data-id=\"d77361a\" data-element_type=\"column\" data-e-type=\"column\">\n\t\t\t<div class=\"elementor-widget-wrap\">\n\t\t\t\t\t\t\t<\/div>\n\t\t<\/div>\n\t\t\t\t\t<\/div>\n\t\t<\/section>\n\t\t\t\t<div class=\"elementor-element elementor-element-89df0c7 elementor-widget elementor-widget-spacer\" data-id=\"89df0c7\" data-element_type=\"widget\" data-e-type=\"widget\" data-widget_type=\"spacer.default\">\n\t\t\t\t<div class=\"elementor-widget-container\">\n\t\t\t\t\t\t\t<div class=\"elementor-spacer\">\n\t\t\t<div class=\"elementor-spacer-inner\"><\/div>\n\t\t<\/div>\n\t\t\t\t\t\t<\/div>\n\t\t\t\t<\/div>\n\t\t\t\t<div class=\"elementor-element elementor-element-522bc01 elementor-widget elementor-widget-spacer\" data-id=\"522bc01\" data-element_type=\"widget\" data-e-type=\"widget\" data-widget_type=\"spacer.default\">\n\t\t\t\t<div class=\"elementor-widget-container\">\n\t\t\t\t\t\t\t<div class=\"elementor-spacer\">\n\t\t\t<div class=\"elementor-spacer-inner\"><\/div>\n\t\t<\/div>\n\t\t\t\t\t\t<\/div>\n\t\t\t\t<\/div>\n\t\t\t\t\t<\/div>\n\t\t<\/div>\n\t\t\t\t\t<\/div>\n\t\t<\/section>\n\t\t\t\t<\/div>\n\t\t","protected":false},"excerpt":{"rendered":"<p>Hjalmar S\u00f6derberg HJALMAR S\u00d6DERBERG (1869\u20131941) debuterar med romanen F\u00f6rvillelser (1895) och \u00e4r fr\u00e5n f\u00f6rsta stund i s\u00e4ker besittning av sina stilmedel och sina \u00e4mnen. Huvudpersonen \u2013 den vankelmodige och vilsne Tomas Weber \u2013 \u00e4r en karakteristisk s\u00f6derberggestalt; os\u00e4ker p\u00e5 sin livsv\u00e4g och kuvad av samh\u00e4llets konventioner st\u00e5r han p\u00e5 avgrundens rand. Som s\u00e5 ofta hos [&hellip;]<\/p>\n","protected":false},"author":8,"featured_media":0,"parent":0,"menu_order":0,"comment_status":"closed","ping_status":"closed","template":"","meta":{"ocean_post_layout":"full-screen","ocean_both_sidebars_style":"","ocean_both_sidebars_content_width":0,"ocean_both_sidebars_sidebars_width":0,"ocean_sidebar":"0","ocean_second_sidebar":"0","ocean_disable_margins":"enable","ocean_add_body_class":"","ocean_shortcode_before_top_bar":"","ocean_shortcode_after_top_bar":"","ocean_shortcode_before_header":"","ocean_shortcode_after_header":"","ocean_has_shortcode":"","ocean_shortcode_after_title":"","ocean_shortcode_before_footer_widgets":"","ocean_shortcode_after_footer_widgets":"","ocean_shortcode_before_footer_bottom":"","ocean_shortcode_after_footer_bottom":"","ocean_display_top_bar":"default","ocean_display_header":"default","ocean_header_style":"","ocean_center_header_left_menu":"0","ocean_custom_header_template":"0","ocean_custom_logo":0,"ocean_custom_retina_logo":0,"ocean_custom_logo_max_width":0,"ocean_custom_logo_tablet_max_width":0,"ocean_custom_logo_mobile_max_width":0,"ocean_custom_logo_max_height":0,"ocean_custom_logo_tablet_max_height":0,"ocean_custom_logo_mobile_max_height":0,"ocean_header_custom_menu":"0","ocean_menu_typo_font_family":"0","ocean_menu_typo_font_subset":"","ocean_menu_typo_font_size":0,"ocean_menu_typo_font_size_tablet":0,"ocean_menu_typo_font_size_mobile":0,"ocean_menu_typo_font_size_unit":"px","ocean_menu_typo_font_weight":"","ocean_menu_typo_font_weight_tablet":"","ocean_menu_typo_font_weight_mobile":"","ocean_menu_typo_transform":"","ocean_menu_typo_transform_tablet":"","ocean_menu_typo_transform_mobile":"","ocean_menu_typo_line_height":0,"ocean_menu_typo_line_height_tablet":0,"ocean_menu_typo_line_height_mobile":0,"ocean_menu_typo_line_height_unit":"","ocean_menu_typo_spacing":0,"ocean_menu_typo_spacing_tablet":0,"ocean_menu_typo_spacing_mobile":0,"ocean_menu_typo_spacing_unit":"","ocean_menu_link_color":"","ocean_menu_link_color_hover":"","ocean_menu_link_color_active":"","ocean_menu_link_background":"","ocean_menu_link_hover_background":"","ocean_menu_link_active_background":"","ocean_menu_social_links_bg":"","ocean_menu_social_hover_links_bg":"","ocean_menu_social_links_color":"","ocean_menu_social_hover_links_color":"","ocean_disable_title":"on","ocean_disable_heading":"default","ocean_post_title":"","ocean_post_subheading":"","ocean_post_title_style":"","ocean_post_title_background_color":"","ocean_post_title_background":0,"ocean_post_title_bg_image_position":"","ocean_post_title_bg_image_attachment":"","ocean_post_title_bg_image_repeat":"","ocean_post_title_bg_image_size":"","ocean_post_title_height":0,"ocean_post_title_bg_overlay":0.5,"ocean_post_title_bg_overlay_color":"","ocean_disable_breadcrumbs":"default","ocean_breadcrumbs_color":"","ocean_breadcrumbs_separator_color":"","ocean_breadcrumbs_links_color":"","ocean_breadcrumbs_links_hover_color":"","ocean_display_footer_widgets":"default","ocean_display_footer_bottom":"default","ocean_custom_footer_template":"0","footnotes":""},"class_list":["post-21188","page","type-page","status-publish","hentry","entry"],"_links":{"self":[{"href":"https:\/\/litteraturbanken.se\/skolan\/wp-json\/wp\/v2\/pages\/21188","targetHints":{"allow":["GET"]}}],"collection":[{"href":"https:\/\/litteraturbanken.se\/skolan\/wp-json\/wp\/v2\/pages"}],"about":[{"href":"https:\/\/litteraturbanken.se\/skolan\/wp-json\/wp\/v2\/types\/page"}],"author":[{"embeddable":true,"href":"https:\/\/litteraturbanken.se\/skolan\/wp-json\/wp\/v2\/users\/8"}],"replies":[{"embeddable":true,"href":"https:\/\/litteraturbanken.se\/skolan\/wp-json\/wp\/v2\/comments?post=21188"}],"version-history":[{"count":21,"href":"https:\/\/litteraturbanken.se\/skolan\/wp-json\/wp\/v2\/pages\/21188\/revisions"}],"predecessor-version":[{"id":21271,"href":"https:\/\/litteraturbanken.se\/skolan\/wp-json\/wp\/v2\/pages\/21188\/revisions\/21271"}],"wp:attachment":[{"href":"https:\/\/litteraturbanken.se\/skolan\/wp-json\/wp\/v2\/media?parent=21188"}],"curies":[{"name":"wp","href":"https:\/\/api.w.org\/{rel}","templated":true}]}}