{"id":3604,"date":"2018-07-19T12:46:21","date_gmt":"2018-07-19T10:46:21","guid":{"rendered":"https:\/\/litteraturbanken.se\/skoladev\/?page_id=3604"},"modified":"2020-03-02T13:43:42","modified_gmt":"2020-03-02T12:43:42","slug":"poesi-forfattare-gustaf-froding-om","status":"publish","type":"page","link":"https:\/\/litteraturbanken.se\/skolan\/poesi-forfattare-gustaf-froding-om\/","title":{"rendered":"Poesi\/F\u00f6rfattare\/Gustaf Fr\u00f6ding\/Mer om"},"content":{"rendered":"\t\t<div data-elementor-type=\"wp-post\" data-elementor-id=\"3604\" class=\"elementor elementor-3604\">\n\t\t\t\t\t\t<section class=\"elementor-section elementor-top-section elementor-element elementor-element-9df8adc elementor-section-full_width elementor-section-height-default elementor-section-height-default\" data-id=\"9df8adc\" data-element_type=\"section\" data-e-type=\"section\" data-settings=\"{&quot;background_background&quot;:&quot;classic&quot;}\">\n\t\t\t\t\t\t<div class=\"elementor-container elementor-column-gap-default\">\n\t\t\t\t\t<div class=\"elementor-column elementor-col-25 elementor-top-column elementor-element elementor-element-5e8e241\" data-id=\"5e8e241\" data-element_type=\"column\" data-e-type=\"column\">\n\t\t\t<div class=\"elementor-widget-wrap\">\n\t\t\t\t\t\t\t<\/div>\n\t\t<\/div>\n\t\t\t\t<div class=\"elementor-column elementor-col-25 elementor-top-column elementor-element elementor-element-f3db9d9\" data-id=\"f3db9d9\" data-element_type=\"column\" data-e-type=\"column\" data-settings=\"{&quot;background_background&quot;:&quot;classic&quot;}\">\n\t\t\t<div class=\"elementor-widget-wrap elementor-element-populated\">\n\t\t\t\t\t\t<div class=\"elementor-element elementor-element-9fd67a1 elementor-widget elementor-widget-spacer\" data-id=\"9fd67a1\" data-element_type=\"widget\" data-e-type=\"widget\" data-widget_type=\"spacer.default\">\n\t\t\t\t<div class=\"elementor-widget-container\">\n\t\t\t\t\t\t\t<div class=\"elementor-spacer\">\n\t\t\t<div class=\"elementor-spacer-inner\"><\/div>\n\t\t<\/div>\n\t\t\t\t\t\t<\/div>\n\t\t\t\t<\/div>\n\t\t\t\t<div class=\"elementor-element elementor-element-e9acbf8 elementor-widget elementor-widget-text-editor\" data-id=\"e9acbf8\" data-element_type=\"widget\" data-e-type=\"widget\" data-widget_type=\"text-editor.default\">\n\t\t\t\t<div class=\"elementor-widget-container\">\n\t\t\t\t\t\t\t\t\t<h1 class=\"elementor-heading-title elementor-size-default\">Gustaf Fr\u00f6ding<\/h1>\t\t\t\t\t\t\t\t<\/div>\n\t\t\t\t<\/div>\n\t\t\t\t<div class=\"elementor-element elementor-element-b13d6ab elementor-widget elementor-widget-text-editor\" data-id=\"b13d6ab\" data-element_type=\"widget\" data-e-type=\"widget\" data-widget_type=\"text-editor.default\">\n\t\t\t\t<div class=\"elementor-widget-container\">\n\t\t\t\t\t\t\t\t\t<div class=\"ng-binding\"><div class=\"ng-binding\"><div class=\"ng-binding\"><p><em>GUSTAF FR\u00d6DING (1860-1911) inledde sin diktarbana under 1880\u2013talets f\u00f6rsta \u00e5r, samtidigt som hans studier i Uppsala gick mot ett bittert slut. Vid samma tid b\u00f6rjade ocks\u00e5, p\u00e5 allvar, de sjukdomsperioder som skulle pl\u00e5ga Fr\u00f6ding livet ut. Som \u201den sl\u00f6ja av jord\u201d beskrev han sinnets f\u00f6rm\u00f6rkade k\u00e4nsla; i denna sl\u00f6ja s\u00e5g han gestalter, s\u00e5v\u00e4l levande som d\u00f6da. <\/em><\/p><p><em>\u00c5r 1887 fick Fr\u00f6ding anst\u00e4llning p\u00e5\u00a0Karlstads-Tidningen, d\u00e4r han, av och till, kom att verka som skribent under ett antal \u00e5r. Han skrev litter\u00e4ra artiklar och recensioner, bidrog till att utforma dagsversen som genre och f\u00f6rnyade k\u00e5seriets form. Under dessa \u00e5r drabbades han ocks\u00e5 av \u00e5terkommande sj\u00e4lspl\u00e5gor och intogs 1889 p\u00e5 nervanstalt i G\u00f6rlitz i Schlesien. D\u00e4r upplevde han en period av intensiv kreativitet som gav till resultat den hyllade debutsamlingen\u00a0Guitarr och dragharmonika\u00a0(1891). <\/em><\/p><p>Efter debuten b\u00f6rjade Fr\u00f6ding till dels skriva p\u00e5 landsm\u00e5l i akt och mening att komma n\u00e4rmare det genuina uttrycket. Denna spr\u00e5kliga nyorientering m\u00e4rks fr\u00e4mst i hans mest betydande prosaverk\u00a0<i>R\u00e4ggler \u00e5 paschaser<\/i>\u00a0(2 delar, 1895-1897). I viljan att pr\u00f6va dialektala ordalag urskiljs ocks\u00e5 Fr\u00f6dings starka musikalitet och intresse f\u00f6r spr\u00e5kljuden\u00a0och ordens klanger; d\u00e4rav kommer att hans dikter ofta tonsatts s\u00e5v\u00e4l av klassiska som folkliga komposit\u00f6rer.<\/p><p>Fr\u00e5n 1894 och fram\u00e5t pr\u00e4glades Fr\u00f6dings liv alltmer av sj\u00e4lslig n\u00f6d. Syner och r\u00f6ster kom ocks\u00e5 att ta st\u00f6rre del i hans diktning. Men oron gav \u00e4ven upphov till ih\u00e4rdigt skapande. Under de sv\u00e5raste \u00e5ren skriver Fr\u00f6ding bland annat samlingarna\u00a0<i>St\u00e4nk och flikar\u00a0<\/i>(1896),\u00a0<i>Nytt och gammalt<\/i>\u00a0(1897) och\u00a0<i>Gralst\u00e4nk<\/i>\u00a0(1898). Under en m\u00e5ng\u00e5rig vistelse p\u00e5\u00a0Uppsala hospital\u00a0skriver han ocks\u00e5 den s\u00e4regna \u201dMattoidens s\u00e5nger\u201d (f\u00f6rst utgivna posthumt i\u00a0<i>Efterl\u00e4mnade skrifter<\/i>\u00a01914) d\u00e4r bland andra solskenet, gr\u00e5berget och ett gr\u00f6nt blad f\u00e5r uttrycka sina k\u00e4nslor.<\/p><p>Fr\u00f6dings sista tid i livet blev n\u00e5got lugnare. Under \u00e5ren p\u00e5 Gr\u00f6ndal p\u00e5 Djurg\u00e5rden, d\u00e4r han fick leva i stillhet och bland annat kom att redigera samlingen\u00a0<i>Eftersk\u00f6rd<\/i>, spred sig som ett f\u00f6rklarat ljus \u00f6ver hans liv och diktarg\u00e4rning.<\/p><div class=\"introauthor\"><em class=\"ng-binding\">Lotta Lotass<\/em><\/div><div>\u00a0<\/div><div class=\"source ng-scope\"><span class=\"source_header sc ng-scope\">k\u00e4lla:\u00a0<\/span><i>Svenskt biografiskt lexikon<\/i><\/div><\/div><\/div><\/div>\t\t\t\t\t\t\t\t<\/div>\n\t\t\t\t<\/div>\n\t\t\t\t\t<\/div>\n\t\t<\/div>\n\t\t\t\t<div class=\"elementor-column elementor-col-25 elementor-top-column elementor-element elementor-element-c5f96a0\" data-id=\"c5f96a0\" data-element_type=\"column\" data-e-type=\"column\">\n\t\t\t<div class=\"elementor-widget-wrap elementor-element-populated\">\n\t\t\t\t\t\t<div class=\"elementor-element elementor-element-82b00e2 elementor-widget elementor-widget-spacer\" data-id=\"82b00e2\" data-element_type=\"widget\" data-e-type=\"widget\" data-widget_type=\"spacer.default\">\n\t\t\t\t<div class=\"elementor-widget-container\">\n\t\t\t\t\t\t\t<div class=\"elementor-spacer\">\n\t\t\t<div class=\"elementor-spacer-inner\"><\/div>\n\t\t<\/div>\n\t\t\t\t\t\t<\/div>\n\t\t\t\t<\/div>\n\t\t\t\t<div class=\"elementor-element elementor-element-387ca6f elementor-widget elementor-widget-image\" data-id=\"387ca6f\" data-element_type=\"widget\" data-e-type=\"widget\" data-widget_type=\"image.default\">\n\t\t\t\t<div class=\"elementor-widget-container\">\n\t\t\t\t\t\t\t\t\t\t\t\t\t\t\t<img fetchpriority=\"high\" decoding=\"async\" width=\"300\" height=\"300\" src=\"https:\/\/litteraturbanken.se\/skolan\/wp-content\/uploads\/2019\/03\/lb_skolan_2019_knapp_f\u00f6rfattarbild_gustaffr\u00f6ding_r\u00f6d-e1553014640220.jpg\" class=\"attachment-full size-full wp-image-12925\" alt=\"\" \/>\t\t\t\t\t\t\t\t\t\t\t\t\t\t\t<\/div>\n\t\t\t\t<\/div>\n\t\t\t\t<div class=\"elementor-element elementor-element-9dcd3f1 elementor-widget elementor-widget-spacer\" data-id=\"9dcd3f1\" data-element_type=\"widget\" data-e-type=\"widget\" data-widget_type=\"spacer.default\">\n\t\t\t\t<div class=\"elementor-widget-container\">\n\t\t\t\t\t\t\t<div class=\"elementor-spacer\">\n\t\t\t<div class=\"elementor-spacer-inner\"><\/div>\n\t\t<\/div>\n\t\t\t\t\t\t<\/div>\n\t\t\t\t<\/div>\n\t\t\t\t\t<\/div>\n\t\t<\/div>\n\t\t\t\t<div class=\"elementor-column elementor-col-25 elementor-top-column elementor-element elementor-element-f5766c0\" data-id=\"f5766c0\" data-element_type=\"column\" data-e-type=\"column\">\n\t\t\t<div class=\"elementor-widget-wrap elementor-element-populated\">\n\t\t\t\t\t\t<div class=\"elementor-element elementor-element-d1a34ff elementor-widget elementor-widget-spacer\" data-id=\"d1a34ff\" data-element_type=\"widget\" data-e-type=\"widget\" data-widget_type=\"spacer.default\">\n\t\t\t\t<div class=\"elementor-widget-container\">\n\t\t\t\t\t\t\t<div class=\"elementor-spacer\">\n\t\t\t<div class=\"elementor-spacer-inner\"><\/div>\n\t\t<\/div>\n\t\t\t\t\t\t<\/div>\n\t\t\t\t<\/div>\n\t\t\t\t<div class=\"elementor-element elementor-element-5e065f0 elementor-widget elementor-widget-spacer\" data-id=\"5e065f0\" data-element_type=\"widget\" data-e-type=\"widget\" data-widget_type=\"spacer.default\">\n\t\t\t\t<div class=\"elementor-widget-container\">\n\t\t\t\t\t\t\t<div class=\"elementor-spacer\">\n\t\t\t<div class=\"elementor-spacer-inner\"><\/div>\n\t\t<\/div>\n\t\t\t\t\t\t<\/div>\n\t\t\t\t<\/div>\n\t\t\t\t\t<\/div>\n\t\t<\/div>\n\t\t\t\t\t<\/div>\n\t\t<\/section>\n\t\t\t\t<section class=\"elementor-section elementor-top-section elementor-element elementor-element-628fb10c elementor-section-boxed elementor-section-height-default elementor-section-height-default\" data-id=\"628fb10c\" data-element_type=\"section\" data-e-type=\"section\">\n\t\t\t\t\t\t<div class=\"elementor-container elementor-column-gap-default\">\n\t\t\t\t\t<div class=\"elementor-column elementor-col-100 elementor-top-column elementor-element elementor-element-1a3ac242\" data-id=\"1a3ac242\" data-element_type=\"column\" data-e-type=\"column\">\n\t\t\t<div class=\"elementor-widget-wrap\">\n\t\t\t\t\t\t\t<\/div>\n\t\t<\/div>\n\t\t\t\t\t<\/div>\n\t\t<\/section>\n\t\t\t\t<\/div>\n\t\t","protected":false},"excerpt":{"rendered":"<p>Gustaf Fr\u00f6ding GUSTAF FR\u00d6DING (1860-1911) inledde sin diktarbana under 1880\u2013talets f\u00f6rsta \u00e5r, samtidigt som hans studier i Uppsala gick mot ett bittert slut. Vid samma tid b\u00f6rjade ocks\u00e5, p\u00e5 allvar, de sjukdomsperioder som skulle pl\u00e5ga Fr\u00f6ding livet ut. Som \u201den sl\u00f6ja av jord\u201d beskrev han sinnets f\u00f6rm\u00f6rkade k\u00e4nsla; i denna sl\u00f6ja s\u00e5g han gestalter, s\u00e5v\u00e4l [&hellip;]<\/p>\n","protected":false},"author":5,"featured_media":0,"parent":0,"menu_order":0,"comment_status":"closed","ping_status":"closed","template":"","meta":{"ocean_post_layout":"full-screen","ocean_both_sidebars_style":"","ocean_both_sidebars_content_width":0,"ocean_both_sidebars_sidebars_width":0,"ocean_sidebar":"0","ocean_second_sidebar":"0","ocean_disable_margins":"enable","ocean_add_body_class":"","ocean_shortcode_before_top_bar":"","ocean_shortcode_after_top_bar":"","ocean_shortcode_before_header":"","ocean_shortcode_after_header":"","ocean_has_shortcode":"","ocean_shortcode_after_title":"","ocean_shortcode_before_footer_widgets":"","ocean_shortcode_after_footer_widgets":"","ocean_shortcode_before_footer_bottom":"","ocean_shortcode_after_footer_bottom":"","ocean_display_top_bar":"default","ocean_display_header":"default","ocean_header_style":"","ocean_center_header_left_menu":"0","ocean_custom_header_template":"0","ocean_custom_logo":0,"ocean_custom_retina_logo":0,"ocean_custom_logo_max_width":0,"ocean_custom_logo_tablet_max_width":0,"ocean_custom_logo_mobile_max_width":0,"ocean_custom_logo_max_height":0,"ocean_custom_logo_tablet_max_height":0,"ocean_custom_logo_mobile_max_height":0,"ocean_header_custom_menu":"0","ocean_menu_typo_font_family":"0","ocean_menu_typo_font_subset":"","ocean_menu_typo_font_size":0,"ocean_menu_typo_font_size_tablet":0,"ocean_menu_typo_font_size_mobile":0,"ocean_menu_typo_font_size_unit":"px","ocean_menu_typo_font_weight":"","ocean_menu_typo_font_weight_tablet":"","ocean_menu_typo_font_weight_mobile":"","ocean_menu_typo_transform":"","ocean_menu_typo_transform_tablet":"","ocean_menu_typo_transform_mobile":"","ocean_menu_typo_line_height":0,"ocean_menu_typo_line_height_tablet":0,"ocean_menu_typo_line_height_mobile":0,"ocean_menu_typo_line_height_unit":"","ocean_menu_typo_spacing":0,"ocean_menu_typo_spacing_tablet":0,"ocean_menu_typo_spacing_mobile":0,"ocean_menu_typo_spacing_unit":"","ocean_menu_link_color":"","ocean_menu_link_color_hover":"","ocean_menu_link_color_active":"","ocean_menu_link_background":"","ocean_menu_link_hover_background":"","ocean_menu_link_active_background":"","ocean_menu_social_links_bg":"","ocean_menu_social_hover_links_bg":"","ocean_menu_social_links_color":"","ocean_menu_social_hover_links_color":"","ocean_disable_title":"on","ocean_disable_heading":"default","ocean_post_title":"","ocean_post_subheading":"","ocean_post_title_style":"","ocean_post_title_background_color":"","ocean_post_title_background":0,"ocean_post_title_bg_image_position":"","ocean_post_title_bg_image_attachment":"","ocean_post_title_bg_image_repeat":"","ocean_post_title_bg_image_size":"","ocean_post_title_height":0,"ocean_post_title_bg_overlay":0.5,"ocean_post_title_bg_overlay_color":"","ocean_disable_breadcrumbs":"default","ocean_breadcrumbs_color":"","ocean_breadcrumbs_separator_color":"","ocean_breadcrumbs_links_color":"","ocean_breadcrumbs_links_hover_color":"","ocean_display_footer_widgets":"default","ocean_display_footer_bottom":"default","ocean_custom_footer_template":"0","footnotes":""},"class_list":["post-3604","page","type-page","status-publish","hentry","entry"],"_links":{"self":[{"href":"https:\/\/litteraturbanken.se\/skolan\/wp-json\/wp\/v2\/pages\/3604","targetHints":{"allow":["GET"]}}],"collection":[{"href":"https:\/\/litteraturbanken.se\/skolan\/wp-json\/wp\/v2\/pages"}],"about":[{"href":"https:\/\/litteraturbanken.se\/skolan\/wp-json\/wp\/v2\/types\/page"}],"author":[{"embeddable":true,"href":"https:\/\/litteraturbanken.se\/skolan\/wp-json\/wp\/v2\/users\/5"}],"replies":[{"embeddable":true,"href":"https:\/\/litteraturbanken.se\/skolan\/wp-json\/wp\/v2\/comments?post=3604"}],"version-history":[{"count":15,"href":"https:\/\/litteraturbanken.se\/skolan\/wp-json\/wp\/v2\/pages\/3604\/revisions"}],"predecessor-version":[{"id":20386,"href":"https:\/\/litteraturbanken.se\/skolan\/wp-json\/wp\/v2\/pages\/3604\/revisions\/20386"}],"wp:attachment":[{"href":"https:\/\/litteraturbanken.se\/skolan\/wp-json\/wp\/v2\/media?parent=3604"}],"curies":[{"name":"wp","href":"https:\/\/api.w.org\/{rel}","templated":true}]}}