{"id":3634,"date":"2018-07-19T12:58:50","date_gmt":"2018-07-19T10:58:50","guid":{"rendered":"https:\/\/litteraturbanken.se\/skoladev\/?page_id=3634"},"modified":"2020-03-04T13:42:33","modified_gmt":"2020-03-04T12:42:33","slug":"poesi-forfattare-verner-von-heidenstam-om","status":"publish","type":"page","link":"https:\/\/litteraturbanken.se\/skolan\/poesi-forfattare-verner-von-heidenstam-om\/","title":{"rendered":"Poesi\/F\u00f6rfattare\/Verner von Heidenstam\/Mer om"},"content":{"rendered":"\t\t<div data-elementor-type=\"wp-post\" data-elementor-id=\"3634\" class=\"elementor elementor-3634\">\n\t\t\t\t\t\t<section class=\"elementor-section elementor-top-section elementor-element elementor-element-8a022ce elementor-section-full_width elementor-section-height-default elementor-section-height-default\" data-id=\"8a022ce\" data-element_type=\"section\" data-e-type=\"section\" data-settings=\"{&quot;background_background&quot;:&quot;classic&quot;}\">\n\t\t\t\t\t\t<div class=\"elementor-container elementor-column-gap-default\">\n\t\t\t\t\t<div class=\"elementor-column elementor-col-25 elementor-top-column elementor-element elementor-element-90314c3\" data-id=\"90314c3\" data-element_type=\"column\" data-e-type=\"column\">\n\t\t\t<div class=\"elementor-widget-wrap\">\n\t\t\t\t\t\t\t<\/div>\n\t\t<\/div>\n\t\t\t\t<div class=\"elementor-column elementor-col-25 elementor-top-column elementor-element elementor-element-37f5638\" data-id=\"37f5638\" data-element_type=\"column\" data-e-type=\"column\" data-settings=\"{&quot;background_background&quot;:&quot;classic&quot;}\">\n\t\t\t<div class=\"elementor-widget-wrap elementor-element-populated\">\n\t\t\t\t\t\t<div class=\"elementor-element elementor-element-c4cf9bb elementor-widget elementor-widget-spacer\" data-id=\"c4cf9bb\" data-element_type=\"widget\" data-e-type=\"widget\" data-widget_type=\"spacer.default\">\n\t\t\t\t<div class=\"elementor-widget-container\">\n\t\t\t\t\t\t\t<div class=\"elementor-spacer\">\n\t\t\t<div class=\"elementor-spacer-inner\"><\/div>\n\t\t<\/div>\n\t\t\t\t\t\t<\/div>\n\t\t\t\t<\/div>\n\t\t\t\t<div class=\"elementor-element elementor-element-20a5c51 elementor-widget elementor-widget-text-editor\" data-id=\"20a5c51\" data-element_type=\"widget\" data-e-type=\"widget\" data-widget_type=\"text-editor.default\">\n\t\t\t\t<div class=\"elementor-widget-container\">\n\t\t\t\t\t\t\t\t\t<h1 class=\"elementor-heading-title elementor-size-default\">Verner von Heidenstam<\/h1>\t\t\t\t\t\t\t\t<\/div>\n\t\t\t\t<\/div>\n\t\t\t\t<div class=\"elementor-element elementor-element-de9a796 elementor-widget elementor-widget-text-editor\" data-id=\"de9a796\" data-element_type=\"widget\" data-e-type=\"widget\" data-widget_type=\"text-editor.default\">\n\t\t\t\t<div class=\"elementor-widget-container\">\n\t\t\t\t\t\t\t\t\t<div class=\"ng-binding\"><div class=\"ng-binding\"><div class=\"ng-binding\"><div class=\"ng-binding\"><p><em>VERNER VON HEIDENSTAM (1859\u20131940) var centralgestalt i det svenska litter\u00e4ra nittiotalet. I stridsskrifterna\u00a0Ren\u00e4ssans\u00a0(1889) och\u00a0Pepitas br\u00f6llop\u00a0(1890), den senare skriven tillsammans med\u00a0Oscar Levertin, gick Heidenstam till storms mot \u00e5ttiotalets\u00a0naturalism, vilken han s\u00e5g som m\u00f6rk och livsfientlig. Heidenstam ville i st\u00e4llet se sk\u00f6nhet och f\u00e4rg i dikten. F\u00f6rfattarens fantasi skulle styra; verkligheten var blott ett avstamp f\u00f6r inbillningsf\u00f6rm\u00e5gan; en estetik som f\u00f6r \u00f6vrigt \u00e5terkommer i\u00a0Om inbillningens logik\u00a0(1896), d\u00e4r trohet mot ingivelsen st\u00e4lls fram som konstn\u00e4rskapets enda styrande norm. <\/em><\/p><p><em>Heidenstam debuterade 1888 med diktsamlingen\u00a0Vallfart och vandrings\u00e5r, vars grund var omfattande resor i Sydeuropa och Fr\u00e4mre Asien, vilka han f\u00f6retagit \u00e5ren 1876\u201378 f\u00f6r att bota sin tuberkulos.<\/em><\/p><p>Sinnlighet och l\u00e4ttjefullhet hyllas d\u00e4r i m\u00e5leriska fresker, skrivna i orientalismens tecken. Det exotiska och sinnliga lockade Heidenstam och \u00e5r 1892 gav han ut id\u00e9romanen\u00a0<i>Hans Alienus<\/i>, vars titelfigur k\u00e4nner sig fr\u00e4mmande i det svenska, sena 1800-talet. Han beger sig ut p\u00e5 en resa genom tid och rum, d\u00e4r han pr\u00f6var olika roller, bland dem kejsare och gud, men inte finner n\u00e5gon som tillfredsst\u00e4ller honom. Han \u00e5terv\u00e4nder hem, m\u00f6ter sin d\u00f6ende far och n\u00e5r ett slags f\u00f6rsoning. L\u00e4ngtan hem \u00e4r, som en exotismens motpart, ett \u00e5terkommande\u00a0tema\u00a0i Heidenstams f\u00f6rfattarskap.<\/p><p>Med samlingen\u00a0<i>Dikter<\/i>\u00a0(1895) f\u00f6rst\u00e4rks dragen av hembygdsromantik och nationalism i hans skrivande. Heidenstam blir nationalskald. Och den svenska historien blev sedermera f\u00f6rem\u00e5l f\u00f6r flera studier i hans f\u00f6rfattarskap. En resa genom \u00d6steuropa i Karl XII:s fotsp\u00e5r 1896, parad med l\u00e4sning av Anders Fryxells svenska historia, gav till resultat\u00a0<i>Karolinerna<\/i>\u00a0(2 band, 1897\u201398), d\u00e4r lidandet f\u00f6r\u00e4dlar det pr\u00f6vade folk som samlas kring fosterlandet, f\u00f6rkroppsligat i hj\u00e4ltekonungen. Heidenstam kom ocks\u00e5, i form av\u00a0<i>Svenskarna och deras h\u00f6vdingar<\/i>\u00a0(1908\u201310), att skriva det historiska motstycket till\u00a0Selma Lagerl\u00f6fs geografiska l\u00e4sebok\u00a0<i>Nils Holgerssons underbara resa genom Sverige\u00a0<\/i>(1906\u201307). Med\u00a0<i>Nya<\/i><i> <\/i><i>dikter<\/i>\u00a0(1915) fann Heidenstam nya uttryck i koncentrerade och f\u00e5ordiga, centrallyriska betraktelser som n\u00e4rmar sig en uttalat religi\u00f6s ton.<\/p><p>\u00c5r 1916 erh\u00f6ll han Nobelpriset i litteratur. \u00c5r 1925 flyttade han in i sitt, efter egna ritningar byggda, \u00d6vralid \u2013 ett av Sveriges mest k\u00e4nda diktarhem.<\/p><\/div><div class=\"introauthor\"><em class=\"ng-binding\">Lotta Lotass<\/em><\/div><div class=\"introauthor\"><em class=\"ng-binding\">\u00a0<\/em><\/div><div class=\"source ng-scope\"><span class=\"source_header sc ng-scope\">k\u00e4lla:\u00a0<\/span><i>Svenskt biografiskt lexikon<\/i><\/div><\/div><\/div><\/div>\t\t\t\t\t\t\t\t<\/div>\n\t\t\t\t<\/div>\n\t\t\t\t\t<\/div>\n\t\t<\/div>\n\t\t\t\t<div class=\"elementor-column elementor-col-25 elementor-top-column elementor-element elementor-element-dee6383\" data-id=\"dee6383\" data-element_type=\"column\" data-e-type=\"column\">\n\t\t\t<div class=\"elementor-widget-wrap elementor-element-populated\">\n\t\t\t\t\t\t<div class=\"elementor-element elementor-element-d192d95 elementor-widget elementor-widget-spacer\" data-id=\"d192d95\" data-element_type=\"widget\" data-e-type=\"widget\" data-widget_type=\"spacer.default\">\n\t\t\t\t<div class=\"elementor-widget-container\">\n\t\t\t\t\t\t\t<div class=\"elementor-spacer\">\n\t\t\t<div class=\"elementor-spacer-inner\"><\/div>\n\t\t<\/div>\n\t\t\t\t\t\t<\/div>\n\t\t\t\t<\/div>\n\t\t\t\t<div class=\"elementor-element elementor-element-0ed667b elementor-widget elementor-widget-image\" data-id=\"0ed667b\" data-element_type=\"widget\" data-e-type=\"widget\" data-widget_type=\"image.default\">\n\t\t\t\t<div class=\"elementor-widget-container\">\n\t\t\t\t\t\t\t\t\t\t\t\t\t\t\t<img fetchpriority=\"high\" decoding=\"async\" width=\"300\" height=\"300\" src=\"https:\/\/litteraturbanken.se\/skolan\/wp-content\/uploads\/2019\/03\/lb_skolan_2019_knapp_f\u00f6rfattarbild_heidenstam_r\u00f6d-e1553013772646.jpg\" class=\"attachment-full size-full wp-image-13713\" alt=\"\" \/>\t\t\t\t\t\t\t\t\t\t\t\t\t\t\t<\/div>\n\t\t\t\t<\/div>\n\t\t\t\t<div class=\"elementor-element elementor-element-6f1095d elementor-widget elementor-widget-spacer\" data-id=\"6f1095d\" data-element_type=\"widget\" data-e-type=\"widget\" data-widget_type=\"spacer.default\">\n\t\t\t\t<div class=\"elementor-widget-container\">\n\t\t\t\t\t\t\t<div class=\"elementor-spacer\">\n\t\t\t<div class=\"elementor-spacer-inner\"><\/div>\n\t\t<\/div>\n\t\t\t\t\t\t<\/div>\n\t\t\t\t<\/div>\n\t\t\t\t\t<\/div>\n\t\t<\/div>\n\t\t\t\t<div class=\"elementor-column elementor-col-25 elementor-top-column elementor-element elementor-element-23c4d57\" data-id=\"23c4d57\" data-element_type=\"column\" data-e-type=\"column\">\n\t\t\t<div class=\"elementor-widget-wrap elementor-element-populated\">\n\t\t\t\t\t\t<div class=\"elementor-element elementor-element-df36ca1 elementor-widget elementor-widget-spacer\" data-id=\"df36ca1\" data-element_type=\"widget\" data-e-type=\"widget\" data-widget_type=\"spacer.default\">\n\t\t\t\t<div class=\"elementor-widget-container\">\n\t\t\t\t\t\t\t<div class=\"elementor-spacer\">\n\t\t\t<div class=\"elementor-spacer-inner\"><\/div>\n\t\t<\/div>\n\t\t\t\t\t\t<\/div>\n\t\t\t\t<\/div>\n\t\t\t\t<div class=\"elementor-element elementor-element-751e4f9 elementor-widget elementor-widget-spacer\" data-id=\"751e4f9\" data-element_type=\"widget\" data-e-type=\"widget\" data-widget_type=\"spacer.default\">\n\t\t\t\t<div class=\"elementor-widget-container\">\n\t\t\t\t\t\t\t<div class=\"elementor-spacer\">\n\t\t\t<div class=\"elementor-spacer-inner\"><\/div>\n\t\t<\/div>\n\t\t\t\t\t\t<\/div>\n\t\t\t\t<\/div>\n\t\t\t\t\t<\/div>\n\t\t<\/div>\n\t\t\t\t\t<\/div>\n\t\t<\/section>\n\t\t\t\t<section class=\"elementor-section elementor-top-section elementor-element elementor-element-c94a5b1 elementor-section-boxed elementor-section-height-default elementor-section-height-default\" data-id=\"c94a5b1\" data-element_type=\"section\" data-e-type=\"section\">\n\t\t\t\t\t\t<div class=\"elementor-container elementor-column-gap-default\">\n\t\t\t\t\t<div class=\"elementor-column elementor-col-100 elementor-top-column elementor-element elementor-element-8c08485\" data-id=\"8c08485\" data-element_type=\"column\" data-e-type=\"column\">\n\t\t\t<div class=\"elementor-widget-wrap\">\n\t\t\t\t\t\t\t<\/div>\n\t\t<\/div>\n\t\t\t\t\t<\/div>\n\t\t<\/section>\n\t\t\t\t<\/div>\n\t\t","protected":false},"excerpt":{"rendered":"<p>Verner von Heidenstam VERNER VON HEIDENSTAM (1859\u20131940) var centralgestalt i det svenska litter\u00e4ra nittiotalet. I stridsskrifterna\u00a0Ren\u00e4ssans\u00a0(1889) och\u00a0Pepitas br\u00f6llop\u00a0(1890), den senare skriven tillsammans med\u00a0Oscar Levertin, gick Heidenstam till storms mot \u00e5ttiotalets\u00a0naturalism, vilken han s\u00e5g som m\u00f6rk och livsfientlig. Heidenstam ville i st\u00e4llet se sk\u00f6nhet och f\u00e4rg i dikten. F\u00f6rfattarens fantasi skulle styra; verkligheten var blott ett [&hellip;]<\/p>\n","protected":false},"author":5,"featured_media":0,"parent":0,"menu_order":0,"comment_status":"closed","ping_status":"closed","template":"","meta":{"ocean_post_layout":"full-screen","ocean_both_sidebars_style":"","ocean_both_sidebars_content_width":0,"ocean_both_sidebars_sidebars_width":0,"ocean_sidebar":"0","ocean_second_sidebar":"0","ocean_disable_margins":"enable","ocean_add_body_class":"","ocean_shortcode_before_top_bar":"","ocean_shortcode_after_top_bar":"","ocean_shortcode_before_header":"","ocean_shortcode_after_header":"","ocean_has_shortcode":"","ocean_shortcode_after_title":"","ocean_shortcode_before_footer_widgets":"","ocean_shortcode_after_footer_widgets":"","ocean_shortcode_before_footer_bottom":"","ocean_shortcode_after_footer_bottom":"","ocean_display_top_bar":"default","ocean_display_header":"default","ocean_header_style":"","ocean_center_header_left_menu":"0","ocean_custom_header_template":"0","ocean_custom_logo":0,"ocean_custom_retina_logo":0,"ocean_custom_logo_max_width":0,"ocean_custom_logo_tablet_max_width":0,"ocean_custom_logo_mobile_max_width":0,"ocean_custom_logo_max_height":0,"ocean_custom_logo_tablet_max_height":0,"ocean_custom_logo_mobile_max_height":0,"ocean_header_custom_menu":"0","ocean_menu_typo_font_family":"0","ocean_menu_typo_font_subset":"","ocean_menu_typo_font_size":0,"ocean_menu_typo_font_size_tablet":0,"ocean_menu_typo_font_size_mobile":0,"ocean_menu_typo_font_size_unit":"px","ocean_menu_typo_font_weight":"","ocean_menu_typo_font_weight_tablet":"","ocean_menu_typo_font_weight_mobile":"","ocean_menu_typo_transform":"","ocean_menu_typo_transform_tablet":"","ocean_menu_typo_transform_mobile":"","ocean_menu_typo_line_height":0,"ocean_menu_typo_line_height_tablet":0,"ocean_menu_typo_line_height_mobile":0,"ocean_menu_typo_line_height_unit":"","ocean_menu_typo_spacing":0,"ocean_menu_typo_spacing_tablet":0,"ocean_menu_typo_spacing_mobile":0,"ocean_menu_typo_spacing_unit":"","ocean_menu_link_color":"","ocean_menu_link_color_hover":"","ocean_menu_link_color_active":"","ocean_menu_link_background":"","ocean_menu_link_hover_background":"","ocean_menu_link_active_background":"","ocean_menu_social_links_bg":"","ocean_menu_social_hover_links_bg":"","ocean_menu_social_links_color":"","ocean_menu_social_hover_links_color":"","ocean_disable_title":"on","ocean_disable_heading":"default","ocean_post_title":"","ocean_post_subheading":"","ocean_post_title_style":"","ocean_post_title_background_color":"","ocean_post_title_background":0,"ocean_post_title_bg_image_position":"","ocean_post_title_bg_image_attachment":"","ocean_post_title_bg_image_repeat":"","ocean_post_title_bg_image_size":"","ocean_post_title_height":0,"ocean_post_title_bg_overlay":0.5,"ocean_post_title_bg_overlay_color":"","ocean_disable_breadcrumbs":"default","ocean_breadcrumbs_color":"","ocean_breadcrumbs_separator_color":"","ocean_breadcrumbs_links_color":"","ocean_breadcrumbs_links_hover_color":"","ocean_display_footer_widgets":"default","ocean_display_footer_bottom":"default","ocean_custom_footer_template":"0","footnotes":""},"class_list":["post-3634","page","type-page","status-publish","hentry","entry"],"_links":{"self":[{"href":"https:\/\/litteraturbanken.se\/skolan\/wp-json\/wp\/v2\/pages\/3634","targetHints":{"allow":["GET"]}}],"collection":[{"href":"https:\/\/litteraturbanken.se\/skolan\/wp-json\/wp\/v2\/pages"}],"about":[{"href":"https:\/\/litteraturbanken.se\/skolan\/wp-json\/wp\/v2\/types\/page"}],"author":[{"embeddable":true,"href":"https:\/\/litteraturbanken.se\/skolan\/wp-json\/wp\/v2\/users\/5"}],"replies":[{"embeddable":true,"href":"https:\/\/litteraturbanken.se\/skolan\/wp-json\/wp\/v2\/comments?post=3634"}],"version-history":[{"count":9,"href":"https:\/\/litteraturbanken.se\/skolan\/wp-json\/wp\/v2\/pages\/3634\/revisions"}],"predecessor-version":[{"id":20447,"href":"https:\/\/litteraturbanken.se\/skolan\/wp-json\/wp\/v2\/pages\/3634\/revisions\/20447"}],"wp:attachment":[{"href":"https:\/\/litteraturbanken.se\/skolan\/wp-json\/wp\/v2\/media?parent=3634"}],"curies":[{"name":"wp","href":"https:\/\/api.w.org\/{rel}","templated":true}]}}