{"id":7282,"date":"2018-10-14T22:35:52","date_gmt":"2018-10-14T20:35:52","guid":{"rendered":"https:\/\/litteraturbanken.se\/skoladev\/?page_id=7282"},"modified":"2019-06-25T16:33:14","modified_gmt":"2019-06-25T14:33:14","slug":"for-larare-litteraturlista-for-poesi","status":"publish","type":"page","link":"https:\/\/litteraturbanken.se\/skolan\/for-larare-litteraturlista-for-poesi\/","title":{"rendered":"Om LB skola\/Litteraturlista f\u00f6r poesi"},"content":{"rendered":"\t\t<div data-elementor-type=\"wp-post\" data-elementor-id=\"7282\" class=\"elementor elementor-7282\">\n\t\t\t\t\t\t<section class=\"elementor-section elementor-top-section elementor-element elementor-element-a4e25fa elementor-section-boxed elementor-section-height-default elementor-section-height-default\" data-id=\"a4e25fa\" data-element_type=\"section\" data-e-type=\"section\" data-settings=\"{&quot;background_background&quot;:&quot;classic&quot;}\">\n\t\t\t\t\t\t<div class=\"elementor-container elementor-column-gap-default\">\n\t\t\t\t\t<div class=\"elementor-column elementor-col-100 elementor-top-column elementor-element elementor-element-6f057ea\" data-id=\"6f057ea\" data-element_type=\"column\" data-e-type=\"column\">\n\t\t\t<div class=\"elementor-widget-wrap elementor-element-populated\">\n\t\t\t\t\t\t<div class=\"elementor-element elementor-element-0724d68 elementor-widget elementor-widget-spacer\" data-id=\"0724d68\" data-element_type=\"widget\" data-e-type=\"widget\" data-widget_type=\"spacer.default\">\n\t\t\t\t<div class=\"elementor-widget-container\">\n\t\t\t\t\t\t\t<div class=\"elementor-spacer\">\n\t\t\t<div class=\"elementor-spacer-inner\"><\/div>\n\t\t<\/div>\n\t\t\t\t\t\t<\/div>\n\t\t\t\t<\/div>\n\t\t\t\t\t<\/div>\n\t\t<\/div>\n\t\t\t\t\t<\/div>\n\t\t<\/section>\n\t\t\t\t<section class=\"elementor-section elementor-top-section elementor-element elementor-element-ed8e874 elementor-section-boxed elementor-section-height-default elementor-section-height-default\" data-id=\"ed8e874\" data-element_type=\"section\" data-e-type=\"section\" data-settings=\"{&quot;background_background&quot;:&quot;classic&quot;}\">\n\t\t\t\t\t\t<div class=\"elementor-container elementor-column-gap-default\">\n\t\t\t\t\t<div class=\"elementor-column elementor-col-16 elementor-top-column elementor-element elementor-element-80ac135\" data-id=\"80ac135\" data-element_type=\"column\" data-e-type=\"column\">\n\t\t\t<div class=\"elementor-widget-wrap\">\n\t\t\t\t\t\t\t<\/div>\n\t\t<\/div>\n\t\t\t\t<div class=\"elementor-column elementor-col-66 elementor-top-column elementor-element elementor-element-b5ce1e8\" data-id=\"b5ce1e8\" data-element_type=\"column\" data-e-type=\"column\" data-settings=\"{&quot;background_background&quot;:&quot;classic&quot;}\">\n\t\t\t<div class=\"elementor-widget-wrap elementor-element-populated\">\n\t\t\t\t\t\t<div class=\"elementor-element elementor-element-02f8360 elementor-widget elementor-widget-spacer\" data-id=\"02f8360\" data-element_type=\"widget\" data-e-type=\"widget\" data-widget_type=\"spacer.default\">\n\t\t\t\t<div class=\"elementor-widget-container\">\n\t\t\t\t\t\t\t<div class=\"elementor-spacer\">\n\t\t\t<div class=\"elementor-spacer-inner\"><\/div>\n\t\t<\/div>\n\t\t\t\t\t\t<\/div>\n\t\t\t\t<\/div>\n\t\t\t\t<div class=\"elementor-element elementor-element-3358961 elementor-widget elementor-widget-text-editor\" data-id=\"3358961\" data-element_type=\"widget\" data-e-type=\"widget\" data-widget_type=\"text-editor.default\">\n\t\t\t\t<div class=\"elementor-widget-container\">\n\t\t\t\t\t\t\t\t\t<h1>Litteraturlista f\u00f6r poesisidorna<\/h1><p>Altieri, Charles, \u201dTaking Lyrics Literally: Teaching Poetry in a Prose Culture\u201d i Tanya Agathocleous &amp; Ann C. Dean,\u00a0<em><span class=\"italic\">Teaching Literature. A Companion<\/span><\/em>, Basingstoke: Palgrave Macmillan 2003.<\/p><p><span style=\"font-size: 15px; letter-spacing: 0.6px;\">Andrews, Richard,<em>\u00a0<\/em><\/span><em><span class=\"italic\" style=\"font-size: 15px; letter-spacing: 0.6px;\">The Problem with Poetry<\/span><\/em><span style=\"font-size: 15px; letter-spacing: 0.6px;\">, Milton Keynes Open University Press 1991.<\/span><\/p><p><span style=\"font-size: 15px; letter-spacing: 0.6px;\">Andersson, P\u00e4r-Yngve, \u201cV\u00e4rlden \u00e4r alltid st\u00f6rre \u00e4n mina tankar: Diktl\u00e4sning, litter\u00e4r f\u00f6rst\u00e5else och k\u00e4nslom\u00e4ssig inlevelse utifr\u00e5n ett skolperspektiv\u201d i\u00a0<\/span><em><span class=\"italic\" style=\"font-size: 15px; letter-spacing: 0.6px;\">Litteratur och l\u00e4sning: Litteraturdidaktikens nya m\u00f6jligheter<\/span><\/em><span style=\"font-size: 15px; letter-spacing: 0.6px;\">, red. Maria J\u00f6nsson &amp; Anders \u00d6hman, Lund: Studentlitteratur 2015.<\/span><\/p><p><span style=\"font-size: 15px; letter-spacing: 0.6px;\">Bergsten, Staffan, Ellestr\u00f6m, Lars,\u00a0<\/span><em><span class=\"italic\" style=\"font-size: 15px; letter-spacing: 0.6px;\">Litteraturhistoriens grundbegrepp<\/span><\/em><span style=\"font-size: 15px; letter-spacing: 0.6px;\">, Lund: Studentlitteratur 2004.<\/span><\/p><p><span style=\"font-size: 15px; letter-spacing: 0.6px;\">Boglind, Ann, Nordenstam, Anna,\u00a0<\/span><em><span class=\"italic\" style=\"font-size: 15px; letter-spacing: 0.6px;\">Fr\u00e5n fabler till manga, 1, Litteraturhistoriska och didaktiska perspektiv p\u00e5 barnlitteratur<\/span><\/em><span style=\"font-size: 15px; letter-spacing: 0.6px;\">, Malm\u00f6: Gleerups utbildning 2015.<\/span><\/p><p><span style=\"font-size: 15px; letter-spacing: 0.6px;\">Boglind, Ann, Nordenstam, Anna,\u00a0<\/span><em><span class=\"italic\" style=\"font-size: 15px; letter-spacing: 0.6px;\">Fr\u00e5n fabler till manga, 2, Litteraturhistoriska och didaktiska perspektiv p\u00e5 barnlitteratur<\/span><\/em><span style=\"font-size: 15px; letter-spacing: 0.6px;\">, Malm\u00f6: Gleerups utbildning 2016.<\/span><\/p><p><span style=\"font-size: 15px; letter-spacing: 0.6px;\">Degerman, Peter, \u201dL\u00e4sa n\u00e4rmare: Det poetiska spr\u00e5kets motst\u00e5nd i den pedagogiska situationen\u201d, i\u00a0<\/span><em><span class=\"italic\" style=\"font-size: 15px; letter-spacing: 0.6px;\">Litteratur och l\u00e4sning: Litteraturdidaktikens nya m\u00f6jligheter<\/span><\/em><span style=\"font-size: 15px; letter-spacing: 0.6px;\">, red. Maria J\u00f6nsson &amp; Anders \u00d6hman, Lund: Studentlitteratur 2015.<\/span><\/p><p><span style=\"font-size: 15px; letter-spacing: 0.6px;\">Graves, Donald H.,\u00a0<\/span><em><span class=\"italic\" style=\"font-size: 15px; letter-spacing: 0.6px;\">Explore Poetry<\/span><\/em><span style=\"font-size: 15px; letter-spacing: 0.6px;\">, (i serien The Reading\/Writing Teacher\u2019s Companion), Portmouth, N.H.:Heinemann 1992.<\/span><\/p><p><span style=\"font-size: 15px; letter-spacing: 0.6px;\">Ellestr\u00f6m, Lars,\u00a0<\/span><em><span class=\"italic\" style=\"font-size: 15px; letter-spacing: 0.6px;\">Lyrikanalys: En introduktion<\/span><\/em><span style=\"font-size: 15px; letter-spacing: 0.6px;\">. Lund: Studentlitteratur 1999.<\/span><\/p><p><span style=\"font-size: 15px; letter-spacing: 0.6px;\">Hall, Linda,\u00a0<\/span><em><span class=\"italic\" style=\"font-size: 15px; letter-spacing: 0.6px;\">Poetry for life: A Practical Guide to Teaching Poetry in the Primary School<\/span><\/em><span style=\"font-size: 15px; letter-spacing: 0.6px;\">, London: Cassel Educational Limited 1989.<\/span><\/p><p><span style=\"font-size: 15px; letter-spacing: 0.6px;\">Heard, Georgia,\u00a0<\/span><em><span class=\"italic\" style=\"font-size: 15px; letter-spacing: 0.6px;\">For the Good of the Earth and Sun. Teaching Poetry<\/span><\/em><span style=\"font-size: 15px; letter-spacing: 0.6px;\">, Portsmouth, New Hampshire: <\/span><span style=\"font-size: 15px; letter-spacing: 0.6px;\">Heineman 1989.\u00a0<\/span><\/p><p><em><span class=\"italic\" style=\"font-size: 15px; letter-spacing: 0.6px;\">Allt gott p\u00e5 jorden och i solen: om dikt och diktskrivning<\/span><\/em><span style=\"font-size: 15px; letter-spacing: 0.6px;\">, G\u00f6teborg: Daidalos 2007.<\/span><\/p><p><span style=\"font-size: 15px; letter-spacing: 0.6px;\">Janss, Christian, Melberg, Arne, Refsum, Christian,\u00a0<\/span><em><span class=\"italic\" style=\"font-size: 15px; letter-spacing: 0.6px;\">Lyrikens liv. Introduktion till att l\u00e4sa dikt<\/span><\/em><span style=\"font-size: 15px; letter-spacing: 0.6px;\">. G\u00f6teborg: Daidalos 2004.<\/span><\/p><p><span style=\"font-size: 15px; letter-spacing: 0.6px;\">Key- \u00c5berg, Sandro &amp; Olsson, Mats,\u00a0<\/span><em><span class=\"italic\" style=\"font-size: 15px; letter-spacing: 0.6px;\">Poetisk lek<\/span><\/em><span style=\"font-size: 15px; letter-spacing: 0.6px;\">, Uppsala: Medborgarskolan, 1961.<\/span><\/p><p><span style=\"font-size: 15px; letter-spacing: 0.6px;\">Koch, Kenneth, Rose,\u00a0<\/span><em><span class=\"italic\" style=\"font-size: 15px; letter-spacing: 0.6px;\">Where Did You Get That Red? Teaching Great Poetry to Children<\/span><\/em><span style=\"font-size: 15px; letter-spacing: 0.6px;\">, New York Vintage Books 1973, 1990.<\/span><\/p><p><span style=\"font-size: 15px; letter-spacing: 0.6px;\">Lilja, Eva,\u00a0<\/span><em><span class=\"italic\" style=\"font-size: 15px; letter-spacing: 0.6px;\">Svensk versl\u00e4ra<\/span><\/em><span style=\"font-size: 15px; letter-spacing: 0.6px;\">, Stockholm: Norstedts Akademiska f\u00f6rlag 2008.<\/span><\/p><p><span style=\"font-size: 15px; letter-spacing: 0.6px;\">Nodelman, Perry,\u00a0<\/span><em><span class=\"italic\" style=\"font-size: 15px; letter-spacing: 0.6px;\">The Pleasures of Children\u2019s Literature<\/span><\/em><span style=\"font-size: 15px; letter-spacing: 0.6px;\">, New York: Longmans Publishers 1996.<\/span><\/p><p><span style=\"font-size: 15px; letter-spacing: 0.6px;\">Nordlund, Anna,\u00a0<\/span><em><span class=\"italic\" style=\"font-size: 15px; letter-spacing: 0.6px;\">Varf\u00f6r litteraturvetenskap?: en \u00e4mnesintroduktion f\u00f6r nya studenter<\/span><\/em><span style=\"font-size: 15px; letter-spacing: 0.6px;\">, Lund: Studentlitteratur 2013.<\/span><\/p><p><span style=\"font-size: 15px; letter-spacing: 0.6px;\">Pramling, Niklas, Pramling Samuelsson Ingrid,\u00a0<\/span><em><span class=\"italic\" style=\"font-size: 15px; letter-spacing: 0.6px;\">Glittrig diamant dansar. Sm\u00e5 barn och spr\u00e5kdidaktik<\/span><\/em><span style=\"font-size: 15px; letter-spacing: 0.6px;\">, Stockholm: Norstedts 2010.<\/span><\/p><p><span style=\"font-size: 15px; letter-spacing: 0.6px;\">Pramling Samuelsson, Ingrid, Asplund Carlsson, Maj, Olsson, Bengt, Pramling, Niklas &amp; Wallerstedt, Cecilia,\u00a0<\/span><em><span class=\"italic\" style=\"font-size: 15px; letter-spacing: 0.6px;\">Konsten att l\u00e4ra barn estetik: en utvecklingspedagogisk studie av barns kunnande inom musik, poesi och dans<\/span><\/em><span style=\"font-size: 15px; letter-spacing: 0.6px;\">, Stockholm: Norstedts 2015<\/span><\/p><p><span style=\"font-size: 15px; letter-spacing: 0.6px;\">Probst, Robert E.\u00a0<\/span><em><span class=\"italic\" style=\"font-size: 15px; letter-spacing: 0.6px;\">Response &amp; Analysis. Teaching Literature in Secondary School<\/span><\/em><span style=\"font-size: 15px; letter-spacing: 0.6px;\">, Portsmouth, New Hampshire: Heineman 2004.<\/span><\/p><p><span style=\"font-size: 15px; letter-spacing: 0.6px;\">Sigvardsson, Anna,\u00a0<\/span><em><span class=\"italic\" style=\"font-size: 15px; letter-spacing: 0.6px;\">Att undervisa i poesi f\u00f6r \u00e4ldre elever. En didaktisk studie av fyra amerikanska l\u00e4romedel<\/span><\/em><span style=\"font-size: 15px; letter-spacing: 0.6px;\"><em>.<\/em>, Magisterarbete, PDF, Lule\u00e5 tekniska universitet 2013.<\/span><\/p><p><span style=\"font-size: 15px; letter-spacing: 0.6px;\">Skolverket,\u00a0<\/span><em><span class=\"italic\" style=\"font-size: 15px; letter-spacing: 0.6px;\">L\u00e4roplan f\u00f6r grundskolan, f\u00f6rskoleklassen och fritidshemmet<\/span><\/em><span style=\"font-size: 15px; letter-spacing: 0.6px;\"><em>\u00a0<\/em>2011.<\/span><\/p><p><span style=\"font-size: 15px; letter-spacing: 0.6px;\">Skolverket,\u00a0<\/span><em><span class=\"italic\" style=\"font-size: 15px; letter-spacing: 0.6px;\">L\u00e4roplan, examensm\u00e5l och gymnasiegemensamma \u00e4mnen f\u00f6r gymnasieskolan<\/span><\/em><span style=\"font-size: 15px; letter-spacing: 0.6px;\">\u00a02011.<\/span><\/p><p><span style=\"font-size: 15px; letter-spacing: 0.6px;\">Stensson, Britta, Johanson Kristeberg, Ewa,\u00a0<\/span><em><span class=\"italic\" style=\"font-size: 15px; letter-spacing: 0.6px;\">Sm\u00e5 storverk. Om barn, poesi och musik<\/span><\/em><span style=\"font-size: 15px; letter-spacing: 0.6px;\">, M\u00f6lndal: F\u00f6rlaget Lutfisken 1998.<\/span><\/p><p><span style=\"font-size: 15px; letter-spacing: 0.6px;\">Svensson, Cai,\u00a0<\/span><em><span class=\"italic\" style=\"font-size: 15px; letter-spacing: 0.6px;\">The Construction of Poetic Meaning. A cultural-developmental study of symbolic and non-symbolic strategies in the interpretation of contemporary poetry<\/span><\/em><span style=\"font-size: 15px; letter-spacing: 0.6px;\">, Malm\u00f6: Liber 1985.<\/span><\/p><p><span style=\"font-size: 15px; letter-spacing: 0.6px;\">Svensson, Cai,\u00a0<\/span><em><span class=\"italic\" style=\"font-size: 15px; letter-spacing: 0.6px;\">Att ge mening \u00e5t sk\u00f6nlitteratur: Om barns och ungdomars utveckling till l\u00e4sare<\/span><\/em><span style=\"font-size: 15px; letter-spacing: 0.6px;\">. Link\u00f6pings universitet 1988.<\/span><\/p><p><span style=\"font-size: 15px; letter-spacing: 0.6px;\">Tjukovskij, Kornej,\u00a0<\/span><em><span class=\"italic\" style=\"font-size: 15px; letter-spacing: 0.6px;\">Fr\u00e5n tv\u00e5 till fem \u00e5r<\/span><\/em><span style=\"font-size: 15px; letter-spacing: 0.6px;\">, Stockholm: Gidlund i samarbete med Svenska Barnboksinstitutet 1976<\/span><\/p><p><span style=\"font-size: 15px; letter-spacing: 0.6px;\">Wolf, Lars,\u00a0<\/span><em><span class=\"italic\" style=\"font-size: 15px; letter-spacing: 0.6px;\">Till dig en bl\u00e5 tussilago. Att l\u00e4sa och skriva lyrik i skolan<\/span><\/em><span style=\"font-size: 15px; letter-spacing: 0.6px;\">. Lund: Studentlitteratur 1997.<\/span><\/p><p><span style=\"font-size: 15px; letter-spacing: 0.6px;\">Wolf, Lars,<em>\u00a0<\/em><\/span><em><span class=\"italic\" style=\"font-size: 15px; letter-spacing: 0.6px;\">\u2026 och en fr\u00e4ck f\u00f6rg\u00e4tmigej. Mer om att l\u00e4sa och skriva poesi i skolan<\/span><\/em><span style=\"font-size: 15px; letter-spacing: 0.6px;\">, Lund: Studentlitteratur 2003.<\/span><\/p>\t\t\t\t\t\t\t\t<\/div>\n\t\t\t\t<\/div>\n\t\t\t\t<div class=\"elementor-element elementor-element-f3dc4d0 elementor-widget elementor-widget-spacer\" data-id=\"f3dc4d0\" data-element_type=\"widget\" data-e-type=\"widget\" data-widget_type=\"spacer.default\">\n\t\t\t\t<div class=\"elementor-widget-container\">\n\t\t\t\t\t\t\t<div class=\"elementor-spacer\">\n\t\t\t<div class=\"elementor-spacer-inner\"><\/div>\n\t\t<\/div>\n\t\t\t\t\t\t<\/div>\n\t\t\t\t<\/div>\n\t\t\t\t\t<\/div>\n\t\t<\/div>\n\t\t\t\t<div class=\"elementor-column elementor-col-16 elementor-top-column elementor-element elementor-element-1a728c3\" data-id=\"1a728c3\" data-element_type=\"column\" data-e-type=\"column\">\n\t\t\t<div class=\"elementor-widget-wrap\">\n\t\t\t\t\t\t\t<\/div>\n\t\t<\/div>\n\t\t\t\t\t<\/div>\n\t\t<\/section>\n\t\t\t\t<section class=\"elementor-section elementor-top-section elementor-element elementor-element-3893ea4 elementor-section-boxed elementor-section-height-default elementor-section-height-default\" data-id=\"3893ea4\" data-element_type=\"section\" data-e-type=\"section\" data-settings=\"{&quot;background_background&quot;:&quot;classic&quot;}\">\n\t\t\t\t\t\t<div class=\"elementor-container elementor-column-gap-default\">\n\t\t\t\t\t<div class=\"elementor-column elementor-col-100 elementor-top-column elementor-element elementor-element-1584830\" data-id=\"1584830\" data-element_type=\"column\" data-e-type=\"column\">\n\t\t\t<div class=\"elementor-widget-wrap elementor-element-populated\">\n\t\t\t\t\t\t<div class=\"elementor-element elementor-element-8eb702d elementor-widget elementor-widget-spacer\" data-id=\"8eb702d\" data-element_type=\"widget\" data-e-type=\"widget\" data-widget_type=\"spacer.default\">\n\t\t\t\t<div class=\"elementor-widget-container\">\n\t\t\t\t\t\t\t<div class=\"elementor-spacer\">\n\t\t\t<div class=\"elementor-spacer-inner\"><\/div>\n\t\t<\/div>\n\t\t\t\t\t\t<\/div>\n\t\t\t\t<\/div>\n\t\t\t\t\t<\/div>\n\t\t<\/div>\n\t\t\t\t\t<\/div>\n\t\t<\/section>\n\t\t\t\t<\/div>\n\t\t","protected":false},"excerpt":{"rendered":"<p>Litteraturlista f\u00f6r poesisidorna Altieri, Charles, \u201dTaking Lyrics Literally: Teaching Poetry in a Prose Culture\u201d i Tanya Agathocleous &amp; Ann C. Dean,\u00a0Teaching Literature. A Companion, Basingstoke: Palgrave Macmillan 2003. Andrews, Richard,\u00a0The Problem with Poetry, Milton Keynes Open University Press 1991. Andersson, P\u00e4r-Yngve, \u201cV\u00e4rlden \u00e4r alltid st\u00f6rre \u00e4n mina tankar: Diktl\u00e4sning, litter\u00e4r f\u00f6rst\u00e5else och k\u00e4nslom\u00e4ssig inlevelse utifr\u00e5n [&hellip;]<\/p>\n","protected":false},"author":5,"featured_media":0,"parent":0,"menu_order":0,"comment_status":"closed","ping_status":"closed","template":"","meta":{"ocean_post_layout":"full-screen","ocean_both_sidebars_style":"","ocean_both_sidebars_content_width":0,"ocean_both_sidebars_sidebars_width":0,"ocean_sidebar":"0","ocean_second_sidebar":"0","ocean_disable_margins":"enable","ocean_add_body_class":"","ocean_shortcode_before_top_bar":"","ocean_shortcode_after_top_bar":"","ocean_shortcode_before_header":"","ocean_shortcode_after_header":"","ocean_has_shortcode":"","ocean_shortcode_after_title":"","ocean_shortcode_before_footer_widgets":"","ocean_shortcode_after_footer_widgets":"","ocean_shortcode_before_footer_bottom":"","ocean_shortcode_after_footer_bottom":"","ocean_display_top_bar":"default","ocean_display_header":"default","ocean_header_style":"","ocean_center_header_left_menu":"0","ocean_custom_header_template":"0","ocean_custom_logo":0,"ocean_custom_retina_logo":0,"ocean_custom_logo_max_width":0,"ocean_custom_logo_tablet_max_width":0,"ocean_custom_logo_mobile_max_width":0,"ocean_custom_logo_max_height":0,"ocean_custom_logo_tablet_max_height":0,"ocean_custom_logo_mobile_max_height":0,"ocean_header_custom_menu":"0","ocean_menu_typo_font_family":"0","ocean_menu_typo_font_subset":"","ocean_menu_typo_font_size":0,"ocean_menu_typo_font_size_tablet":0,"ocean_menu_typo_font_size_mobile":0,"ocean_menu_typo_font_size_unit":"px","ocean_menu_typo_font_weight":"","ocean_menu_typo_font_weight_tablet":"","ocean_menu_typo_font_weight_mobile":"","ocean_menu_typo_transform":"","ocean_menu_typo_transform_tablet":"","ocean_menu_typo_transform_mobile":"","ocean_menu_typo_line_height":0,"ocean_menu_typo_line_height_tablet":0,"ocean_menu_typo_line_height_mobile":0,"ocean_menu_typo_line_height_unit":"","ocean_menu_typo_spacing":0,"ocean_menu_typo_spacing_tablet":0,"ocean_menu_typo_spacing_mobile":0,"ocean_menu_typo_spacing_unit":"","ocean_menu_link_color":"","ocean_menu_link_color_hover":"","ocean_menu_link_color_active":"","ocean_menu_link_background":"","ocean_menu_link_hover_background":"","ocean_menu_link_active_background":"","ocean_menu_social_links_bg":"","ocean_menu_social_hover_links_bg":"","ocean_menu_social_links_color":"","ocean_menu_social_hover_links_color":"","ocean_disable_title":"on","ocean_disable_heading":"default","ocean_post_title":"","ocean_post_subheading":"","ocean_post_title_style":"","ocean_post_title_background_color":"","ocean_post_title_background":0,"ocean_post_title_bg_image_position":"","ocean_post_title_bg_image_attachment":"","ocean_post_title_bg_image_repeat":"","ocean_post_title_bg_image_size":"","ocean_post_title_height":0,"ocean_post_title_bg_overlay":0.5,"ocean_post_title_bg_overlay_color":"","ocean_disable_breadcrumbs":"default","ocean_breadcrumbs_color":"","ocean_breadcrumbs_separator_color":"","ocean_breadcrumbs_links_color":"","ocean_breadcrumbs_links_hover_color":"","ocean_display_footer_widgets":"default","ocean_display_footer_bottom":"default","ocean_custom_footer_template":"0","footnotes":""},"class_list":["post-7282","page","type-page","status-publish","hentry","entry"],"_links":{"self":[{"href":"https:\/\/litteraturbanken.se\/skolan\/wp-json\/wp\/v2\/pages\/7282","targetHints":{"allow":["GET"]}}],"collection":[{"href":"https:\/\/litteraturbanken.se\/skolan\/wp-json\/wp\/v2\/pages"}],"about":[{"href":"https:\/\/litteraturbanken.se\/skolan\/wp-json\/wp\/v2\/types\/page"}],"author":[{"embeddable":true,"href":"https:\/\/litteraturbanken.se\/skolan\/wp-json\/wp\/v2\/users\/5"}],"replies":[{"embeddable":true,"href":"https:\/\/litteraturbanken.se\/skolan\/wp-json\/wp\/v2\/comments?post=7282"}],"version-history":[{"count":14,"href":"https:\/\/litteraturbanken.se\/skolan\/wp-json\/wp\/v2\/pages\/7282\/revisions"}],"predecessor-version":[{"id":18567,"href":"https:\/\/litteraturbanken.se\/skolan\/wp-json\/wp\/v2\/pages\/7282\/revisions\/18567"}],"wp:attachment":[{"href":"https:\/\/litteraturbanken.se\/skolan\/wp-json\/wp\/v2\/media?parent=7282"}],"curies":[{"name":"wp","href":"https:\/\/api.w.org\/{rel}","templated":true}]}}