{"id":9153,"date":"2018-12-09T21:19:37","date_gmt":"2018-12-09T20:19:37","guid":{"rendered":"https:\/\/litteraturbanken.se\/skoladev\/?page_id=9153"},"modified":"2020-03-02T13:45:29","modified_gmt":"2020-03-02T12:45:29","slug":"poesi-forfattare-gustaf-froding-blixten","status":"publish","type":"page","link":"https:\/\/litteraturbanken.se\/skolan\/poesi-forfattare-gustaf-froding-blixten\/","title":{"rendered":"Poesi\/F\u00f6rfattare\/Gustaf Fr\u00f6ding\/Blixten"},"content":{"rendered":"\t\t<div data-elementor-type=\"wp-post\" data-elementor-id=\"9153\" class=\"elementor elementor-9153\">\n\t\t\t\t\t\t<section class=\"elementor-section elementor-top-section elementor-element elementor-element-136cd77 elementor-section-boxed elementor-section-height-default elementor-section-height-default\" data-id=\"136cd77\" data-element_type=\"section\" data-e-type=\"section\">\n\t\t\t\t\t\t<div class=\"elementor-container elementor-column-gap-default\">\n\t\t\t\t\t<div class=\"elementor-column elementor-col-100 elementor-top-column elementor-element elementor-element-4522993\" data-id=\"4522993\" data-element_type=\"column\" data-e-type=\"column\">\n\t\t\t<div class=\"elementor-widget-wrap elementor-element-populated\">\n\t\t\t\t\t\t<div class=\"elementor-element elementor-element-bdb60ff elementor-widget elementor-widget-spacer\" data-id=\"bdb60ff\" data-element_type=\"widget\" data-e-type=\"widget\" data-widget_type=\"spacer.default\">\n\t\t\t\t<div class=\"elementor-widget-container\">\n\t\t\t\t\t\t\t<div class=\"elementor-spacer\">\n\t\t\t<div class=\"elementor-spacer-inner\"><\/div>\n\t\t<\/div>\n\t\t\t\t\t\t<\/div>\n\t\t\t\t<\/div>\n\t\t\t\t\t<\/div>\n\t\t<\/div>\n\t\t\t\t\t<\/div>\n\t\t<\/section>\n\t\t\t\t<section class=\"elementor-section elementor-inner-section elementor-element elementor-element-b08947b elementor-section-boxed elementor-section-height-default elementor-section-height-default\" data-id=\"b08947b\" data-element_type=\"section\" data-e-type=\"section\">\n\t\t\t\t\t\t<div class=\"elementor-container elementor-column-gap-default\">\n\t\t\t\t\t<div class=\"elementor-column elementor-col-66 elementor-inner-column elementor-element elementor-element-85a3003\" data-id=\"85a3003\" data-element_type=\"column\" data-e-type=\"column\" data-settings=\"{&quot;background_background&quot;:&quot;classic&quot;}\">\n\t\t\t<div class=\"elementor-widget-wrap elementor-element-populated\">\n\t\t\t\t\t\t<div class=\"elementor-element elementor-element-fd16fd8 elementor-widget elementor-widget-heading\" data-id=\"fd16fd8\" data-element_type=\"widget\" data-e-type=\"widget\" data-widget_type=\"heading.default\">\n\t\t\t\t<div class=\"elementor-widget-container\">\n\t\t\t\t\t<h2 class=\"elementor-heading-title elementor-size-default\">Blixten<\/h2>\t\t\t\t<\/div>\n\t\t\t\t<\/div>\n\t\t\t\t<div class=\"elementor-element elementor-element-1580b67 elementor-widget elementor-widget-text-editor\" data-id=\"1580b67\" data-element_type=\"widget\" data-e-type=\"widget\" data-widget_type=\"text-editor.default\">\n\t\t\t\t<div class=\"elementor-widget-container\">\n\t\t\t\t\t\t\t\t\t<p>Av <a href=\"https:\/\/litteraturbanken.se\/skolan\/?page_id=113\"><em>Gustaf Fr\u00f6ding<\/em><\/a><\/p>\t\t\t\t\t\t\t\t<\/div>\n\t\t\t\t<\/div>\n\t\t\t\t<div class=\"elementor-element elementor-element-2dce419 elementor-widget elementor-widget-text-editor\" data-id=\"2dce419\" data-element_type=\"widget\" data-e-type=\"widget\" data-widget_type=\"text-editor.default\">\n\t\t\t\t<div class=\"elementor-widget-container\">\n\t\t\t\t\t\t\t\t\t<p><strong>Ur:<\/strong>\u00a0<em>Nya dikter\u00a0<\/em>(1894) \u00a0 \u00a0<strong>\u00c5rskurs:<\/strong> Gymnasium \u00a0 \u00a0<strong>Tema:<\/strong> Folktro och skr\u00e4ck<\/p>\t\t\t\t\t\t\t\t<\/div>\n\t\t\t\t<\/div>\n\t\t\t\t<div class=\"elementor-element elementor-element-11866fe elementor-widget elementor-widget-text-editor\" data-id=\"11866fe\" data-element_type=\"widget\" data-e-type=\"widget\" data-widget_type=\"text-editor.default\">\n\t\t\t\t<div class=\"elementor-widget-container\">\n\t\t\t\t\t\t\t\t\t<p>Han\u00a0var\u00a0svart\u00a0av\u00a0sot\u00a0och\u00a0av\u00a0landsv\u00e4gsdamm,<br \/>d\u00e4r\u00a0han\u00a0vandrade\u00a0v\u00e4gen\u00a0fram,<br \/>i\u00a0hans\u00a0\u00f6gonbryn,<br \/>i\u00a0hans\u00a0h\u00f6kuppsyn<br \/>var\u00a0ett\u00a0tycke\u00a0av\u00a0tattarestam.<br \/><br \/>Och\u00a0hans\u00a0\u00f6gon\u00a0bl\u00e4ngde\u00a0s\u00e5\u00a0svart\u00a0som\u00a0sot<br \/>och\u00a0s\u00e5\u00a0blankt\u00a0som\u00a0hans\u00a0sotareklot<br \/>och\u00a0ibland\u00a0med\u00a0list<br \/>och\u00a0ibland\u00a0med\u00a0ett\u00a0visst<br \/>litet\u00a0tycke\u00a0av\u00a0vildhet\u00a0och\u00a0hot.<br \/><br \/>\u00d6ver\u00a0panna\u00a0och\u00a0hals\u00a0l\u00e5go\u00a0vilda\u00a0sn\u00e5r<br \/>av\u00a0hans\u00a0svarta\u00a0och\u00a0toviga\u00a0h\u00e5r<br \/>och\u00a0d\u00e4rovan\u00a0satt<br \/>p\u00e5\u00a0tre\u00a0kvart\u00a0en\u00a0hatt,<br \/>som\u00a0visst\u00a0inte\u00a0var\u00a0ny\u00a0i\u00a0g\u00e5r.<br \/><br \/>Och\u00a0hans\u00a0namn\u00a0stod\u00a0ej\u00a0skrivet\u00a0i\u00a0pr\u00e4stens\u00a0bok,<br \/>p\u00e5\u00a0hans\u00a0hemstam\u00a0blev\u00a0ingen\u00a0klok,<br \/>han\u00a0var\u00a0ingens\u00a0son,<br \/>vete\u00a0Gud\u00a0varifr\u00e5n<br \/>honom\u00a0slumpen\u00a0i\u00a0livet\u00a0vrok.<br \/><br \/>Genom\u00a0sommar\u00a0och\u00a0vinter\u00a0och\u00a0solsken\u00a0och\u00a0yr<br \/>\u00f6ver\u00a0fall,\u00a0\u00f6ver\u00a0mo,\u00a0\u00f6ver\u00a0myr,<br \/>\u00f6ver\u00a0berg,\u00a0\u00f6ver\u00a0hed<br \/>gick\u00a0hans\u00a0vandrareled<br \/>under\u00a0ensliga\u00a0\u00e4ventyr.<br \/><br \/>Och\u00a0d\u00e4r\u00a0stig\u00a0ej\u00a0fanns\u00a0och\u00a0d\u00e4r\u00a0foten\u00a0slant<br \/>utf\u00f6r\u00a0barrig\u00a0och\u00a0halkig\u00a0brant<br \/>kom\u00a0han\u00a0pl\u00f6tsligt\u00a0ut<br \/>vid\u00a0en\u00a0skogstorpsknut<br \/>eller\u00a0ock\u00a0vid\u00a0en\u00a0landsv\u00e4gskant.<br \/><br \/>Men\u00a0varhelst\u00a0han\u00a0kom,\u00a0blev\u00a0det\u00a0liv\u00a0i\u00a0lek<br \/>och\u00a0det\u00a0mulna\u00a0i\u00a0minerna\u00a0vek<br \/>och\u00a0det\u00a0bj\u00f6ds\u00a0p\u00e5\u00a0sup,<br \/>b\u00e5de\u00a0l\u00e5ng\u00a0och\u00a0djup<br \/>och\u00a0man\u00a0skrattade,\u00a0svor\u00a0och\u00a0skrek.<br \/><br \/>Ty\u00a0i\u00a0r\u00e4gglor\u00a0och\u00a0ramsor\u00a0var\u00a0Blixten\u00a0sl\u00e4ngd<br \/>och\u00a0visor\u00a0han\u00a0kunde\u00a0i\u00a0m\u00e4ngd,<br \/>och\u00a0han\u00a0sj\u00f6ng\u00a0och\u00a0han\u00a0lj\u00f6g,<br \/>medan\u00a0pipan\u00a0han\u00a0s\u00f6g<br \/>med\u00a0en\u00a0uppsyn,\u00a0f\u00f6rbistrat\u00a0bef\u00e4ngd.<br \/><br \/>Och\u00a0han\u00a0ramsade\u00a0r\u00e4gglor\u00a0om\u00a0h\u00e4xor\u00a0och\u00a0troll<br \/>och\u00a0om\u00a0irrf\u00e4rder\u00a0rakt\u00a0bort\u00a0i\u00a0stoll<br \/>och\u00a0om\u00a0Hin\u00a0och\u00a0hans\u00a0mor<br \/>och\u00a0hur\u00a0sj\u00e4lv\u00a0han\u00a0for<br \/>med\u00a0Hin\u00a0Onde\u00a0till\u00a0m\u00e5nen\u00a0i\u00a0s\u00e5ll.<br \/><br \/>Eller\u00a0ock\u00a0satt\u00a0han\u00a0h\u00f6gt\u00a0\u00f6ver\u00a0svalornas\u00a0bon<br \/>som\u00a0en\u00a0kung,\u00a0som\u00a0en\u00a0kung\u00a0p\u00e5\u00a0sin\u00a0tron,<br \/>med\u00a0sin\u00a0svarta\u00a0kropp<br \/>p\u00e5\u00a0en\u00a0skorstenstopp<br \/>lik\u00a0Hin\u00a0Onde\u00a0i\u00a0egen\u00a0person.<br \/><br \/>Och\u00a0han\u00a0visslade\u00a0vasst\u00a0och\u00a0han\u00a0joddlade\u00a0g\u00e4llt,<br \/>s\u00e5\u00a0det\u00a0lj\u00f6d\u00a0\u00f6ver\u00a0dalar\u00a0och\u00a0f\u00e4lt,<br \/>n\u00e4r\u00a0han\u00a0sv\u00e4ngde\u00a0sin\u00a0kvast<br \/>och\u00a0med\u00a0br\u00e5dsnabb\u00a0hast<br \/>gjorde\u00a0fejningen\u00a0bonden\u00a0best\u00e4llt.<\/p>\t\t\t\t\t\t\t\t<\/div>\n\t\t\t\t<\/div>\n\t\t\t\t\t<\/div>\n\t\t<\/div>\n\t\t\t\t<div class=\"elementor-column elementor-col-33 elementor-inner-column elementor-element elementor-element-6f20c4f\" data-id=\"6f20c4f\" data-element_type=\"column\" data-e-type=\"column\">\n\t\t\t<div class=\"elementor-widget-wrap elementor-element-populated\">\n\t\t\t\t\t\t<div class=\"elementor-element elementor-element-41d6ec4 elementor-widget elementor-widget-wp-widget-media_audio\" data-id=\"41d6ec4\" data-element_type=\"widget\" data-e-type=\"widget\" data-widget_type=\"wp-widget-media_audio.default\">\n\t\t\t\t<div class=\"elementor-widget-container\">\n\t\t\t\t\t<h5>Dick Cla\u00e9sson l\u00e4ser \u201dBlixten\u201d av Gustaf Fr\u00f6ding.<\/h5><audio class=\"wp-audio-shortcode\" id=\"audio-9153-1\" preload=\"none\" style=\"width: 100%;\" controls=\"controls\"><source type=\"audio\/mpeg\" src=\"https:\/\/litteraturbanken.se\/skolan\/wp-content\/uploads\/2019\/03\/froding_blixten_claesson.mp3?_=1\" \/><source type=\"audio\/mpeg\" src=\"https:\/\/litteraturbanken.se\/skolan\/wp-content\/uploads\/2019\/03\/froding_blixten_claesson.mp3?_=1\" \/><a href=\"https:\/\/litteraturbanken.se\/skolan\/wp-content\/uploads\/2019\/03\/froding_blixten_claesson.mp3\">https:\/\/litteraturbanken.se\/skolan\/wp-content\/uploads\/2019\/03\/froding_blixten_claesson.mp3<\/a><\/audio>\t\t\t\t<\/div>\n\t\t\t\t<\/div>\n\t\t\t\t<div class=\"elementor-element elementor-element-b85bf9d elementor-icon-list--layout-traditional elementor-list-item-link-full_width elementor-widget elementor-widget-icon-list\" data-id=\"b85bf9d\" data-element_type=\"widget\" data-e-type=\"widget\" data-widget_type=\"icon-list.default\">\n\t\t\t\t<div class=\"elementor-widget-container\">\n\t\t\t\t\t\t\t<ul class=\"elementor-icon-list-items\">\n\t\t\t\t\t\t\t<li class=\"elementor-icon-list-item\">\n\t\t\t\t\t\t\t\t\t\t\t<a href=\"https:\/\/litteraturbanken.se\/forfattare\/FrodingG\/titlar\/NyaDikter\/sida\/33\/etext\" target=\"_blank\">\n\n\t\t\t\t\t\t\t\t\t\t\t\t<span class=\"elementor-icon-list-icon\">\n\t\t\t\t\t\t\t\t\t\t\t\t\t\t\t\t<i class=\"fa fa-file-text-o\" aria-hidden=\"true\"><\/i>\n\t\t\t\t\t\t\t\t\t\t\t\t\t<\/span>\n\t\t\t\t\t\t\t\t\t\t<span class=\"elementor-icon-list-text\">L\u00e4s dikten p\u00e5 Litteraturbanken<\/span>\n\t\t\t\t\t\t\t\t\t\t\t<\/a>\n\t\t\t\t\t\t\t\t\t<\/li>\n\t\t\t\t\t\t\t\t<li class=\"elementor-icon-list-item\">\n\t\t\t\t\t\t\t\t\t\t\t<a href=\"https:\/\/litteraturbanken.se\/skolan\/?page_id=261\" target=\"_blank\">\n\n\t\t\t\t\t\t\t\t\t\t\t\t<span class=\"elementor-icon-list-icon\">\n\t\t\t\t\t\t\t\t\t\t\t\t\t\t\t\t<i class=\"fa fa-file-text-o\" aria-hidden=\"true\"><\/i>\n\t\t\t\t\t\t\t\t\t\t\t\t\t<\/span>\n\t\t\t\t\t\t\t\t\t\t<span class=\"elementor-icon-list-text\">Termer och begrepp<\/span>\n\t\t\t\t\t\t\t\t\t\t\t<\/a>\n\t\t\t\t\t\t\t\t\t<\/li>\n\t\t\t\t\t\t<\/ul>\n\t\t\t\t\t\t<\/div>\n\t\t\t\t<\/div>\n\t\t\t\t<div class=\"elementor-element elementor-element-cd8ee28 elementor-align-center elementor-widget elementor-widget-button\" data-id=\"cd8ee28\" data-element_type=\"widget\" data-e-type=\"widget\" data-widget_type=\"button.default\">\n\t\t\t\t<div class=\"elementor-widget-container\">\n\t\t\t\t\t\t\t\t\t<div class=\"elementor-button-wrapper\">\n\t\t\t\t\t<a class=\"elementor-button elementor-button-link elementor-size-md elementor-animation-grow\" href=\"#uppgiftF-3\">\n\t\t\t\t\t\t<span class=\"elementor-button-content-wrapper\">\n\t\t\t\t\t\t<span class=\"elementor-button-icon\">\n\t\t\t\t\t\t\t\t\t<i class=\"fa fa-pencil\" aria-hidden=\"true\"><\/i>\n\t\t\t\t\t\t\t<\/span>\n\t\t\t\t\t\t\t\t\t<span class=\"elementor-button-text\">Uppgift, Gymnasium<\/span>\n\t\t\t\t\t<\/span>\n\t\t\t\t\t<\/a>\n\t\t\t\t<\/div>\n\t\t\t\t\t\t\t\t<\/div>\n\t\t\t\t<\/div>\n\t\t\t\t<div class=\"elementor-element elementor-element-8c6567b elementor-widget elementor-widget-image\" data-id=\"8c6567b\" data-element_type=\"widget\" data-e-type=\"widget\" data-widget_type=\"image.default\">\n\t\t\t\t<div class=\"elementor-widget-container\">\n\t\t\t\t\t\t\t\t\t\t\t\t\t\t\t<img fetchpriority=\"high\" decoding=\"async\" width=\"300\" height=\"300\" src=\"https:\/\/litteraturbanken.se\/skolan\/wp-content\/uploads\/2019\/03\/lb_skolan_2019_knapp_f\u00f6rfattarbild_bl\u00e5-e1553013682353.jpg\" class=\"attachment-full size-full wp-image-13725\" alt=\"\" \/>\t\t\t\t\t\t\t\t\t\t\t\t\t\t\t<\/div>\n\t\t\t\t<\/div>\n\t\t\t\t\t<\/div>\n\t\t<\/div>\n\t\t\t\t\t<\/div>\n\t\t<\/section>\n\t\t\t\t<section class=\"elementor-section elementor-top-section elementor-element elementor-element-83c17a0 elementor-section-boxed elementor-section-height-default elementor-section-height-default\" data-id=\"83c17a0\" data-element_type=\"section\" data-e-type=\"section\">\n\t\t\t\t\t\t<div class=\"elementor-container elementor-column-gap-default\">\n\t\t\t\t\t<div class=\"elementor-column elementor-col-100 elementor-top-column elementor-element elementor-element-7c3d4a2\" data-id=\"7c3d4a2\" data-element_type=\"column\" data-e-type=\"column\">\n\t\t\t<div class=\"elementor-widget-wrap elementor-element-populated\">\n\t\t\t\t\t\t<div class=\"elementor-element elementor-element-5532b13 elementor-widget elementor-widget-spacer\" data-id=\"5532b13\" data-element_type=\"widget\" data-e-type=\"widget\" data-widget_type=\"spacer.default\">\n\t\t\t\t<div class=\"elementor-widget-container\">\n\t\t\t\t\t\t\t<div class=\"elementor-spacer\">\n\t\t\t<div class=\"elementor-spacer-inner\"><\/div>\n\t\t<\/div>\n\t\t\t\t\t\t<\/div>\n\t\t\t\t<\/div>\n\t\t\t\t\t<\/div>\n\t\t<\/div>\n\t\t\t\t\t<\/div>\n\t\t<\/section>\n\t\t\t\t<section class=\"elementor-section elementor-top-section elementor-element elementor-element-89cc376 elementor-section-boxed elementor-section-height-default elementor-section-height-default\" data-id=\"89cc376\" data-element_type=\"section\" data-e-type=\"section\">\n\t\t\t\t\t\t<div class=\"elementor-container elementor-column-gap-default\">\n\t\t\t\t\t<div class=\"elementor-column elementor-col-100 elementor-top-column elementor-element elementor-element-02323bf\" data-id=\"02323bf\" data-element_type=\"column\" data-e-type=\"column\" data-settings=\"{&quot;background_background&quot;:&quot;classic&quot;}\">\n\t\t\t<div class=\"elementor-widget-wrap elementor-element-populated\">\n\t\t\t\t\t\t<section class=\"elementor-section elementor-inner-section elementor-element elementor-element-d570af4 elementor-section-boxed elementor-section-height-default elementor-section-height-default\" data-id=\"d570af4\" data-element_type=\"section\" data-e-type=\"section\">\n\t\t\t\t\t\t<div class=\"elementor-container elementor-column-gap-default\">\n\t\t\t\t\t<div class=\"elementor-column elementor-col-100 elementor-inner-column elementor-element elementor-element-2af0e90\" data-id=\"2af0e90\" data-element_type=\"column\" data-e-type=\"column\">\n\t\t\t<div class=\"elementor-widget-wrap elementor-element-populated\">\n\t\t\t\t\t\t<div class=\"elementor-element elementor-element-a7df525 elementor-widget elementor-widget-menu-anchor\" data-id=\"a7df525\" data-element_type=\"widget\" data-e-type=\"widget\" data-widget_type=\"menu-anchor.default\">\n\t\t\t\t<div class=\"elementor-widget-container\">\n\t\t\t\t\t\t\t<div class=\"elementor-menu-anchor\" id=\"uppgiftF-3\"><\/div>\n\t\t\t\t\t\t<\/div>\n\t\t\t\t<\/div>\n\t\t\t\t<div class=\"elementor-element elementor-element-0e177ce elementor-view-framed elementor-shape-circle elementor-widget elementor-widget-icon\" data-id=\"0e177ce\" data-element_type=\"widget\" data-e-type=\"widget\" data-widget_type=\"icon.default\">\n\t\t\t\t<div class=\"elementor-widget-container\">\n\t\t\t\t\t\t\t<div class=\"elementor-icon-wrapper\">\n\t\t\t<div class=\"elementor-icon\">\n\t\t\t\t\t\t\t<i class=\"fa fa-pencil\" aria-hidden=\"true\"><\/i>\n\t\t\t\t\t\t<\/div>\n\t\t<\/div>\n\t\t\t\t\t\t<\/div>\n\t\t\t\t<\/div>\n\t\t\t\t<div class=\"elementor-element elementor-element-1559f46 elementor-widget elementor-widget-toggle\" data-id=\"1559f46\" data-element_type=\"widget\" data-e-type=\"widget\" data-widget_type=\"toggle.default\">\n\t\t\t\t<div class=\"elementor-widget-container\">\n\t\t\t\t\t\t\t<div class=\"elementor-toggle\">\n\t\t\t\t\t\t\t<div class=\"elementor-toggle-item\">\n\t\t\t\t\t<div id=\"elementor-tab-title-2231\" class=\"elementor-tab-title\" data-tab=\"1\" role=\"button\" aria-controls=\"elementor-tab-content-2231\" aria-expanded=\"false\">\n\t\t\t\t\t\t\t\t\t\t\t\t<span class=\"elementor-toggle-icon elementor-toggle-icon-left\" aria-hidden=\"true\">\n\t\t\t\t\t\t\t\t\t\t\t\t\t\t\t<i class=\"elementor-toggle-icon-closed fa fa-chevron-right\"><\/i>\n\t\t\t\t\t\t\t\t<i class=\"elementor-toggle-icon-opened fa fa-chevron-down\"><\/i>\n\t\t\t\t\t\t\t\t\t\t\t\t\t<\/span>\n\t\t\t\t\t\t\t\t\t\t\t\t<a class=\"elementor-toggle-title\" tabindex=\"0\">Gymnasium<\/a>\n\t\t\t\t\t<\/div>\n\n\t\t\t\t\t<div id=\"elementor-tab-content-2231\" class=\"elementor-tab-content elementor-clearfix\" data-tab=\"1\" role=\"region\" aria-labelledby=\"elementor-tab-title-2231\"><p><span style=\"font-family: 'Roboto Condensed', 'Roboto Condensed'; font-size: 16px; font-style: normal; font-variant-caps: normal;\">Just den h\u00e4r dikten \u00e4r inte kopplad till n\u00e5gon specifik uppgift, utan h\u00e4r skall du v\u00e4lja ett av f\u00f6rslagen p\u00e5 sidan <u><a href=\"https:\/\/litteraturbanken.se\/skolan\/poesi-analysmodeller\/\">\u201d6 s\u00e4tt att analysera dikter\u201d<\/a>.<\/u><\/span><span style=\"font-family: 'Roboto Condensed', 'Roboto Condensed'; font-size: 16px; font-style: normal; font-variant-caps: normal;\">&nbsp;Arbeta sedan med dikten med hj\u00e4lp av n\u00e5gon av metoderna d\u00e4r.<\/span><\/p><\/div>\n\t\t\t\t<\/div>\n\t\t\t\t\t\t\t\t<\/div>\n\t\t\t\t\t\t<\/div>\n\t\t\t\t<\/div>\n\t\t\t\t\t<\/div>\n\t\t<\/div>\n\t\t\t\t\t<\/div>\n\t\t<\/section>\n\t\t\t\t\t<\/div>\n\t\t<\/div>\n\t\t\t\t\t<\/div>\n\t\t<\/section>\n\t\t\t\t<section class=\"elementor-section elementor-top-section elementor-element elementor-element-f02257d elementor-section-boxed elementor-section-height-default elementor-section-height-default\" data-id=\"f02257d\" data-element_type=\"section\" data-e-type=\"section\">\n\t\t\t\t\t\t<div class=\"elementor-container elementor-column-gap-default\">\n\t\t\t\t\t<div class=\"elementor-column elementor-col-100 elementor-top-column elementor-element elementor-element-5aaefbc\" data-id=\"5aaefbc\" data-element_type=\"column\" data-e-type=\"column\">\n\t\t\t<div class=\"elementor-widget-wrap elementor-element-populated\">\n\t\t\t\t\t\t<div class=\"elementor-element elementor-element-d7e0d15 elementor-widget elementor-widget-spacer\" data-id=\"d7e0d15\" data-element_type=\"widget\" data-e-type=\"widget\" data-widget_type=\"spacer.default\">\n\t\t\t\t<div class=\"elementor-widget-container\">\n\t\t\t\t\t\t\t<div class=\"elementor-spacer\">\n\t\t\t<div class=\"elementor-spacer-inner\"><\/div>\n\t\t<\/div>\n\t\t\t\t\t\t<\/div>\n\t\t\t\t<\/div>\n\t\t\t\t\t<\/div>\n\t\t<\/div>\n\t\t\t\t\t<\/div>\n\t\t<\/section>\n\t\t\t\t<\/div>\n\t\t","protected":false},"excerpt":{"rendered":"<p>Blixten Av Gustaf Fr\u00f6ding Ur:\u00a0Nya dikter\u00a0(1894) \u00a0 \u00a0\u00c5rskurs: Gymnasium \u00a0 \u00a0Tema: Folktro och skr\u00e4ck Han\u00a0var\u00a0svart\u00a0av\u00a0sot\u00a0och\u00a0av\u00a0landsv\u00e4gsdamm,d\u00e4r\u00a0han\u00a0vandrade\u00a0v\u00e4gen\u00a0fram,i\u00a0hans\u00a0\u00f6gonbryn,i\u00a0hans\u00a0h\u00f6kuppsynvar\u00a0ett\u00a0tycke\u00a0av\u00a0tattarestam. Och\u00a0hans\u00a0\u00f6gon\u00a0bl\u00e4ngde\u00a0s\u00e5\u00a0svart\u00a0som\u00a0sotoch\u00a0s\u00e5\u00a0blankt\u00a0som\u00a0hans\u00a0sotareklotoch\u00a0ibland\u00a0med\u00a0listoch\u00a0ibland\u00a0med\u00a0ett\u00a0visstlitet\u00a0tycke\u00a0av\u00a0vildhet\u00a0och\u00a0hot. \u00d6ver\u00a0panna\u00a0och\u00a0hals\u00a0l\u00e5go\u00a0vilda\u00a0sn\u00e5rav\u00a0hans\u00a0svarta\u00a0och\u00a0toviga\u00a0h\u00e5roch\u00a0d\u00e4rovan\u00a0sattp\u00e5\u00a0tre\u00a0kvart\u00a0en\u00a0hatt,som\u00a0visst\u00a0inte\u00a0var\u00a0ny\u00a0i\u00a0g\u00e5r. Och\u00a0hans\u00a0namn\u00a0stod\u00a0ej\u00a0skrivet\u00a0i\u00a0pr\u00e4stens\u00a0bok,p\u00e5\u00a0hans\u00a0hemstam\u00a0blev\u00a0ingen\u00a0klok,han\u00a0var\u00a0ingens\u00a0son,vete\u00a0Gud\u00a0varifr\u00e5nhonom\u00a0slumpen\u00a0i\u00a0livet\u00a0vrok. Genom\u00a0sommar\u00a0och\u00a0vinter\u00a0och\u00a0solsken\u00a0och\u00a0yr\u00f6ver\u00a0fall,\u00a0\u00f6ver\u00a0mo,\u00a0\u00f6ver\u00a0myr,\u00f6ver\u00a0berg,\u00a0\u00f6ver\u00a0hedgick\u00a0hans\u00a0vandrareledunder\u00a0ensliga\u00a0\u00e4ventyr. Och\u00a0d\u00e4r\u00a0stig\u00a0ej\u00a0fanns\u00a0och\u00a0d\u00e4r\u00a0foten\u00a0slantutf\u00f6r\u00a0barrig\u00a0och\u00a0halkig\u00a0brantkom\u00a0han\u00a0pl\u00f6tsligt\u00a0utvid\u00a0en\u00a0skogstorpsknuteller\u00a0ock\u00a0vid\u00a0en\u00a0landsv\u00e4gskant. Men\u00a0varhelst\u00a0han\u00a0kom,\u00a0blev\u00a0det\u00a0liv\u00a0i\u00a0lekoch\u00a0det\u00a0mulna\u00a0i\u00a0minerna\u00a0vekoch\u00a0det\u00a0bj\u00f6ds\u00a0p\u00e5\u00a0sup,b\u00e5de\u00a0l\u00e5ng\u00a0och\u00a0djupoch\u00a0man\u00a0skrattade,\u00a0svor\u00a0och\u00a0skrek. Ty\u00a0i\u00a0r\u00e4gglor\u00a0och\u00a0ramsor\u00a0var\u00a0Blixten\u00a0sl\u00e4ngdoch\u00a0visor\u00a0han\u00a0kunde\u00a0i\u00a0m\u00e4ngd,och\u00a0han\u00a0sj\u00f6ng\u00a0och\u00a0han\u00a0lj\u00f6g,medan\u00a0pipan\u00a0han\u00a0s\u00f6gmed\u00a0en\u00a0uppsyn,\u00a0f\u00f6rbistrat\u00a0bef\u00e4ngd. Och\u00a0han\u00a0ramsade\u00a0r\u00e4gglor\u00a0om\u00a0h\u00e4xor\u00a0och\u00a0trolloch\u00a0om\u00a0irrf\u00e4rder\u00a0rakt\u00a0bort\u00a0i\u00a0stolloch\u00a0om\u00a0Hin\u00a0och\u00a0hans\u00a0moroch\u00a0hur\u00a0sj\u00e4lv\u00a0han\u00a0formed\u00a0Hin\u00a0Onde\u00a0till\u00a0m\u00e5nen\u00a0i\u00a0s\u00e5ll. Eller\u00a0ock\u00a0satt\u00a0han\u00a0h\u00f6gt\u00a0\u00f6ver\u00a0svalornas\u00a0bonsom\u00a0en\u00a0kung,\u00a0som\u00a0en\u00a0kung\u00a0p\u00e5\u00a0sin\u00a0tron,med\u00a0sin\u00a0svarta\u00a0kroppp\u00e5\u00a0en\u00a0skorstenstopplik\u00a0Hin\u00a0Onde\u00a0i\u00a0egen\u00a0person. Och\u00a0han\u00a0visslade\u00a0vasst\u00a0och\u00a0han\u00a0joddlade\u00a0g\u00e4llt,s\u00e5\u00a0det\u00a0lj\u00f6d\u00a0\u00f6ver\u00a0dalar\u00a0och\u00a0f\u00e4lt,n\u00e4r\u00a0han\u00a0sv\u00e4ngde\u00a0sin\u00a0kvastoch\u00a0med\u00a0br\u00e5dsnabb\u00a0hastgjorde\u00a0fejningen\u00a0bonden\u00a0best\u00e4llt. L\u00e4s dikten p\u00e5 Litteraturbanken Termer och begrepp Uppgift, Gymnasium Gymnasium Just den h\u00e4r dikten \u00e4r inte kopplad till n\u00e5gon specifik uppgift, utan h\u00e4r skall du v\u00e4lja ett av f\u00f6rslagen p\u00e5 [&hellip;]<\/p>\n","protected":false},"author":5,"featured_media":0,"parent":0,"menu_order":0,"comment_status":"closed","ping_status":"closed","template":"","meta":{"ocean_post_layout":"full-screen","ocean_both_sidebars_style":"","ocean_both_sidebars_content_width":0,"ocean_both_sidebars_sidebars_width":0,"ocean_sidebar":"0","ocean_second_sidebar":"0","ocean_disable_margins":"enable","ocean_add_body_class":"","ocean_shortcode_before_top_bar":"","ocean_shortcode_after_top_bar":"","ocean_shortcode_before_header":"","ocean_shortcode_after_header":"","ocean_has_shortcode":"","ocean_shortcode_after_title":"","ocean_shortcode_before_footer_widgets":"","ocean_shortcode_after_footer_widgets":"","ocean_shortcode_before_footer_bottom":"","ocean_shortcode_after_footer_bottom":"","ocean_display_top_bar":"default","ocean_display_header":"default","ocean_header_style":"","ocean_center_header_left_menu":"0","ocean_custom_header_template":"0","ocean_custom_logo":0,"ocean_custom_retina_logo":0,"ocean_custom_logo_max_width":0,"ocean_custom_logo_tablet_max_width":0,"ocean_custom_logo_mobile_max_width":0,"ocean_custom_logo_max_height":0,"ocean_custom_logo_tablet_max_height":0,"ocean_custom_logo_mobile_max_height":0,"ocean_header_custom_menu":"0","ocean_menu_typo_font_family":"0","ocean_menu_typo_font_subset":"","ocean_menu_typo_font_size":0,"ocean_menu_typo_font_size_tablet":0,"ocean_menu_typo_font_size_mobile":0,"ocean_menu_typo_font_size_unit":"px","ocean_menu_typo_font_weight":"","ocean_menu_typo_font_weight_tablet":"","ocean_menu_typo_font_weight_mobile":"","ocean_menu_typo_transform":"","ocean_menu_typo_transform_tablet":"","ocean_menu_typo_transform_mobile":"","ocean_menu_typo_line_height":0,"ocean_menu_typo_line_height_tablet":0,"ocean_menu_typo_line_height_mobile":0,"ocean_menu_typo_line_height_unit":"","ocean_menu_typo_spacing":0,"ocean_menu_typo_spacing_tablet":0,"ocean_menu_typo_spacing_mobile":0,"ocean_menu_typo_spacing_unit":"","ocean_menu_link_color":"","ocean_menu_link_color_hover":"","ocean_menu_link_color_active":"","ocean_menu_link_background":"","ocean_menu_link_hover_background":"","ocean_menu_link_active_background":"","ocean_menu_social_links_bg":"","ocean_menu_social_hover_links_bg":"","ocean_menu_social_links_color":"","ocean_menu_social_hover_links_color":"","ocean_disable_title":"on","ocean_disable_heading":"default","ocean_post_title":"","ocean_post_subheading":"","ocean_post_title_style":"","ocean_post_title_background_color":"","ocean_post_title_background":0,"ocean_post_title_bg_image_position":"","ocean_post_title_bg_image_attachment":"","ocean_post_title_bg_image_repeat":"","ocean_post_title_bg_image_size":"","ocean_post_title_height":0,"ocean_post_title_bg_overlay":0.5,"ocean_post_title_bg_overlay_color":"","ocean_disable_breadcrumbs":"default","ocean_breadcrumbs_color":"","ocean_breadcrumbs_separator_color":"","ocean_breadcrumbs_links_color":"","ocean_breadcrumbs_links_hover_color":"","ocean_display_footer_widgets":"default","ocean_display_footer_bottom":"default","ocean_custom_footer_template":"0","footnotes":""},"class_list":["post-9153","page","type-page","status-publish","hentry","entry"],"_links":{"self":[{"href":"https:\/\/litteraturbanken.se\/skolan\/wp-json\/wp\/v2\/pages\/9153","targetHints":{"allow":["GET"]}}],"collection":[{"href":"https:\/\/litteraturbanken.se\/skolan\/wp-json\/wp\/v2\/pages"}],"about":[{"href":"https:\/\/litteraturbanken.se\/skolan\/wp-json\/wp\/v2\/types\/page"}],"author":[{"embeddable":true,"href":"https:\/\/litteraturbanken.se\/skolan\/wp-json\/wp\/v2\/users\/5"}],"replies":[{"embeddable":true,"href":"https:\/\/litteraturbanken.se\/skolan\/wp-json\/wp\/v2\/comments?post=9153"}],"version-history":[{"count":14,"href":"https:\/\/litteraturbanken.se\/skolan\/wp-json\/wp\/v2\/pages\/9153\/revisions"}],"predecessor-version":[{"id":20388,"href":"https:\/\/litteraturbanken.se\/skolan\/wp-json\/wp\/v2\/pages\/9153\/revisions\/20388"}],"wp:attachment":[{"href":"https:\/\/litteraturbanken.se\/skolan\/wp-json\/wp\/v2\/media?parent=9153"}],"curies":[{"name":"wp","href":"https:\/\/api.w.org\/{rel}","templated":true}]}}