{"id":9167,"date":"2018-12-09T21:22:54","date_gmt":"2018-12-09T20:22:54","guid":{"rendered":"https:\/\/litteraturbanken.se\/skoladev\/?page_id=9167"},"modified":"2020-03-04T10:40:21","modified_gmt":"2020-03-04T09:40:21","slug":"poesi-forfattare-gustaf-froding-farvall","status":"publish","type":"page","link":"https:\/\/litteraturbanken.se\/skolan\/poesi-forfattare-gustaf-froding-farvall\/","title":{"rendered":"Poesi\/F\u00f6rfattare\/Gustaf Fr\u00f6ding\/Farv\u00e4ll"},"content":{"rendered":"\t\t<div data-elementor-type=\"wp-post\" data-elementor-id=\"9167\" class=\"elementor elementor-9167\">\n\t\t\t\t\t\t<section class=\"elementor-section elementor-top-section elementor-element elementor-element-0e07a55 elementor-section-boxed elementor-section-height-default elementor-section-height-default\" data-id=\"0e07a55\" data-element_type=\"section\" data-e-type=\"section\">\n\t\t\t\t\t\t<div class=\"elementor-container elementor-column-gap-default\">\n\t\t\t\t\t<div class=\"elementor-column elementor-col-100 elementor-top-column elementor-element elementor-element-e136631\" data-id=\"e136631\" data-element_type=\"column\" data-e-type=\"column\">\n\t\t\t<div class=\"elementor-widget-wrap elementor-element-populated\">\n\t\t\t\t\t\t<div class=\"elementor-element elementor-element-394e181 elementor-widget elementor-widget-spacer\" data-id=\"394e181\" data-element_type=\"widget\" data-e-type=\"widget\" data-widget_type=\"spacer.default\">\n\t\t\t\t<div class=\"elementor-widget-container\">\n\t\t\t\t\t\t\t<div class=\"elementor-spacer\">\n\t\t\t<div class=\"elementor-spacer-inner\"><\/div>\n\t\t<\/div>\n\t\t\t\t\t\t<\/div>\n\t\t\t\t<\/div>\n\t\t\t\t\t<\/div>\n\t\t<\/div>\n\t\t\t\t\t<\/div>\n\t\t<\/section>\n\t\t\t\t<section class=\"elementor-section elementor-inner-section elementor-element elementor-element-f815d35 elementor-section-boxed elementor-section-height-default elementor-section-height-default\" data-id=\"f815d35\" data-element_type=\"section\" data-e-type=\"section\">\n\t\t\t\t\t\t<div class=\"elementor-container elementor-column-gap-default\">\n\t\t\t\t\t<div class=\"elementor-column elementor-col-66 elementor-inner-column elementor-element elementor-element-07f0a6b\" data-id=\"07f0a6b\" data-element_type=\"column\" data-e-type=\"column\" data-settings=\"{&quot;background_background&quot;:&quot;classic&quot;}\">\n\t\t\t<div class=\"elementor-widget-wrap elementor-element-populated\">\n\t\t\t\t\t\t<div class=\"elementor-element elementor-element-35e25c7 elementor-widget elementor-widget-heading\" data-id=\"35e25c7\" data-element_type=\"widget\" data-e-type=\"widget\" data-widget_type=\"heading.default\">\n\t\t\t\t<div class=\"elementor-widget-container\">\n\t\t\t\t\t<h2 class=\"elementor-heading-title elementor-size-default\">Farv\u00e4ll<\/h2>\t\t\t\t<\/div>\n\t\t\t\t<\/div>\n\t\t\t\t<div class=\"elementor-element elementor-element-eb83a95 elementor-widget elementor-widget-text-editor\" data-id=\"eb83a95\" data-element_type=\"widget\" data-e-type=\"widget\" data-widget_type=\"text-editor.default\">\n\t\t\t\t<div class=\"elementor-widget-container\">\n\t\t\t\t\t\t\t\t\t<h3>En sorgens ton fr\u00e5n Amerika<\/h3>\t\t\t\t\t\t\t\t<\/div>\n\t\t\t\t<\/div>\n\t\t\t\t<div class=\"elementor-element elementor-element-6cb53ca elementor-widget elementor-widget-text-editor\" data-id=\"6cb53ca\" data-element_type=\"widget\" data-e-type=\"widget\" data-widget_type=\"text-editor.default\">\n\t\t\t\t<div class=\"elementor-widget-container\">\n\t\t\t\t\t\t\t\t\t<p>Av <a href=\"https:\/\/litteraturbanken.se\/skolan\/?page_id=113\"><em>Gustaf Fr\u00f6ding<\/em><\/a><\/p>\t\t\t\t\t\t\t\t<\/div>\n\t\t\t\t<\/div>\n\t\t\t\t<div class=\"elementor-element elementor-element-9244b1b elementor-widget elementor-widget-text-editor\" data-id=\"9244b1b\" data-element_type=\"widget\" data-e-type=\"widget\" data-widget_type=\"text-editor.default\">\n\t\t\t\t<div class=\"elementor-widget-container\">\n\t\t\t\t\t\t\t\t\t<p><strong>Ur:<\/strong>\u00a0<em>Guitarr och dragharmonika\u00a0<\/em>(1891) \u00a0 \u00a0<strong>\u00c5rskurs:<\/strong> Gymnasium \u00a0 \u00a0<strong>Tema:<\/strong> Fattigsverige, K\u00e4rlek, Olycklig k\u00e4rlek<\/p>\t\t\t\t\t\t\t\t<\/div>\n\t\t\t\t<\/div>\n\t\t\t\t<div class=\"elementor-element elementor-element-05a9794 elementor-widget elementor-widget-text-editor\" data-id=\"05a9794\" data-element_type=\"widget\" data-e-type=\"widget\" data-widget_type=\"text-editor.default\">\n\t\t\t\t<div class=\"elementor-widget-container\">\n\t\t\t\t\t\t\t\t\t<div class=\"_lg\"><div class=\"_l\"><p>Farv\u00e4ll,\u00a0du\u00a0grymma\u00a0v\u00e4nd\u00a0i\u00a0Sveden,<br \/>du\u00a0grymma\u00a0v\u00e4nd,\u00a0som\u00a0gl\u00f6mde\u00a0eden,<br \/>du\u00a0sv\u00e4rjade\u00a0en\u00a0lordaskv\u00e4ll,<br \/>ja\u00a0faderv\u00e4ll,\u00a0ja\u00a0faderv\u00e4ll!<br \/><br \/>Ja,\u00a0faderv\u00e4ll,\u00a0ja\u00a0faderv\u00e4del,<br \/>jag\u00a0var\u00a0en\u00a0skr\u00e4dareges\u00e4del<br \/>i\u00a0Svedens\u00a0land\u00a0h\u00e4r\u00a0l\u00e5ngt\u00a0ifr\u00e5n,<br \/>nu\u00a0\u00e4r\u00a0jag\u00a0mister\u00a0Johansson.<br \/><br \/>Tre\u00a0dollars\u00a0haver\u00a0jag\u00a0om\u00a0dagen<br \/>och\u00a0\u00e4r\u00a0en\u00a0herrkar\u00a0efter\u00a0lagen,<br \/>du\u00a0kunde\u00a0varit\u00a0misstriss\u00a0nu,<br \/>men\u00a0du,\u00a0du\u00a0ville\u00a0inte,\u00a0du!<br \/><br \/>Du\u00a0kunde\u00a0g\u00e5tt\u00a0i\u00a0hatt\u00a0och\u00a0hansker<br \/>ibland\u00a0tjangtila\u00a0amerkansker<br \/>och\u00a0lefft\u00a0p\u00e5\u00a0g\u00e5sfett,\u00a0rebbenspj\u00e4ll,<br \/>men\u00a0faderv\u00e4ll,\u00a0men\u00a0faderv\u00e4ll!<br \/><br \/>Ja\u00a0faderv\u00e4ll,\u00a0ja\u00a0faderv\u00e4del,<br \/>jag\u00a0hopas\u00a0Erk\u00a0\u00e4r\u00a0s\u00e5ppas\u00a0sn\u00e4del,<br \/>att\u00a0han\u00a0ej\u00a0sl\u00e5r\u00a0min\u00a0grymma\u00a0v\u00e4nd,<br \/>fast\u00a0han\u00a0\u00e4r\u00a0sinnt\u00a0och\u00a0illa\u00a0k\u00e4nd!<br \/><br \/>Jag\u00a0hopas\u00a0att\u00a0det\u00a0n\u00f6tet\u00a0Erker<br \/>med\u00a0sett\u00a0lell\u00a0arrbett\u00a0s\u00e5ppas\u00a0lerker<br \/>att\u00a0han\u00a0kan\u00a0gi\u00a0dig\u00a0br\u00f6\u00a0f\u00f6r\u00a0dan<br \/>och\u00a0littet\u00a0kaffi\u00a0ifr\u00e5n\u00a0stan.<br \/><br \/>Jag\u00a0hopas,\u00a0att\u00a0du\u00a0\u00e4r\u00a0bel\u00e5ten,<br \/>att\u00a0du\u00a0tog\u00a0Erk\u00a0och\u00a0gav\u00a0p\u00e5\u00a0b\u00e5ten<br \/>en\u00a0fattig\u00a0skr\u00e4dareges\u00e4ll,<br \/>som\u00a0nu\u00a0\u00e4r\u00a0rik,\u00a0men\u00a0itn\u00e5t\u00a0s\u00e4ll.<br \/><br \/>I\u00a0ensamhetens\u00a0dystra\u00a0tankar<br \/>g\u00e5r\u00a0mister\u00a0Johansson\u00a0och\u00a0vankar,<br \/>och\u00a0t\u00e5ren\u00a0far\u00a0p\u00e5\u00a0kinden\u00a0kall<br \/>som\u00a0Niagadras\u00a0vilda\u00a0fall.<br \/><br \/>Han\u00a0t\u00e4nker\u00a0p\u00e5\u00a0sin\u00a0falska\u00a0flicka,<br \/>som\u00a0gav\u00a0sin\u00a0ungdomsv\u00e4nd\u00a0att\u00a0dricka<br \/>av\u00a0sorgens\u00a0suraste\u00a0but\u00e4ll,<br \/>farv\u00e4ll,\u00a0farv\u00e4del,\u00a0faderv\u00e4ll!<\/p><\/div><\/div>\t\t\t\t\t\t\t\t<\/div>\n\t\t\t\t<\/div>\n\t\t\t\t\t<\/div>\n\t\t<\/div>\n\t\t\t\t<div class=\"elementor-column elementor-col-33 elementor-inner-column elementor-element elementor-element-c027bf5\" data-id=\"c027bf5\" data-element_type=\"column\" data-e-type=\"column\">\n\t\t\t<div class=\"elementor-widget-wrap elementor-element-populated\">\n\t\t\t\t\t\t<div class=\"elementor-element elementor-element-ece008b elementor-widget elementor-widget-wp-widget-media_audio\" data-id=\"ece008b\" data-element_type=\"widget\" data-e-type=\"widget\" data-widget_type=\"wp-widget-media_audio.default\">\n\t\t\t\t<div class=\"elementor-widget-container\">\n\t\t\t\t\t<h5>Paulina Helgeson l\u00e4ser \u201dFarv\u00e4ll\u201d av Gustaf Fr\u00f6ding.<\/h5><audio class=\"wp-audio-shortcode\" id=\"audio-9167-1\" preload=\"none\" style=\"width: 100%;\" controls=\"controls\"><source type=\"audio\/mpeg\" src=\"https:\/\/litteraturbanken.se\/skolan\/wp-content\/uploads\/2019\/03\/froding_farvall_helgeson.mp3?_=1\" \/><source type=\"audio\/mpeg\" src=\"https:\/\/litteraturbanken.se\/skolan\/wp-content\/uploads\/2019\/03\/froding_farvall_helgeson.mp3?_=1\" \/><a href=\"https:\/\/litteraturbanken.se\/skolan\/wp-content\/uploads\/2019\/03\/froding_farvall_helgeson.mp3\">https:\/\/litteraturbanken.se\/skolan\/wp-content\/uploads\/2019\/03\/froding_farvall_helgeson.mp3<\/a><\/audio>\t\t\t\t<\/div>\n\t\t\t\t<\/div>\n\t\t\t\t<div class=\"elementor-element elementor-element-ab4b90a elementor-icon-list--layout-traditional elementor-list-item-link-full_width elementor-widget elementor-widget-icon-list\" data-id=\"ab4b90a\" data-element_type=\"widget\" data-e-type=\"widget\" data-widget_type=\"icon-list.default\">\n\t\t\t\t<div class=\"elementor-widget-container\">\n\t\t\t\t\t\t\t<ul class=\"elementor-icon-list-items\">\n\t\t\t\t\t\t\t<li class=\"elementor-icon-list-item\">\n\t\t\t\t\t\t\t\t\t\t\t<a href=\"https:\/\/litteraturbanken.se\/forfattare\/FrodingG\/titlar\/GuitarrOchDragharmonika\/sida\/47\/etext\" target=\"_blank\">\n\n\t\t\t\t\t\t\t\t\t\t\t\t<span class=\"elementor-icon-list-icon\">\n\t\t\t\t\t\t\t\t\t\t\t\t\t\t\t\t<i class=\"fa fa-file-text-o\" aria-hidden=\"true\"><\/i>\n\t\t\t\t\t\t\t\t\t\t\t\t\t<\/span>\n\t\t\t\t\t\t\t\t\t\t<span class=\"elementor-icon-list-text\">L\u00e4s dikten p\u00e5 Litteraturbanken<\/span>\n\t\t\t\t\t\t\t\t\t\t\t<\/a>\n\t\t\t\t\t\t\t\t\t<\/li>\n\t\t\t\t\t\t\t\t<li class=\"elementor-icon-list-item\">\n\t\t\t\t\t\t\t\t\t\t\t<a href=\"https:\/\/litteraturbanken.se\/skolan\/?page_id=261\" target=\"_blank\">\n\n\t\t\t\t\t\t\t\t\t\t\t\t<span class=\"elementor-icon-list-icon\">\n\t\t\t\t\t\t\t\t\t\t\t\t\t\t\t\t<i class=\"fa fa-file-text-o\" aria-hidden=\"true\"><\/i>\n\t\t\t\t\t\t\t\t\t\t\t\t\t<\/span>\n\t\t\t\t\t\t\t\t\t\t<span class=\"elementor-icon-list-text\">Termer och begrepp<\/span>\n\t\t\t\t\t\t\t\t\t\t\t<\/a>\n\t\t\t\t\t\t\t\t\t<\/li>\n\t\t\t\t\t\t<\/ul>\n\t\t\t\t\t\t<\/div>\n\t\t\t\t<\/div>\n\t\t\t\t<div class=\"elementor-element elementor-element-7118e80 elementor-align-center elementor-widget elementor-widget-button\" data-id=\"7118e80\" data-element_type=\"widget\" data-e-type=\"widget\" data-widget_type=\"button.default\">\n\t\t\t\t<div class=\"elementor-widget-container\">\n\t\t\t\t\t\t\t\t\t<div class=\"elementor-button-wrapper\">\n\t\t\t\t\t<a class=\"elementor-button elementor-button-link elementor-size-md elementor-animation-grow\" href=\"#uppgiftF-3\">\n\t\t\t\t\t\t<span class=\"elementor-button-content-wrapper\">\n\t\t\t\t\t\t<span class=\"elementor-button-icon\">\n\t\t\t\t\t\t\t\t\t<i class=\"fa fa-pencil\" aria-hidden=\"true\"><\/i>\n\t\t\t\t\t\t\t<\/span>\n\t\t\t\t\t\t\t\t\t<span class=\"elementor-button-text\">Uppgift, Gymnasium<\/span>\n\t\t\t\t\t<\/span>\n\t\t\t\t\t<\/a>\n\t\t\t\t<\/div>\n\t\t\t\t\t\t\t\t<\/div>\n\t\t\t\t<\/div>\n\t\t\t\t<div class=\"elementor-element elementor-element-3b8754a elementor-widget elementor-widget-image\" data-id=\"3b8754a\" data-element_type=\"widget\" data-e-type=\"widget\" data-widget_type=\"image.default\">\n\t\t\t\t<div class=\"elementor-widget-container\">\n\t\t\t\t\t\t\t\t\t\t\t\t\t\t\t<img fetchpriority=\"high\" decoding=\"async\" width=\"300\" height=\"300\" src=\"https:\/\/litteraturbanken.se\/skolan\/wp-content\/uploads\/2019\/03\/lb_skolan_2019_knapp_f\u00f6rfattarbild_fr\u00f6ding_r\u00f6d-e1553013674159.jpg\" class=\"attachment-full size-full wp-image-13726\" alt=\"\" \/>\t\t\t\t\t\t\t\t\t\t\t\t\t\t\t<\/div>\n\t\t\t\t<\/div>\n\t\t\t\t\t<\/div>\n\t\t<\/div>\n\t\t\t\t\t<\/div>\n\t\t<\/section>\n\t\t\t\t<section class=\"elementor-section elementor-top-section elementor-element elementor-element-b9ccae4 elementor-section-boxed elementor-section-height-default elementor-section-height-default\" data-id=\"b9ccae4\" data-element_type=\"section\" data-e-type=\"section\">\n\t\t\t\t\t\t<div class=\"elementor-container elementor-column-gap-default\">\n\t\t\t\t\t<div class=\"elementor-column elementor-col-100 elementor-top-column elementor-element elementor-element-3f1d71e\" data-id=\"3f1d71e\" data-element_type=\"column\" data-e-type=\"column\">\n\t\t\t<div class=\"elementor-widget-wrap elementor-element-populated\">\n\t\t\t\t\t\t<div class=\"elementor-element elementor-element-70ee423 elementor-widget elementor-widget-spacer\" data-id=\"70ee423\" data-element_type=\"widget\" data-e-type=\"widget\" data-widget_type=\"spacer.default\">\n\t\t\t\t<div class=\"elementor-widget-container\">\n\t\t\t\t\t\t\t<div class=\"elementor-spacer\">\n\t\t\t<div class=\"elementor-spacer-inner\"><\/div>\n\t\t<\/div>\n\t\t\t\t\t\t<\/div>\n\t\t\t\t<\/div>\n\t\t\t\t\t<\/div>\n\t\t<\/div>\n\t\t\t\t\t<\/div>\n\t\t<\/section>\n\t\t\t\t<section class=\"elementor-section elementor-top-section elementor-element elementor-element-0270d77 elementor-section-boxed elementor-section-height-default elementor-section-height-default\" data-id=\"0270d77\" data-element_type=\"section\" data-e-type=\"section\">\n\t\t\t\t\t\t<div class=\"elementor-container elementor-column-gap-default\">\n\t\t\t\t\t<div class=\"elementor-column elementor-col-100 elementor-top-column elementor-element elementor-element-fd4a249\" data-id=\"fd4a249\" data-element_type=\"column\" data-e-type=\"column\" data-settings=\"{&quot;background_background&quot;:&quot;classic&quot;}\">\n\t\t\t<div class=\"elementor-widget-wrap elementor-element-populated\">\n\t\t\t\t\t\t<section class=\"elementor-section elementor-inner-section elementor-element elementor-element-d44bf84 elementor-section-boxed elementor-section-height-default elementor-section-height-default\" data-id=\"d44bf84\" data-element_type=\"section\" data-e-type=\"section\">\n\t\t\t\t\t\t<div class=\"elementor-container elementor-column-gap-default\">\n\t\t\t\t\t<div class=\"elementor-column elementor-col-100 elementor-inner-column elementor-element elementor-element-f453a83\" data-id=\"f453a83\" data-element_type=\"column\" data-e-type=\"column\">\n\t\t\t<div class=\"elementor-widget-wrap elementor-element-populated\">\n\t\t\t\t\t\t<div class=\"elementor-element elementor-element-4df1459 elementor-widget elementor-widget-menu-anchor\" data-id=\"4df1459\" data-element_type=\"widget\" data-e-type=\"widget\" data-widget_type=\"menu-anchor.default\">\n\t\t\t\t<div class=\"elementor-widget-container\">\n\t\t\t\t\t\t\t<div class=\"elementor-menu-anchor\" id=\"uppgiftF-3\"><\/div>\n\t\t\t\t\t\t<\/div>\n\t\t\t\t<\/div>\n\t\t\t\t<div class=\"elementor-element elementor-element-dd650fb elementor-view-framed elementor-shape-circle elementor-widget elementor-widget-icon\" data-id=\"dd650fb\" data-element_type=\"widget\" data-e-type=\"widget\" data-widget_type=\"icon.default\">\n\t\t\t\t<div class=\"elementor-widget-container\">\n\t\t\t\t\t\t\t<div class=\"elementor-icon-wrapper\">\n\t\t\t<div class=\"elementor-icon\">\n\t\t\t\t\t\t\t<i class=\"fa fa-pencil\" aria-hidden=\"true\"><\/i>\n\t\t\t\t\t\t<\/div>\n\t\t<\/div>\n\t\t\t\t\t\t<\/div>\n\t\t\t\t<\/div>\n\t\t\t\t<div class=\"elementor-element elementor-element-75b4fcb elementor-widget elementor-widget-toggle\" data-id=\"75b4fcb\" data-element_type=\"widget\" data-e-type=\"widget\" data-widget_type=\"toggle.default\">\n\t\t\t\t<div class=\"elementor-widget-container\">\n\t\t\t\t\t\t\t<div class=\"elementor-toggle\">\n\t\t\t\t\t\t\t<div class=\"elementor-toggle-item\">\n\t\t\t\t\t<div id=\"elementor-tab-title-1231\" class=\"elementor-tab-title\" data-tab=\"1\" role=\"button\" aria-controls=\"elementor-tab-content-1231\" aria-expanded=\"false\">\n\t\t\t\t\t\t\t\t\t\t\t\t<span class=\"elementor-toggle-icon elementor-toggle-icon-left\" aria-hidden=\"true\">\n\t\t\t\t\t\t\t\t\t\t\t\t\t\t\t<i class=\"elementor-toggle-icon-closed fa fa-chevron-right\"><\/i>\n\t\t\t\t\t\t\t\t<i class=\"elementor-toggle-icon-opened fa fa-chevron-down\"><\/i>\n\t\t\t\t\t\t\t\t\t\t\t\t\t<\/span>\n\t\t\t\t\t\t\t\t\t\t\t\t<a class=\"elementor-toggle-title\" tabindex=\"0\">Gymnasium<\/a>\n\t\t\t\t\t<\/div>\n\n\t\t\t\t\t<div id=\"elementor-tab-content-1231\" class=\"elementor-tab-content elementor-clearfix\" data-tab=\"1\" role=\"region\" aria-labelledby=\"elementor-tab-title-1231\"><h3>Samtala och skriv<\/h3><p>1 Vad kan ha h\u00e4nt?<\/p><p>2 F\u00f6rs\u00f6k att leva er in i hennes situation genom att skriva den \u201dgrymma\u201d flickans svar till Mister Johansson.<\/p><p>3 Det m\u00e4rks att mister Johansson har varit i Amerika ganska l\u00e4nge, eftersom hans svenska \u00e4r s\u00e5 d\u00e5lig. H\u00e4r har f\u00f6rfattaren verkligen anstr\u00e4ngt sig att ge spr\u00e5ket en trov\u00e4rdig ton. Ge exempel p\u00e5 ord som \u00e4r felstavade och ord som \u00e4r skrivna p\u00e5 talspr\u00e5k.<\/p><\/div>\n\t\t\t\t<\/div>\n\t\t\t\t\t\t\t\t<\/div>\n\t\t\t\t\t\t<\/div>\n\t\t\t\t<\/div>\n\t\t\t\t\t<\/div>\n\t\t<\/div>\n\t\t\t\t\t<\/div>\n\t\t<\/section>\n\t\t\t\t\t<\/div>\n\t\t<\/div>\n\t\t\t\t\t<\/div>\n\t\t<\/section>\n\t\t\t\t<section class=\"elementor-section elementor-top-section elementor-element elementor-element-80d60a7 elementor-section-boxed elementor-section-height-default elementor-section-height-default\" data-id=\"80d60a7\" data-element_type=\"section\" data-e-type=\"section\">\n\t\t\t\t\t\t<div class=\"elementor-container elementor-column-gap-default\">\n\t\t\t\t\t<div class=\"elementor-column elementor-col-100 elementor-top-column elementor-element elementor-element-0ffe4c7\" data-id=\"0ffe4c7\" data-element_type=\"column\" data-e-type=\"column\">\n\t\t\t<div class=\"elementor-widget-wrap elementor-element-populated\">\n\t\t\t\t\t\t<div class=\"elementor-element elementor-element-1422acb elementor-widget elementor-widget-spacer\" data-id=\"1422acb\" data-element_type=\"widget\" data-e-type=\"widget\" data-widget_type=\"spacer.default\">\n\t\t\t\t<div class=\"elementor-widget-container\">\n\t\t\t\t\t\t\t<div class=\"elementor-spacer\">\n\t\t\t<div class=\"elementor-spacer-inner\"><\/div>\n\t\t<\/div>\n\t\t\t\t\t\t<\/div>\n\t\t\t\t<\/div>\n\t\t\t\t\t<\/div>\n\t\t<\/div>\n\t\t\t\t\t<\/div>\n\t\t<\/section>\n\t\t\t\t<\/div>\n\t\t","protected":false},"excerpt":{"rendered":"<p>Farv\u00e4ll En sorgens ton fr\u00e5n Amerika Av Gustaf Fr\u00f6ding Ur:\u00a0Guitarr och dragharmonika\u00a0(1891) \u00a0 \u00a0\u00c5rskurs: Gymnasium \u00a0 \u00a0Tema: Fattigsverige, K\u00e4rlek, Olycklig k\u00e4rlek Farv\u00e4ll,\u00a0du\u00a0grymma\u00a0v\u00e4nd\u00a0i\u00a0Sveden,du\u00a0grymma\u00a0v\u00e4nd,\u00a0som\u00a0gl\u00f6mde\u00a0eden,du\u00a0sv\u00e4rjade\u00a0en\u00a0lordaskv\u00e4ll,ja\u00a0faderv\u00e4ll,\u00a0ja\u00a0faderv\u00e4ll! Ja,\u00a0faderv\u00e4ll,\u00a0ja\u00a0faderv\u00e4del,jag\u00a0var\u00a0en\u00a0skr\u00e4dareges\u00e4deli\u00a0Svedens\u00a0land\u00a0h\u00e4r\u00a0l\u00e5ngt\u00a0ifr\u00e5n,nu\u00a0\u00e4r\u00a0jag\u00a0mister\u00a0Johansson. Tre\u00a0dollars\u00a0haver\u00a0jag\u00a0om\u00a0dagenoch\u00a0\u00e4r\u00a0en\u00a0herrkar\u00a0efter\u00a0lagen,du\u00a0kunde\u00a0varit\u00a0misstriss\u00a0nu,men\u00a0du,\u00a0du\u00a0ville\u00a0inte,\u00a0du! Du\u00a0kunde\u00a0g\u00e5tt\u00a0i\u00a0hatt\u00a0och\u00a0hanskeribland\u00a0tjangtila\u00a0amerkanskeroch\u00a0lefft\u00a0p\u00e5\u00a0g\u00e5sfett,\u00a0rebbenspj\u00e4ll,men\u00a0faderv\u00e4ll,\u00a0men\u00a0faderv\u00e4ll! Ja\u00a0faderv\u00e4ll,\u00a0ja\u00a0faderv\u00e4del,jag\u00a0hopas\u00a0Erk\u00a0\u00e4r\u00a0s\u00e5ppas\u00a0sn\u00e4del,att\u00a0han\u00a0ej\u00a0sl\u00e5r\u00a0min\u00a0grymma\u00a0v\u00e4nd,fast\u00a0han\u00a0\u00e4r\u00a0sinnt\u00a0och\u00a0illa\u00a0k\u00e4nd! Jag\u00a0hopas\u00a0att\u00a0det\u00a0n\u00f6tet\u00a0Erkermed\u00a0sett\u00a0lell\u00a0arrbett\u00a0s\u00e5ppas\u00a0lerkeratt\u00a0han\u00a0kan\u00a0gi\u00a0dig\u00a0br\u00f6\u00a0f\u00f6r\u00a0danoch\u00a0littet\u00a0kaffi\u00a0ifr\u00e5n\u00a0stan. Jag\u00a0hopas,\u00a0att\u00a0du\u00a0\u00e4r\u00a0bel\u00e5ten,att\u00a0du\u00a0tog\u00a0Erk\u00a0och\u00a0gav\u00a0p\u00e5\u00a0b\u00e5tenen\u00a0fattig\u00a0skr\u00e4dareges\u00e4ll,som\u00a0nu\u00a0\u00e4r\u00a0rik,\u00a0men\u00a0itn\u00e5t\u00a0s\u00e4ll. I\u00a0ensamhetens\u00a0dystra\u00a0tankarg\u00e5r\u00a0mister\u00a0Johansson\u00a0och\u00a0vankar,och\u00a0t\u00e5ren\u00a0far\u00a0p\u00e5\u00a0kinden\u00a0kallsom\u00a0Niagadras\u00a0vilda\u00a0fall. Han\u00a0t\u00e4nker\u00a0p\u00e5\u00a0sin\u00a0falska\u00a0flicka,som\u00a0gav\u00a0sin\u00a0ungdomsv\u00e4nd\u00a0att\u00a0drickaav\u00a0sorgens\u00a0suraste\u00a0but\u00e4ll,farv\u00e4ll,\u00a0farv\u00e4del,\u00a0faderv\u00e4ll! L\u00e4s dikten p\u00e5 Litteraturbanken Termer och begrepp Uppgift, Gymnasium Gymnasium Samtala och skriv 1 Vad kan ha h\u00e4nt? 2 F\u00f6rs\u00f6k att leva er in i [&hellip;]<\/p>\n","protected":false},"author":5,"featured_media":0,"parent":0,"menu_order":0,"comment_status":"closed","ping_status":"closed","template":"","meta":{"ocean_post_layout":"full-screen","ocean_both_sidebars_style":"","ocean_both_sidebars_content_width":0,"ocean_both_sidebars_sidebars_width":0,"ocean_sidebar":"0","ocean_second_sidebar":"0","ocean_disable_margins":"enable","ocean_add_body_class":"","ocean_shortcode_before_top_bar":"","ocean_shortcode_after_top_bar":"","ocean_shortcode_before_header":"","ocean_shortcode_after_header":"","ocean_has_shortcode":"","ocean_shortcode_after_title":"","ocean_shortcode_before_footer_widgets":"","ocean_shortcode_after_footer_widgets":"","ocean_shortcode_before_footer_bottom":"","ocean_shortcode_after_footer_bottom":"","ocean_display_top_bar":"default","ocean_display_header":"default","ocean_header_style":"","ocean_center_header_left_menu":"0","ocean_custom_header_template":"0","ocean_custom_logo":0,"ocean_custom_retina_logo":0,"ocean_custom_logo_max_width":0,"ocean_custom_logo_tablet_max_width":0,"ocean_custom_logo_mobile_max_width":0,"ocean_custom_logo_max_height":0,"ocean_custom_logo_tablet_max_height":0,"ocean_custom_logo_mobile_max_height":0,"ocean_header_custom_menu":"0","ocean_menu_typo_font_family":"0","ocean_menu_typo_font_subset":"","ocean_menu_typo_font_size":0,"ocean_menu_typo_font_size_tablet":0,"ocean_menu_typo_font_size_mobile":0,"ocean_menu_typo_font_size_unit":"px","ocean_menu_typo_font_weight":"","ocean_menu_typo_font_weight_tablet":"","ocean_menu_typo_font_weight_mobile":"","ocean_menu_typo_transform":"","ocean_menu_typo_transform_tablet":"","ocean_menu_typo_transform_mobile":"","ocean_menu_typo_line_height":0,"ocean_menu_typo_line_height_tablet":0,"ocean_menu_typo_line_height_mobile":0,"ocean_menu_typo_line_height_unit":"","ocean_menu_typo_spacing":0,"ocean_menu_typo_spacing_tablet":0,"ocean_menu_typo_spacing_mobile":0,"ocean_menu_typo_spacing_unit":"","ocean_menu_link_color":"","ocean_menu_link_color_hover":"","ocean_menu_link_color_active":"","ocean_menu_link_background":"","ocean_menu_link_hover_background":"","ocean_menu_link_active_background":"","ocean_menu_social_links_bg":"","ocean_menu_social_hover_links_bg":"","ocean_menu_social_links_color":"","ocean_menu_social_hover_links_color":"","ocean_disable_title":"on","ocean_disable_heading":"default","ocean_post_title":"","ocean_post_subheading":"","ocean_post_title_style":"","ocean_post_title_background_color":"","ocean_post_title_background":0,"ocean_post_title_bg_image_position":"","ocean_post_title_bg_image_attachment":"","ocean_post_title_bg_image_repeat":"","ocean_post_title_bg_image_size":"","ocean_post_title_height":0,"ocean_post_title_bg_overlay":0.5,"ocean_post_title_bg_overlay_color":"","ocean_disable_breadcrumbs":"default","ocean_breadcrumbs_color":"","ocean_breadcrumbs_separator_color":"","ocean_breadcrumbs_links_color":"","ocean_breadcrumbs_links_hover_color":"","ocean_display_footer_widgets":"default","ocean_display_footer_bottom":"default","ocean_custom_footer_template":"0","footnotes":""},"class_list":["post-9167","page","type-page","status-publish","hentry","entry"],"_links":{"self":[{"href":"https:\/\/litteraturbanken.se\/skolan\/wp-json\/wp\/v2\/pages\/9167","targetHints":{"allow":["GET"]}}],"collection":[{"href":"https:\/\/litteraturbanken.se\/skolan\/wp-json\/wp\/v2\/pages"}],"about":[{"href":"https:\/\/litteraturbanken.se\/skolan\/wp-json\/wp\/v2\/types\/page"}],"author":[{"embeddable":true,"href":"https:\/\/litteraturbanken.se\/skolan\/wp-json\/wp\/v2\/users\/5"}],"replies":[{"embeddable":true,"href":"https:\/\/litteraturbanken.se\/skolan\/wp-json\/wp\/v2\/comments?post=9167"}],"version-history":[{"count":15,"href":"https:\/\/litteraturbanken.se\/skolan\/wp-json\/wp\/v2\/pages\/9167\/revisions"}],"predecessor-version":[{"id":20404,"href":"https:\/\/litteraturbanken.se\/skolan\/wp-json\/wp\/v2\/pages\/9167\/revisions\/20404"}],"wp:attachment":[{"href":"https:\/\/litteraturbanken.se\/skolan\/wp-json\/wp\/v2\/media?parent=9167"}],"curies":[{"name":"wp","href":"https:\/\/api.w.org\/{rel}","templated":true}]}}