{"id":9193,"date":"2018-12-09T21:28:36","date_gmt":"2018-12-09T20:28:36","guid":{"rendered":"https:\/\/litteraturbanken.se\/skoladev\/?page_id=9193"},"modified":"2020-03-04T11:47:39","modified_gmt":"2020-03-04T10:47:39","slug":"poesi-forfattare-gustaf-froding-vallarelat","status":"publish","type":"page","link":"https:\/\/litteraturbanken.se\/skolan\/poesi-forfattare-gustaf-froding-vallarelat\/","title":{"rendered":"Poesi\/F\u00f6rfattare\/Gustaf Fr\u00f6ding\/Vallarel\u00e5t"},"content":{"rendered":"\t\t<div data-elementor-type=\"wp-post\" data-elementor-id=\"9193\" class=\"elementor elementor-9193\">\n\t\t\t\t\t\t<section class=\"elementor-section elementor-top-section elementor-element elementor-element-15f82e3 elementor-section-boxed elementor-section-height-default elementor-section-height-default\" data-id=\"15f82e3\" data-element_type=\"section\" data-e-type=\"section\">\n\t\t\t\t\t\t<div class=\"elementor-container elementor-column-gap-default\">\n\t\t\t\t\t<div class=\"elementor-column elementor-col-100 elementor-top-column elementor-element elementor-element-158cb54\" data-id=\"158cb54\" data-element_type=\"column\" data-e-type=\"column\">\n\t\t\t<div class=\"elementor-widget-wrap elementor-element-populated\">\n\t\t\t\t\t\t<div class=\"elementor-element elementor-element-81ea5d0 elementor-widget elementor-widget-spacer\" data-id=\"81ea5d0\" data-element_type=\"widget\" data-e-type=\"widget\" data-widget_type=\"spacer.default\">\n\t\t\t\t<div class=\"elementor-widget-container\">\n\t\t\t\t\t\t\t<div class=\"elementor-spacer\">\n\t\t\t<div class=\"elementor-spacer-inner\"><\/div>\n\t\t<\/div>\n\t\t\t\t\t\t<\/div>\n\t\t\t\t<\/div>\n\t\t\t\t\t<\/div>\n\t\t<\/div>\n\t\t\t\t\t<\/div>\n\t\t<\/section>\n\t\t\t\t<section class=\"elementor-section elementor-inner-section elementor-element elementor-element-9afdffe elementor-section-boxed elementor-section-height-default elementor-section-height-default\" data-id=\"9afdffe\" data-element_type=\"section\" data-e-type=\"section\">\n\t\t\t\t\t\t<div class=\"elementor-container elementor-column-gap-default\">\n\t\t\t\t\t<div class=\"elementor-column elementor-col-66 elementor-inner-column elementor-element elementor-element-629ada5\" data-id=\"629ada5\" data-element_type=\"column\" data-e-type=\"column\" data-settings=\"{&quot;background_background&quot;:&quot;classic&quot;}\">\n\t\t\t<div class=\"elementor-widget-wrap elementor-element-populated\">\n\t\t\t\t\t\t<div class=\"elementor-element elementor-element-55bdd3a elementor-widget elementor-widget-heading\" data-id=\"55bdd3a\" data-element_type=\"widget\" data-e-type=\"widget\" data-widget_type=\"heading.default\">\n\t\t\t\t<div class=\"elementor-widget-container\">\n\t\t\t\t\t<h2 class=\"elementor-heading-title elementor-size-default\">Vallarel\u00e5t<\/h2>\t\t\t\t<\/div>\n\t\t\t\t<\/div>\n\t\t\t\t<div class=\"elementor-element elementor-element-6ddef7b elementor-widget elementor-widget-text-editor\" data-id=\"6ddef7b\" data-element_type=\"widget\" data-e-type=\"widget\" data-widget_type=\"text-editor.default\">\n\t\t\t\t<div class=\"elementor-widget-container\">\n\t\t\t\t\t\t\t\t\t<p>Av <a href=\"https:\/\/litteraturbanken.se\/skolan\/?page_id=113\"><em>Gustaf Fr\u00f6ding<\/em><\/a><\/p>\t\t\t\t\t\t\t\t<\/div>\n\t\t\t\t<\/div>\n\t\t\t\t<div class=\"elementor-element elementor-element-fdfc1d8 elementor-widget elementor-widget-text-editor\" data-id=\"fdfc1d8\" data-element_type=\"widget\" data-e-type=\"widget\" data-widget_type=\"text-editor.default\">\n\t\t\t\t<div class=\"elementor-widget-container\">\n\t\t\t\t\t\t\t\t\t<p><strong>Ur:<\/strong>\u00a0<em>Guitarr och dragharmonika\u00a0<\/em>(1891) \u00a0 \u00a0<strong>\u00c5rskurs:<\/strong> Gymnasium \u00a0 \u00a0<strong>Tema:<\/strong> Natur och m\u00e4nniska<\/p>\t\t\t\t\t\t\t\t<\/div>\n\t\t\t\t<\/div>\n\t\t\t\t<div class=\"elementor-element elementor-element-55f5438 elementor-widget elementor-widget-text-editor\" data-id=\"55f5438\" data-element_type=\"widget\" data-e-type=\"widget\" data-widget_type=\"text-editor.default\">\n\t\t\t\t<div class=\"elementor-widget-container\">\n\t\t\t\t\t\t\t\t\t<p>H\u00f6r\u00a0du\u00a0ej\u00a0bj\u00e4llrorna,\u00a0h\u00f6r\u00a0du\u00a0hur\u00a0s\u00e5ngen<br \/>vallar\u00a0och\u00a0g\u00e5r\u00a0och\u00a0g\u00e5r\u00a0vilse\u00a0i\u00a0vall?<br \/>Korna\u00a0de\u00a0r\u00e5ma\u00a0och\u00a0p\u00e5skynda\u00a0g\u00e5ngen,<br \/>f\u00f6lja\u00a0i\u00a0lunk\u00a0efter\u00a0j\u00e4ntans\u00a0trall.<br \/><br \/>H\u00f6r,\u00a0hur\u00a0det\u00a0ljuder\u00a0kring\u00a0myr\u00a0och\u00a0mo:<br \/>Lilja\u00a0\u2013\u00a0mi\u00a0Lilja\u00a0\u2013\u00a0mi\u00a0Lilja\u00a0\u2013\u00a0mi\u00a0ko!<br \/>Eko\u00a0vaknar\u00a0i\u00a0bergigt\u00a0bo,<br \/>svarar\u00a0ur\u00a0h\u00e4llarna<br \/>l\u00e5ngt\u00a0norr\u00a0i\u00a0fj\u00e4llarna:<br \/>Lilja\u00a0\u2013\u00a0mi\u00a0Lilja\u00a0\u2013\u00a0mi\u00a0ko!<br \/><br \/>Bj\u00e4llklangen\u00a0dallrar\u00a0och\u00a0faller\u00a0och\u00a0stiger,<br \/>suset\u00a0\u00e4r\u00a0stilla\u00a0och\u00a0vilar\u00a0i\u00a0ro,<br \/>skogen\u00a0\u00e4r\u00a0kv\u00e4lltung\u00a0och\u00a0s\u00f6mnig\u00a0och\u00a0tiger.<br \/>Endast\u00a0den\u00a0vallande<br \/>l\u00e5ten\u00a0g\u00e5r\u00a0kallande<br \/>fram\u00a0genom\u00a0nejden\u00a0kring\u00a0myr\u00a0och\u00a0mo.<br \/><br \/>Natten\u00a0\u00e4r\u00a0n\u00e4ra\u00a0och\u00a0solskenet\u00a0rymmer,<br \/>ser\u00a0du\u00a0p\u00e5\u00a0tj\u00e4rnet,\u00a0hur\u00a0t\u00f6cknet\u00a0st\u00e5r!<br \/>Skuggan\u00a0f\u00f6rl\u00e4nges,\u00a0f\u00f6rt\u00e4tas\u00a0och\u00a0skymmer,<br \/>snart\u00a0\u00f6ver\u00a0skogarna\u00a0m\u00f6rkret\u00a0r\u00e5r.<br \/><br \/>M\u00f6rk\u00a0sover\u00a0tallen,\u00a0m\u00f6rk\u00a0sover\u00a0granen,<br \/>dovare\u00a0sorlar\u00a0en\u00a0bergb\u00e4cks\u00a0fall.<br \/>Fj\u00e4rmare\u00a0klingar\u00a0den\u00a0h\u00f6ga\u00a0sopranen,<br \/>vallar\u00a0och\u00a0g\u00e5r\u00a0och\u00a0g\u00e5r\u00a0vilse\u00a0i\u00a0vall.<\/p>\t\t\t\t\t\t\t\t<\/div>\n\t\t\t\t<\/div>\n\t\t\t\t\t<\/div>\n\t\t<\/div>\n\t\t\t\t<div class=\"elementor-column elementor-col-33 elementor-inner-column elementor-element elementor-element-a649221\" data-id=\"a649221\" data-element_type=\"column\" data-e-type=\"column\">\n\t\t\t<div class=\"elementor-widget-wrap elementor-element-populated\">\n\t\t\t\t\t\t<div class=\"elementor-element elementor-element-4e18d69 elementor-widget elementor-widget-wp-widget-media_audio\" data-id=\"4e18d69\" data-element_type=\"widget\" data-e-type=\"widget\" data-widget_type=\"wp-widget-media_audio.default\">\n\t\t\t\t<div class=\"elementor-widget-container\">\n\t\t\t\t\t<h5>Anna Nordlund l\u00e4ser \u201dVallarel\u00e5t\u201d av Gustaf Fr\u00f6ding.<\/h5><audio class=\"wp-audio-shortcode\" id=\"audio-9193-1\" preload=\"none\" style=\"width: 100%;\" controls=\"controls\"><source type=\"audio\/mpeg\" src=\"https:\/\/litteraturbanken.se\/skolan\/wp-content\/uploads\/2019\/03\/froding_vallarelat_nordlund.mp3?_=1\" \/><source type=\"audio\/mpeg\" src=\"https:\/\/litteraturbanken.se\/skolan\/wp-content\/uploads\/2019\/03\/froding_vallarelat_nordlund.mp3?_=1\" \/><a href=\"https:\/\/litteraturbanken.se\/skolan\/wp-content\/uploads\/2019\/03\/froding_vallarelat_nordlund.mp3\">https:\/\/litteraturbanken.se\/skolan\/wp-content\/uploads\/2019\/03\/froding_vallarelat_nordlund.mp3<\/a><\/audio>\t\t\t\t<\/div>\n\t\t\t\t<\/div>\n\t\t\t\t<div class=\"elementor-element elementor-element-0e7c872 elementor-icon-list--layout-traditional elementor-list-item-link-full_width elementor-widget elementor-widget-icon-list\" data-id=\"0e7c872\" data-element_type=\"widget\" data-e-type=\"widget\" data-widget_type=\"icon-list.default\">\n\t\t\t\t<div class=\"elementor-widget-container\">\n\t\t\t\t\t\t\t<ul class=\"elementor-icon-list-items\">\n\t\t\t\t\t\t\t<li class=\"elementor-icon-list-item\">\n\t\t\t\t\t\t\t\t\t\t\t<a href=\"https:\/\/litteraturbanken.se\/forfattare\/FrodingG\/titlar\/GuitarrOchDragharmonika\/sida\/24\/etext\" target=\"_blank\">\n\n\t\t\t\t\t\t\t\t\t\t\t\t<span class=\"elementor-icon-list-icon\">\n\t\t\t\t\t\t\t\t\t\t\t\t\t\t\t\t<i class=\"fa fa-file-text-o\" aria-hidden=\"true\"><\/i>\n\t\t\t\t\t\t\t\t\t\t\t\t\t<\/span>\n\t\t\t\t\t\t\t\t\t\t<span class=\"elementor-icon-list-text\">L\u00e4s dikten p\u00e5 Litteraturbanken<\/span>\n\t\t\t\t\t\t\t\t\t\t\t<\/a>\n\t\t\t\t\t\t\t\t\t<\/li>\n\t\t\t\t\t\t\t\t<li class=\"elementor-icon-list-item\">\n\t\t\t\t\t\t\t\t\t\t\t<a href=\"https:\/\/litteraturbanken.se\/skolan\/?page_id=261\" target=\"_blank\">\n\n\t\t\t\t\t\t\t\t\t\t\t\t<span class=\"elementor-icon-list-icon\">\n\t\t\t\t\t\t\t\t\t\t\t\t\t\t\t\t<i class=\"fa fa-file-text-o\" aria-hidden=\"true\"><\/i>\n\t\t\t\t\t\t\t\t\t\t\t\t\t<\/span>\n\t\t\t\t\t\t\t\t\t\t<span class=\"elementor-icon-list-text\">Termer och begrepp<\/span>\n\t\t\t\t\t\t\t\t\t\t\t<\/a>\n\t\t\t\t\t\t\t\t\t<\/li>\n\t\t\t\t\t\t<\/ul>\n\t\t\t\t\t\t<\/div>\n\t\t\t\t<\/div>\n\t\t\t\t<div class=\"elementor-element elementor-element-18dc365 elementor-align-center elementor-widget elementor-widget-button\" data-id=\"18dc365\" data-element_type=\"widget\" data-e-type=\"widget\" data-widget_type=\"button.default\">\n\t\t\t\t<div class=\"elementor-widget-container\">\n\t\t\t\t\t\t\t\t\t<div class=\"elementor-button-wrapper\">\n\t\t\t\t\t<a class=\"elementor-button elementor-button-link elementor-size-md elementor-animation-grow\" href=\"#uppgiftF-3\">\n\t\t\t\t\t\t<span class=\"elementor-button-content-wrapper\">\n\t\t\t\t\t\t<span class=\"elementor-button-icon\">\n\t\t\t\t\t\t\t\t\t<i class=\"fa fa-pencil\" aria-hidden=\"true\"><\/i>\n\t\t\t\t\t\t\t<\/span>\n\t\t\t\t\t\t\t\t\t<span class=\"elementor-button-text\">Uppgift, Gymnasium<\/span>\n\t\t\t\t\t<\/span>\n\t\t\t\t\t<\/a>\n\t\t\t\t<\/div>\n\t\t\t\t\t\t\t\t<\/div>\n\t\t\t\t<\/div>\n\t\t\t\t<div class=\"elementor-element elementor-element-871efe4 elementor-widget elementor-widget-image\" data-id=\"871efe4\" data-element_type=\"widget\" data-e-type=\"widget\" data-widget_type=\"image.default\">\n\t\t\t\t<div class=\"elementor-widget-container\">\n\t\t\t\t\t\t\t\t\t\t\t\t\t\t\t<img fetchpriority=\"high\" decoding=\"async\" width=\"300\" height=\"300\" src=\"https:\/\/litteraturbanken.se\/skolan\/wp-content\/uploads\/2019\/03\/lb_skolan_2019_knapp_f\u00f6rfattarbild_bl\u00e5-e1553013682353.jpg\" class=\"attachment-full size-full wp-image-13725\" alt=\"\" \/>\t\t\t\t\t\t\t\t\t\t\t\t\t\t\t<\/div>\n\t\t\t\t<\/div>\n\t\t\t\t\t<\/div>\n\t\t<\/div>\n\t\t\t\t\t<\/div>\n\t\t<\/section>\n\t\t\t\t<section class=\"elementor-section elementor-top-section elementor-element elementor-element-ba51aaa elementor-section-boxed elementor-section-height-default elementor-section-height-default\" data-id=\"ba51aaa\" data-element_type=\"section\" data-e-type=\"section\">\n\t\t\t\t\t\t<div class=\"elementor-container elementor-column-gap-default\">\n\t\t\t\t\t<div class=\"elementor-column elementor-col-100 elementor-top-column elementor-element elementor-element-4d4510b\" data-id=\"4d4510b\" data-element_type=\"column\" data-e-type=\"column\">\n\t\t\t<div class=\"elementor-widget-wrap elementor-element-populated\">\n\t\t\t\t\t\t<div class=\"elementor-element elementor-element-5d39c15 elementor-widget elementor-widget-spacer\" data-id=\"5d39c15\" data-element_type=\"widget\" data-e-type=\"widget\" data-widget_type=\"spacer.default\">\n\t\t\t\t<div class=\"elementor-widget-container\">\n\t\t\t\t\t\t\t<div class=\"elementor-spacer\">\n\t\t\t<div class=\"elementor-spacer-inner\"><\/div>\n\t\t<\/div>\n\t\t\t\t\t\t<\/div>\n\t\t\t\t<\/div>\n\t\t\t\t\t<\/div>\n\t\t<\/div>\n\t\t\t\t\t<\/div>\n\t\t<\/section>\n\t\t\t\t<section class=\"elementor-section elementor-top-section elementor-element elementor-element-d3165dd elementor-section-boxed elementor-section-height-default elementor-section-height-default\" data-id=\"d3165dd\" data-element_type=\"section\" data-e-type=\"section\">\n\t\t\t\t\t\t<div class=\"elementor-container elementor-column-gap-default\">\n\t\t\t\t\t<div class=\"elementor-column elementor-col-100 elementor-top-column elementor-element elementor-element-54df7bc\" data-id=\"54df7bc\" data-element_type=\"column\" data-e-type=\"column\" data-settings=\"{&quot;background_background&quot;:&quot;classic&quot;}\">\n\t\t\t<div class=\"elementor-widget-wrap elementor-element-populated\">\n\t\t\t\t\t\t<section class=\"elementor-section elementor-inner-section elementor-element elementor-element-529e4fa elementor-section-boxed elementor-section-height-default elementor-section-height-default\" data-id=\"529e4fa\" data-element_type=\"section\" data-e-type=\"section\">\n\t\t\t\t\t\t<div class=\"elementor-container elementor-column-gap-default\">\n\t\t\t\t\t<div class=\"elementor-column elementor-col-100 elementor-inner-column elementor-element elementor-element-0167f60\" data-id=\"0167f60\" data-element_type=\"column\" data-e-type=\"column\">\n\t\t\t<div class=\"elementor-widget-wrap elementor-element-populated\">\n\t\t\t\t\t\t<div class=\"elementor-element elementor-element-9b51d39 elementor-widget elementor-widget-menu-anchor\" data-id=\"9b51d39\" data-element_type=\"widget\" data-e-type=\"widget\" data-widget_type=\"menu-anchor.default\">\n\t\t\t\t<div class=\"elementor-widget-container\">\n\t\t\t\t\t\t\t<div class=\"elementor-menu-anchor\" id=\"uppgiftF-3\"><\/div>\n\t\t\t\t\t\t<\/div>\n\t\t\t\t<\/div>\n\t\t\t\t<div class=\"elementor-element elementor-element-e72eb8f elementor-view-framed elementor-shape-circle elementor-widget elementor-widget-icon\" data-id=\"e72eb8f\" data-element_type=\"widget\" data-e-type=\"widget\" data-widget_type=\"icon.default\">\n\t\t\t\t<div class=\"elementor-widget-container\">\n\t\t\t\t\t\t\t<div class=\"elementor-icon-wrapper\">\n\t\t\t<div class=\"elementor-icon\">\n\t\t\t\t\t\t\t<i class=\"fa fa-pencil\" aria-hidden=\"true\"><\/i>\n\t\t\t\t\t\t<\/div>\n\t\t<\/div>\n\t\t\t\t\t\t<\/div>\n\t\t\t\t<\/div>\n\t\t\t\t<div class=\"elementor-element elementor-element-2dac8aa elementor-widget elementor-widget-toggle\" data-id=\"2dac8aa\" data-element_type=\"widget\" data-e-type=\"widget\" data-widget_type=\"toggle.default\">\n\t\t\t\t<div class=\"elementor-widget-container\">\n\t\t\t\t\t\t\t<div class=\"elementor-toggle\">\n\t\t\t\t\t\t\t<div class=\"elementor-toggle-item\">\n\t\t\t\t\t<div id=\"elementor-tab-title-4781\" class=\"elementor-tab-title\" data-tab=\"1\" role=\"button\" aria-controls=\"elementor-tab-content-4781\" aria-expanded=\"false\">\n\t\t\t\t\t\t\t\t\t\t\t\t<span class=\"elementor-toggle-icon elementor-toggle-icon-left\" aria-hidden=\"true\">\n\t\t\t\t\t\t\t\t\t\t\t\t\t\t\t<i class=\"elementor-toggle-icon-closed fa fa-chevron-right\"><\/i>\n\t\t\t\t\t\t\t\t<i class=\"elementor-toggle-icon-opened fa fa-chevron-down\"><\/i>\n\t\t\t\t\t\t\t\t\t\t\t\t\t<\/span>\n\t\t\t\t\t\t\t\t\t\t\t\t<a class=\"elementor-toggle-title\" tabindex=\"0\">Gymnasium<\/a>\n\t\t\t\t\t<\/div>\n\n\t\t\t\t\t<div id=\"elementor-tab-content-4781\" class=\"elementor-tab-content elementor-clearfix\" data-tab=\"1\" role=\"region\" aria-labelledby=\"elementor-tab-title-4781\"><p>J\u00e4mf\u00f6r dikten med Karlfeldts\u00a0<a href=\"https:\/\/litteraturbanken.se\/skolan\/?page_id=10609\">\u201dMajnattsr\u00f6ster\u201d<\/a>. I rim och rytm \u00e4r dikterna v\u00e4ldigt lika.<\/p><p>1 Ta tillsammans ut rytmen som uppst\u00e5r i dikterna mellan betonade och obetonade stavelser.<\/p><p>2 Notera rimmen.<\/p><p>3 Unders\u00f6k ocks\u00e5 om det finns allitterationer och assonanser.<\/p><p>4 Finns det n\u00e5gra likheter i inneh\u00e5llet?<\/p><p>5 Diskutera vilken av dikterna som tilltalar er mest.<\/p><\/div>\n\t\t\t\t<\/div>\n\t\t\t\t\t\t\t\t<\/div>\n\t\t\t\t\t\t<\/div>\n\t\t\t\t<\/div>\n\t\t\t\t\t<\/div>\n\t\t<\/div>\n\t\t\t\t\t<\/div>\n\t\t<\/section>\n\t\t\t\t\t<\/div>\n\t\t<\/div>\n\t\t\t\t\t<\/div>\n\t\t<\/section>\n\t\t\t\t<section class=\"elementor-section elementor-top-section elementor-element elementor-element-263a76a elementor-section-boxed elementor-section-height-default elementor-section-height-default\" data-id=\"263a76a\" data-element_type=\"section\" data-e-type=\"section\">\n\t\t\t\t\t\t<div class=\"elementor-container elementor-column-gap-default\">\n\t\t\t\t\t<div class=\"elementor-column elementor-col-100 elementor-top-column elementor-element elementor-element-58b04d2\" data-id=\"58b04d2\" data-element_type=\"column\" data-e-type=\"column\">\n\t\t\t<div class=\"elementor-widget-wrap elementor-element-populated\">\n\t\t\t\t\t\t<div class=\"elementor-element elementor-element-6030683 elementor-widget elementor-widget-spacer\" data-id=\"6030683\" data-element_type=\"widget\" data-e-type=\"widget\" data-widget_type=\"spacer.default\">\n\t\t\t\t<div class=\"elementor-widget-container\">\n\t\t\t\t\t\t\t<div class=\"elementor-spacer\">\n\t\t\t<div class=\"elementor-spacer-inner\"><\/div>\n\t\t<\/div>\n\t\t\t\t\t\t<\/div>\n\t\t\t\t<\/div>\n\t\t\t\t\t<\/div>\n\t\t<\/div>\n\t\t\t\t\t<\/div>\n\t\t<\/section>\n\t\t\t\t<\/div>\n\t\t","protected":false},"excerpt":{"rendered":"<p>Vallarel\u00e5t Av Gustaf Fr\u00f6ding Ur:\u00a0Guitarr och dragharmonika\u00a0(1891) \u00a0 \u00a0\u00c5rskurs: Gymnasium \u00a0 \u00a0Tema: Natur och m\u00e4nniska H\u00f6r\u00a0du\u00a0ej\u00a0bj\u00e4llrorna,\u00a0h\u00f6r\u00a0du\u00a0hur\u00a0s\u00e5ngenvallar\u00a0och\u00a0g\u00e5r\u00a0och\u00a0g\u00e5r\u00a0vilse\u00a0i\u00a0vall?Korna\u00a0de\u00a0r\u00e5ma\u00a0och\u00a0p\u00e5skynda\u00a0g\u00e5ngen,f\u00f6lja\u00a0i\u00a0lunk\u00a0efter\u00a0j\u00e4ntans\u00a0trall. H\u00f6r,\u00a0hur\u00a0det\u00a0ljuder\u00a0kring\u00a0myr\u00a0och\u00a0mo:Lilja\u00a0\u2013\u00a0mi\u00a0Lilja\u00a0\u2013\u00a0mi\u00a0Lilja\u00a0\u2013\u00a0mi\u00a0ko!Eko\u00a0vaknar\u00a0i\u00a0bergigt\u00a0bo,svarar\u00a0ur\u00a0h\u00e4llarnal\u00e5ngt\u00a0norr\u00a0i\u00a0fj\u00e4llarna:Lilja\u00a0\u2013\u00a0mi\u00a0Lilja\u00a0\u2013\u00a0mi\u00a0ko! Bj\u00e4llklangen\u00a0dallrar\u00a0och\u00a0faller\u00a0och\u00a0stiger,suset\u00a0\u00e4r\u00a0stilla\u00a0och\u00a0vilar\u00a0i\u00a0ro,skogen\u00a0\u00e4r\u00a0kv\u00e4lltung\u00a0och\u00a0s\u00f6mnig\u00a0och\u00a0tiger.Endast\u00a0den\u00a0vallandel\u00e5ten\u00a0g\u00e5r\u00a0kallandefram\u00a0genom\u00a0nejden\u00a0kring\u00a0myr\u00a0och\u00a0mo. Natten\u00a0\u00e4r\u00a0n\u00e4ra\u00a0och\u00a0solskenet\u00a0rymmer,ser\u00a0du\u00a0p\u00e5\u00a0tj\u00e4rnet,\u00a0hur\u00a0t\u00f6cknet\u00a0st\u00e5r!Skuggan\u00a0f\u00f6rl\u00e4nges,\u00a0f\u00f6rt\u00e4tas\u00a0och\u00a0skymmer,snart\u00a0\u00f6ver\u00a0skogarna\u00a0m\u00f6rkret\u00a0r\u00e5r. M\u00f6rk\u00a0sover\u00a0tallen,\u00a0m\u00f6rk\u00a0sover\u00a0granen,dovare\u00a0sorlar\u00a0en\u00a0bergb\u00e4cks\u00a0fall.Fj\u00e4rmare\u00a0klingar\u00a0den\u00a0h\u00f6ga\u00a0sopranen,vallar\u00a0och\u00a0g\u00e5r\u00a0och\u00a0g\u00e5r\u00a0vilse\u00a0i\u00a0vall. L\u00e4s dikten p\u00e5 Litteraturbanken Termer och begrepp Uppgift, Gymnasium Gymnasium J\u00e4mf\u00f6r dikten med Karlfeldts\u00a0\u201dMajnattsr\u00f6ster\u201d. I rim och rytm \u00e4r dikterna v\u00e4ldigt lika. 1 Ta tillsammans ut rytmen som uppst\u00e5r i dikterna mellan betonade och obetonade [&hellip;]<\/p>\n","protected":false},"author":5,"featured_media":0,"parent":0,"menu_order":0,"comment_status":"closed","ping_status":"closed","template":"","meta":{"ocean_post_layout":"full-screen","ocean_both_sidebars_style":"","ocean_both_sidebars_content_width":0,"ocean_both_sidebars_sidebars_width":0,"ocean_sidebar":"0","ocean_second_sidebar":"0","ocean_disable_margins":"enable","ocean_add_body_class":"","ocean_shortcode_before_top_bar":"","ocean_shortcode_after_top_bar":"","ocean_shortcode_before_header":"","ocean_shortcode_after_header":"","ocean_has_shortcode":"","ocean_shortcode_after_title":"","ocean_shortcode_before_footer_widgets":"","ocean_shortcode_after_footer_widgets":"","ocean_shortcode_before_footer_bottom":"","ocean_shortcode_after_footer_bottom":"","ocean_display_top_bar":"default","ocean_display_header":"default","ocean_header_style":"","ocean_center_header_left_menu":"0","ocean_custom_header_template":"0","ocean_custom_logo":0,"ocean_custom_retina_logo":0,"ocean_custom_logo_max_width":0,"ocean_custom_logo_tablet_max_width":0,"ocean_custom_logo_mobile_max_width":0,"ocean_custom_logo_max_height":0,"ocean_custom_logo_tablet_max_height":0,"ocean_custom_logo_mobile_max_height":0,"ocean_header_custom_menu":"0","ocean_menu_typo_font_family":"0","ocean_menu_typo_font_subset":"","ocean_menu_typo_font_size":0,"ocean_menu_typo_font_size_tablet":0,"ocean_menu_typo_font_size_mobile":0,"ocean_menu_typo_font_size_unit":"px","ocean_menu_typo_font_weight":"","ocean_menu_typo_font_weight_tablet":"","ocean_menu_typo_font_weight_mobile":"","ocean_menu_typo_transform":"","ocean_menu_typo_transform_tablet":"","ocean_menu_typo_transform_mobile":"","ocean_menu_typo_line_height":0,"ocean_menu_typo_line_height_tablet":0,"ocean_menu_typo_line_height_mobile":0,"ocean_menu_typo_line_height_unit":"","ocean_menu_typo_spacing":0,"ocean_menu_typo_spacing_tablet":0,"ocean_menu_typo_spacing_mobile":0,"ocean_menu_typo_spacing_unit":"","ocean_menu_link_color":"","ocean_menu_link_color_hover":"","ocean_menu_link_color_active":"","ocean_menu_link_background":"","ocean_menu_link_hover_background":"","ocean_menu_link_active_background":"","ocean_menu_social_links_bg":"","ocean_menu_social_hover_links_bg":"","ocean_menu_social_links_color":"","ocean_menu_social_hover_links_color":"","ocean_disable_title":"on","ocean_disable_heading":"default","ocean_post_title":"","ocean_post_subheading":"","ocean_post_title_style":"","ocean_post_title_background_color":"","ocean_post_title_background":0,"ocean_post_title_bg_image_position":"","ocean_post_title_bg_image_attachment":"","ocean_post_title_bg_image_repeat":"","ocean_post_title_bg_image_size":"","ocean_post_title_height":0,"ocean_post_title_bg_overlay":0.5,"ocean_post_title_bg_overlay_color":"","ocean_disable_breadcrumbs":"default","ocean_breadcrumbs_color":"","ocean_breadcrumbs_separator_color":"","ocean_breadcrumbs_links_color":"","ocean_breadcrumbs_links_hover_color":"","ocean_display_footer_widgets":"default","ocean_display_footer_bottom":"default","ocean_custom_footer_template":"0","footnotes":""},"class_list":["post-9193","page","type-page","status-publish","hentry","entry"],"_links":{"self":[{"href":"https:\/\/litteraturbanken.se\/skolan\/wp-json\/wp\/v2\/pages\/9193","targetHints":{"allow":["GET"]}}],"collection":[{"href":"https:\/\/litteraturbanken.se\/skolan\/wp-json\/wp\/v2\/pages"}],"about":[{"href":"https:\/\/litteraturbanken.se\/skolan\/wp-json\/wp\/v2\/types\/page"}],"author":[{"embeddable":true,"href":"https:\/\/litteraturbanken.se\/skolan\/wp-json\/wp\/v2\/users\/5"}],"replies":[{"embeddable":true,"href":"https:\/\/litteraturbanken.se\/skolan\/wp-json\/wp\/v2\/comments?post=9193"}],"version-history":[{"count":18,"href":"https:\/\/litteraturbanken.se\/skolan\/wp-json\/wp\/v2\/pages\/9193\/revisions"}],"predecessor-version":[{"id":20428,"href":"https:\/\/litteraturbanken.se\/skolan\/wp-json\/wp\/v2\/pages\/9193\/revisions\/20428"}],"wp:attachment":[{"href":"https:\/\/litteraturbanken.se\/skolan\/wp-json\/wp\/v2\/media?parent=9193"}],"curies":[{"name":"wp","href":"https:\/\/api.w.org\/{rel}","templated":true}]}}