{"id":9859,"date":"2018-12-15T22:24:05","date_gmt":"2018-12-15T21:24:05","guid":{"rendered":"https:\/\/litteraturbanken.se\/skoladev\/?page_id=9859"},"modified":"2020-05-06T08:51:28","modified_gmt":"2020-05-06T06:51:28","slug":"poesi-forfattare-dan-andersson-heldagskvall-i-timmerkojan","status":"publish","type":"page","link":"https:\/\/litteraturbanken.se\/skolan\/poesi-forfattare-dan-andersson-heldagskvall-i-timmerkojan\/","title":{"rendered":"Poesi\/F\u00f6rfattare\/Dan Andersson\/Heldagskv\u00e4ll i timmerkojan\u200b"},"content":{"rendered":"\t\t<div data-elementor-type=\"wp-post\" data-elementor-id=\"9859\" class=\"elementor elementor-9859\">\n\t\t\t\t\t\t<section class=\"elementor-section elementor-top-section elementor-element elementor-element-e953ea0 elementor-section-boxed elementor-section-height-default elementor-section-height-default\" data-id=\"e953ea0\" data-element_type=\"section\" data-e-type=\"section\" data-settings=\"{&quot;background_background&quot;:&quot;classic&quot;}\">\n\t\t\t\t\t\t<div class=\"elementor-container elementor-column-gap-default\">\n\t\t\t\t\t<div class=\"elementor-column elementor-col-100 elementor-top-column elementor-element elementor-element-11851e0\" data-id=\"11851e0\" data-element_type=\"column\" data-e-type=\"column\">\n\t\t\t<div class=\"elementor-widget-wrap elementor-element-populated\">\n\t\t\t\t\t\t<div class=\"elementor-element elementor-element-a43902e elementor-widget elementor-widget-spacer\" data-id=\"a43902e\" data-element_type=\"widget\" data-e-type=\"widget\" data-widget_type=\"spacer.default\">\n\t\t\t\t<div class=\"elementor-widget-container\">\n\t\t\t\t\t\t\t<div class=\"elementor-spacer\">\n\t\t\t<div class=\"elementor-spacer-inner\"><\/div>\n\t\t<\/div>\n\t\t\t\t\t\t<\/div>\n\t\t\t\t<\/div>\n\t\t\t\t\t<\/div>\n\t\t<\/div>\n\t\t\t\t\t<\/div>\n\t\t<\/section>\n\t\t\t\t<section class=\"elementor-section elementor-inner-section elementor-element elementor-element-36f680e elementor-section-boxed elementor-section-height-default elementor-section-height-default\" data-id=\"36f680e\" data-element_type=\"section\" data-e-type=\"section\" data-settings=\"{&quot;background_background&quot;:&quot;classic&quot;}\">\n\t\t\t\t\t\t<div class=\"elementor-container elementor-column-gap-default\">\n\t\t\t\t\t<div class=\"elementor-column elementor-col-66 elementor-inner-column elementor-element elementor-element-a6078cf\" data-id=\"a6078cf\" data-element_type=\"column\" data-e-type=\"column\" data-settings=\"{&quot;background_background&quot;:&quot;classic&quot;}\">\n\t\t\t<div class=\"elementor-widget-wrap elementor-element-populated\">\n\t\t\t\t\t\t<div class=\"elementor-element elementor-element-fc9c152 elementor-widget elementor-widget-heading\" data-id=\"fc9c152\" data-element_type=\"widget\" data-e-type=\"widget\" data-widget_type=\"heading.default\">\n\t\t\t\t<div class=\"elementor-widget-container\">\n\t\t\t\t\t<h2 class=\"elementor-heading-title elementor-size-default\">Helgdagskv\u00e4ll i timmerkojan<\/h2>\t\t\t\t<\/div>\n\t\t\t\t<\/div>\n\t\t\t\t<div class=\"elementor-element elementor-element-01e6415 elementor-widget elementor-widget-text-editor\" data-id=\"01e6415\" data-element_type=\"widget\" data-e-type=\"widget\" data-widget_type=\"text-editor.default\">\n\t\t\t\t<div class=\"elementor-widget-container\">\n\t\t\t\t\t\t\t\t\t<p>Av <a href=\"https:\/\/litteraturbanken.se\/skolan\/?page_id=109\"><em>Dan Andersson<\/em><\/a><\/p>\t\t\t\t\t\t\t\t<\/div>\n\t\t\t\t<\/div>\n\t\t\t\t<div class=\"elementor-element elementor-element-79b430e elementor-widget elementor-widget-text-editor\" data-id=\"79b430e\" data-element_type=\"widget\" data-e-type=\"widget\" data-widget_type=\"text-editor.default\">\n\t\t\t\t<div class=\"elementor-widget-container\">\n\t\t\t\t\t\t\t\t\t<p><strong>Ur:<\/strong>\u00a0<em>Kolvaktarens visor\u00a0<\/em>(1915)\u00a0\u00a0<strong>\u00c5rskurs:<\/strong>\u00a07\u20139\u00a0\u00a0<strong>Tema:<\/strong>\u00a0Fattigsverige<\/p>\t\t\t\t\t\t\t\t<\/div>\n\t\t\t\t<\/div>\n\t\t\t\t<div class=\"elementor-element elementor-element-eed64d0 elementor-widget elementor-widget-text-editor\" data-id=\"eed64d0\" data-element_type=\"widget\" data-e-type=\"widget\" data-widget_type=\"text-editor.default\">\n\t\t\t\t<div class=\"elementor-widget-container\">\n\t\t\t\t\t\t\t\t\t<div class=\"_lg\">\u00a0<\/div><div class=\"_lg\"><div>Bort,\u00a0l\u00e4ngtande\u00a0vekhet\u00a0ur\u00a0sotiga\u00a0br\u00f6st,<br \/>vik,\u00a0bekymmer\u00a0ur\u00a0sn\u00f6h\u00f6ljda\u00a0bo!<br \/>Vi\u00a0ha\u00a0eld,\u00a0vi\u00a0ha\u00a0k\u00f6tt,\u00a0vi\u00a0ha\u00a0br\u00e4nnvin\u00a0till\u00a0tr\u00f6st,<br \/>h\u00e4r\u00a0\u00e4r\u00a0helg,\u00a0djupt\u00a0i\u00a0skogarnas\u00a0ro!<br \/><br \/>Sjung,\u00a0Bj\u00f6rnbergs-Jon\u00a0ur\u00a0din\u00a0fullaste\u00a0hals<br \/>om\u00a0k\u00e4rlek\u00a0och\u00a0rosor\u00a0och\u00a0v\u00e5r!<br \/>St\u00e4m\u00a0fiolen,\u00a0Brogren,\u00a0och\u00a0spela\u00a0en\u00a0vals<br \/>f\u00f6r\u00a0sp\u00f6kbl\u00e5a,\u00a0m\u00e5nlysta\u00a0sn\u00e5r!<br \/><br \/>Under\u00a0stj\u00e4rnornas\u00a0glans\u00a0flyger\u00a0nattens\u00a0dis<br \/>som\u00a0ett\u00a0sus\u00a0\u00f6ver\u00a0barkh\u00f6ljt\u00a0tak,<br \/>och\u00a0det\u00a0tjuter\u00a0i\u00a0Lammeloms\u00a0sprickande\u00a0is,<br \/>d\u00e4r\u00a0det\u00a0st\u00f6per\u00a0fr\u00e5n\u00a0\u00f6ppen\u00a0vak.<br \/><br \/>Det\u00a0\u00e4r\u00a0mil\u00a0efter\u00a0mil\u00a0till\u00a0lador\u00a0och\u00a0hus<br \/>d\u00e4r\u00a0frosten\u00a0g\u00e5r\u00a0tjurig\u00a0vid\u00a0grind,<br \/>h\u00e4r\u00a0\u00e4r\u00a0lustigt\u00a0i\u00a0stockeldens\u00a0gula\u00a0ljus,<br \/>som\u00a0darrar\u00a0i\u00a0nattens\u00a0vind.<br \/><br \/>Du\u00a0\u00e4r\u00a0fager,\u00a0Brogren,\u00a0i\u00a0eldglans\u00a0r\u00f6d,<br \/>d\u00e4r\u00a0du\u00a0gnider\u00a0din\u00a0svarta\u00a0fiol,<br \/>f\u00f6r\u00a0mat\u00a0och\u00a0f\u00f6r\u00a0br\u00e4nnvin\u00a0du\u00a0gl\u00f6mt\u00a0all\u00a0n\u00f6d,<br \/>och\u00a0din\u00a0panna\u00a0\u00e4r\u00a0ljus\u00a0som\u00a0en\u00a0sol.<br \/><br \/>Och\u00a0Jon,\u00a0d\u00e4r\u00a0du\u00a0sitter\u00a0vid\u00a0grytan\u00a0din,<br \/>en\u00a0baron\u00a0i\u00a0din\u00a0mollskinnsskrud,<br \/>se\u00a0fast\u00a0\u00e5ren\u00a0ha\u00a0garvat\u00a0ditt\u00a0sega\u00a0skinn,<br \/>i\u00a0ditt\u00a0sot\u00a0\u00e4r\u00a0du\u00a0ung\u00a0som\u00a0en\u00a0gud!<br \/><br \/>Och\u00a0Vargfors-Fredrik,\u00a0du\u00a0skrattande\u00a0man,<br \/>som\u00a0vill\u00a0alla\u00a0uslingar\u00a0v\u00e4l\u00a0\u2013<br \/>kom,\u00a0sjung\u00a0om\u00a0din\u00a0ungdoms\u00a0synd,\u00a0om\u00a0du\u00a0kan,<br \/>och\u00a0en\u00a0sk\u00e5l\u00a0f\u00f6r\u00a0din\u00a0gossesj\u00e4l!<br \/><br \/>Och\u00a0n\u00e4r\u00a0morgonens\u00a0stj\u00e4rnor\u00a0blekna\u00a0och\u00a0d\u00f6<br \/>och\u00a0n\u00e4r\u00a0\u00e5ngorna\u00a0stelna\u00a0till\u00a0is,<br \/>och\u00a0n\u00e4r\u00a0dagningen\u00a0sk\u00e4lver\u00a0p\u00e5\u00a0myr\u00a0och\u00a0sj\u00f6<br \/>vi\u00a0sova\u00a0p\u00e5\u00a0doftande\u00a0ris.<br \/><br \/>D\u00e5\u00a0sova\u00a0vi\u00a0alla\u00a0p\u00e5\u00a0granris\u00a0tungt<br \/>och\u00a0dr\u00f6mma\u00a0om\u00a0bleka\u00a0m\u00f6r<br \/>och\u00a0snarka\u00a0och\u00a0v\u00e4nda\u00a0oss\u00a0manligt\u00a0och\u00a0lugnt,<br \/>medan\u00a0elden\u00a0falnar\u00a0och\u00a0d\u00f6r.<\/div><\/div>\t\t\t\t\t\t\t\t<\/div>\n\t\t\t\t<\/div>\n\t\t\t\t\t<\/div>\n\t\t<\/div>\n\t\t\t\t<div class=\"elementor-column elementor-col-33 elementor-inner-column elementor-element elementor-element-b268aa7\" data-id=\"b268aa7\" data-element_type=\"column\" data-e-type=\"column\">\n\t\t\t<div class=\"elementor-widget-wrap elementor-element-populated\">\n\t\t\t\t\t\t<div class=\"elementor-element elementor-element-431cce8 elementor-widget elementor-widget-wp-widget-media_audio\" data-id=\"431cce8\" data-element_type=\"widget\" data-e-type=\"widget\" data-widget_type=\"wp-widget-media_audio.default\">\n\t\t\t\t<div class=\"elementor-widget-container\">\n\t\t\t\t\t<h5>Dan Berglund l\u00e4ser \u201dHelgdagskv\u00e4ll i timmerkojan\u201d av Dan Andersson.<\/h5><audio class=\"wp-audio-shortcode\" id=\"audio-9859-1\" preload=\"none\" style=\"width: 100%;\" controls=\"controls\"><source type=\"audio\/mpeg\" src=\"https:\/\/litteraturbanken.se\/skolan\/wp-content\/uploads\/2020\/05\/andersson_helgdagskvallitimmerkojan_berglund.mp3?_=1\" \/><source type=\"audio\/mpeg\" src=\"https:\/\/litteraturbanken.se\/skolan\/wp-content\/uploads\/2020\/05\/andersson_helgdagskvallitimmerkojan_berglund.mp3?_=1\" \/><a href=\"https:\/\/litteraturbanken.se\/skolan\/wp-content\/uploads\/2020\/05\/andersson_helgdagskvallitimmerkojan_berglund.mp3\">https:\/\/litteraturbanken.se\/skolan\/wp-content\/uploads\/2020\/05\/andersson_helgdagskvallitimmerkojan_berglund.mp3<\/a><\/audio>\t\t\t\t<\/div>\n\t\t\t\t<\/div>\n\t\t\t\t<div class=\"elementor-element elementor-element-7b5e7cf elementor-widget elementor-widget-wp-widget-media_audio\" data-id=\"7b5e7cf\" data-element_type=\"widget\" data-e-type=\"widget\" data-widget_type=\"wp-widget-media_audio.default\">\n\t\t\t\t<div class=\"elementor-widget-container\">\n\t\t\t\t\t<h5>Paulina Helgeson l\u00e4ser \u201dHelgdagskv\u00e4ll i timmerkojan\u201d av Dan Andersson.<\/h5><audio class=\"wp-audio-shortcode\" id=\"audio-9859-2\" preload=\"none\" style=\"width: 100%;\" controls=\"controls\"><source type=\"audio\/mpeg\" src=\"https:\/\/litteraturbanken.se\/skolan\/wp-content\/uploads\/2019\/03\/andersson_helgdagskvallitimmerkojan_helgeson.mp3?_=2\" \/><source type=\"audio\/mpeg\" src=\"https:\/\/litteraturbanken.se\/skolan\/wp-content\/uploads\/2019\/03\/andersson_helgdagskvallitimmerkojan_helgeson.mp3?_=2\" \/><a href=\"https:\/\/litteraturbanken.se\/skolan\/wp-content\/uploads\/2019\/03\/andersson_helgdagskvallitimmerkojan_helgeson.mp3\">https:\/\/litteraturbanken.se\/skolan\/wp-content\/uploads\/2019\/03\/andersson_helgdagskvallitimmerkojan_helgeson.mp3<\/a><\/audio>\t\t\t\t<\/div>\n\t\t\t\t<\/div>\n\t\t\t\t<div class=\"elementor-element elementor-element-0648b82 elementor-icon-list--layout-traditional elementor-list-item-link-full_width elementor-widget elementor-widget-icon-list\" data-id=\"0648b82\" data-element_type=\"widget\" data-e-type=\"widget\" data-widget_type=\"icon-list.default\">\n\t\t\t\t<div class=\"elementor-widget-container\">\n\t\t\t\t\t\t\t<ul class=\"elementor-icon-list-items\">\n\t\t\t\t\t\t\t<li class=\"elementor-icon-list-item\">\n\t\t\t\t\t\t\t\t\t\t\t<a href=\"https:\/\/litteraturbanken.se\/forfattare\/AnderssonD\/titlar\/KolvaktarensVisor\/sida\/73\/etext\" target=\"_blank\">\n\n\t\t\t\t\t\t\t\t\t\t\t\t<span class=\"elementor-icon-list-icon\">\n\t\t\t\t\t\t\t\t\t\t\t\t\t\t\t\t<i class=\"fa fa-file-text-o\" aria-hidden=\"true\"><\/i>\n\t\t\t\t\t\t\t\t\t\t\t\t\t<\/span>\n\t\t\t\t\t\t\t\t\t\t<span class=\"elementor-icon-list-text\">L\u00e4s dikten p\u00e5 Litteraturbanken<\/span>\n\t\t\t\t\t\t\t\t\t\t\t<\/a>\n\t\t\t\t\t\t\t\t\t<\/li>\n\t\t\t\t\t\t\t\t<li class=\"elementor-icon-list-item\">\n\t\t\t\t\t\t\t\t\t\t\t<a href=\"https:\/\/litteraturbanken.se\/skolan\/?page_id=261\" target=\"_blank\">\n\n\t\t\t\t\t\t\t\t\t\t\t\t<span class=\"elementor-icon-list-icon\">\n\t\t\t\t\t\t\t\t\t\t\t\t\t\t\t\t<i class=\"fa fa-file-text-o\" aria-hidden=\"true\"><\/i>\n\t\t\t\t\t\t\t\t\t\t\t\t\t<\/span>\n\t\t\t\t\t\t\t\t\t\t<span class=\"elementor-icon-list-text\">Termer och begrepp<\/span>\n\t\t\t\t\t\t\t\t\t\t\t<\/a>\n\t\t\t\t\t\t\t\t\t<\/li>\n\t\t\t\t\t\t<\/ul>\n\t\t\t\t\t\t<\/div>\n\t\t\t\t<\/div>\n\t\t\t\t<div class=\"elementor-element elementor-element-ecc3aba elementor-align-center elementor-widget elementor-widget-button\" data-id=\"ecc3aba\" data-element_type=\"widget\" data-e-type=\"widget\" data-widget_type=\"button.default\">\n\t\t\t\t<div class=\"elementor-widget-container\">\n\t\t\t\t\t\t\t\t\t<div class=\"elementor-button-wrapper\">\n\t\t\t\t\t<a class=\"elementor-button elementor-button-link elementor-size-md elementor-animation-grow\" href=\"#7\">\n\t\t\t\t\t\t<span class=\"elementor-button-content-wrapper\">\n\t\t\t\t\t\t<span class=\"elementor-button-icon\">\n\t\t\t\t\t\t\t\t\t<i class=\"fa fa-pencil\" aria-hidden=\"true\"><\/i>\n\t\t\t\t\t\t\t<\/span>\n\t\t\t\t\t\t\t\t\t<span class=\"elementor-button-text\">Uppgift, \u00e5k 7\u20139<\/span>\n\t\t\t\t\t<\/span>\n\t\t\t\t\t<\/a>\n\t\t\t\t<\/div>\n\t\t\t\t\t\t\t\t<\/div>\n\t\t\t\t<\/div>\n\t\t\t\t<div class=\"elementor-element elementor-element-48816e3 elementor-widget elementor-widget-image\" data-id=\"48816e3\" data-element_type=\"widget\" data-e-type=\"widget\" data-widget_type=\"image.default\">\n\t\t\t\t<div class=\"elementor-widget-container\">\n\t\t\t\t\t\t\t\t\t\t\t\t\t\t\t<img fetchpriority=\"high\" decoding=\"async\" width=\"300\" height=\"300\" src=\"https:\/\/litteraturbanken.se\/skolan\/wp-content\/uploads\/2019\/02\/lb_skolan_2019_knapp_f\u00f6rfattarbild_danandersson_bl\u00e5-e1553014722253.jpg\" class=\"attachment-full size-full wp-image-12912\" alt=\"\" \/>\t\t\t\t\t\t\t\t\t\t\t\t\t\t\t<\/div>\n\t\t\t\t<\/div>\n\t\t\t\t\t<\/div>\n\t\t<\/div>\n\t\t\t\t\t<\/div>\n\t\t<\/section>\n\t\t\t\t<section class=\"elementor-section elementor-top-section elementor-element elementor-element-9a0a731 elementor-section-boxed elementor-section-height-default elementor-section-height-default\" data-id=\"9a0a731\" data-element_type=\"section\" data-e-type=\"section\" data-settings=\"{&quot;background_background&quot;:&quot;classic&quot;}\">\n\t\t\t\t\t\t<div class=\"elementor-container elementor-column-gap-default\">\n\t\t\t\t\t<div class=\"elementor-column elementor-col-100 elementor-top-column elementor-element elementor-element-bda51dd\" data-id=\"bda51dd\" data-element_type=\"column\" data-e-type=\"column\">\n\t\t\t<div class=\"elementor-widget-wrap elementor-element-populated\">\n\t\t\t\t\t\t<div class=\"elementor-element elementor-element-e365c57 elementor-widget elementor-widget-spacer\" data-id=\"e365c57\" data-element_type=\"widget\" data-e-type=\"widget\" data-widget_type=\"spacer.default\">\n\t\t\t\t<div class=\"elementor-widget-container\">\n\t\t\t\t\t\t\t<div class=\"elementor-spacer\">\n\t\t\t<div class=\"elementor-spacer-inner\"><\/div>\n\t\t<\/div>\n\t\t\t\t\t\t<\/div>\n\t\t\t\t<\/div>\n\t\t\t\t\t<\/div>\n\t\t<\/div>\n\t\t\t\t\t<\/div>\n\t\t<\/section>\n\t\t\t\t<section class=\"elementor-section elementor-top-section elementor-element elementor-element-7b3388c elementor-section-boxed elementor-section-height-default elementor-section-height-default\" data-id=\"7b3388c\" data-element_type=\"section\" data-e-type=\"section\" data-settings=\"{&quot;background_background&quot;:&quot;classic&quot;}\">\n\t\t\t\t\t\t<div class=\"elementor-container elementor-column-gap-default\">\n\t\t\t\t\t<div class=\"elementor-column elementor-col-100 elementor-top-column elementor-element elementor-element-ca2c58d\" data-id=\"ca2c58d\" data-element_type=\"column\" data-e-type=\"column\" data-settings=\"{&quot;background_background&quot;:&quot;classic&quot;}\">\n\t\t\t<div class=\"elementor-widget-wrap elementor-element-populated\">\n\t\t\t\t\t\t<div class=\"elementor-element elementor-element-5e18d41 elementor-widget elementor-widget-menu-anchor\" data-id=\"5e18d41\" data-element_type=\"widget\" data-e-type=\"widget\" data-widget_type=\"menu-anchor.default\">\n\t\t\t\t<div class=\"elementor-widget-container\">\n\t\t\t\t\t\t\t<div class=\"elementor-menu-anchor\" id=\"7\"><\/div>\n\t\t\t\t\t\t<\/div>\n\t\t\t\t<\/div>\n\t\t\t\t<section class=\"elementor-section elementor-inner-section elementor-element elementor-element-544a607 elementor-section-boxed elementor-section-height-default elementor-section-height-default\" data-id=\"544a607\" data-element_type=\"section\" data-e-type=\"section\">\n\t\t\t\t\t\t<div class=\"elementor-container elementor-column-gap-default\">\n\t\t\t\t\t<div class=\"elementor-column elementor-col-100 elementor-inner-column elementor-element elementor-element-9fb14b5\" data-id=\"9fb14b5\" data-element_type=\"column\" data-e-type=\"column\">\n\t\t\t<div class=\"elementor-widget-wrap elementor-element-populated\">\n\t\t\t\t\t\t<div class=\"elementor-element elementor-element-74ad6d3 elementor-view-framed elementor-shape-circle elementor-widget elementor-widget-icon\" data-id=\"74ad6d3\" data-element_type=\"widget\" data-e-type=\"widget\" data-widget_type=\"icon.default\">\n\t\t\t\t<div class=\"elementor-widget-container\">\n\t\t\t\t\t\t\t<div class=\"elementor-icon-wrapper\">\n\t\t\t<div class=\"elementor-icon\">\n\t\t\t\t\t\t\t<i class=\"fa fa-pencil\" aria-hidden=\"true\"><\/i>\n\t\t\t\t\t\t<\/div>\n\t\t<\/div>\n\t\t\t\t\t\t<\/div>\n\t\t\t\t<\/div>\n\t\t\t\t<div class=\"elementor-element elementor-element-a82e28c elementor-widget elementor-widget-toggle\" data-id=\"a82e28c\" data-element_type=\"widget\" data-e-type=\"widget\" data-widget_type=\"toggle.default\">\n\t\t\t\t<div class=\"elementor-widget-container\">\n\t\t\t\t\t\t\t<div class=\"elementor-toggle\">\n\t\t\t\t\t\t\t<div class=\"elementor-toggle-item\">\n\t\t\t\t\t<div id=\"elementor-tab-title-1761\" class=\"elementor-tab-title\" data-tab=\"1\" role=\"button\" aria-controls=\"elementor-tab-content-1761\" aria-expanded=\"false\">\n\t\t\t\t\t\t\t\t\t\t\t\t<span class=\"elementor-toggle-icon elementor-toggle-icon-left\" aria-hidden=\"true\">\n\t\t\t\t\t\t\t\t\t\t\t\t\t\t\t<i class=\"elementor-toggle-icon-closed fa fa-chevron-right\"><\/i>\n\t\t\t\t\t\t\t\t<i class=\"elementor-toggle-icon-opened fa fa-chevron-down\"><\/i>\n\t\t\t\t\t\t\t\t\t\t\t\t\t<\/span>\n\t\t\t\t\t\t\t\t\t\t\t\t<a class=\"elementor-toggle-title\" tabindex=\"0\">\u00c5rskurs 7\u20139<\/a>\n\t\t\t\t\t<\/div>\n\n\t\t\t\t\t<div id=\"elementor-tab-content-1761\" class=\"elementor-tab-content elementor-clearfix\" data-tab=\"1\" role=\"region\" aria-labelledby=\"elementor-tab-title-1761\"><h2>Om dikten<\/h2><p class=\"lb_tonsatt\">Dikten har tonsatts.<\/p><p>Dikten publicerades i samlingen\u00a0<em><span class=\"italic\">Kolvaktarens visor<\/span><\/em>\u00a0(1915). Titeln ger oss en v\u00e4gledning till vilka det \u00e4r som firar helgdagskv\u00e4ll i timmerkojan och varf\u00f6r de befinner sig d\u00e4r.<\/p><h3>\u00a0<\/h3><h2>Samtalsfr\u00e5gor<\/h2><p>1 Hur m\u00e5nga \u00e4r m\u00e4nnen?<\/p><p>2 Vi f\u00e5r veta namnen p\u00e5 alla utom en. Vad heter de?<\/p><p>3 Vilken \u00e5rstid \u00e4r det?<\/p><p>4 De l\u00e4ngtar bort d\u00e4rifr\u00e5n, men vad tr\u00f6star de sig med?<\/p><p>5 Hurdan \u00e4r st\u00e4mningen i dikten?<\/p><h3>\u00a0<\/h3><h2>J\u00e4mf\u00f6r<\/h2><p>J\u00e4mf\u00f6r dikten med Fr\u00f6dings\u00a0<a href=\"https:\/\/litteraturbanken.se\/skolan\/?page_id=2531\" target=\"_blank\" rel=\"noopener\">\u201dBergslagstroll\u201d<\/a>. Vad finns det f\u00f6r likheter och skillnader?<\/p><\/div>\n\t\t\t\t<\/div>\n\t\t\t\t\t\t\t\t<\/div>\n\t\t\t\t\t\t<\/div>\n\t\t\t\t<\/div>\n\t\t\t\t\t<\/div>\n\t\t<\/div>\n\t\t\t\t\t<\/div>\n\t\t<\/section>\n\t\t\t\t<div class=\"elementor-element elementor-element-84c23a1 elementor-widget elementor-widget-spacer\" data-id=\"84c23a1\" data-element_type=\"widget\" data-e-type=\"widget\" data-widget_type=\"spacer.default\">\n\t\t\t\t<div class=\"elementor-widget-container\">\n\t\t\t\t\t\t\t<div class=\"elementor-spacer\">\n\t\t\t<div class=\"elementor-spacer-inner\"><\/div>\n\t\t<\/div>\n\t\t\t\t\t\t<\/div>\n\t\t\t\t<\/div>\n\t\t\t\t\t<\/div>\n\t\t<\/div>\n\t\t\t\t\t<\/div>\n\t\t<\/section>\n\t\t\t\t<section class=\"elementor-section elementor-top-section elementor-element elementor-element-1ef0462 elementor-section-boxed elementor-section-height-default elementor-section-height-default\" data-id=\"1ef0462\" data-element_type=\"section\" data-e-type=\"section\">\n\t\t\t\t\t\t<div class=\"elementor-container elementor-column-gap-default\">\n\t\t\t\t\t<div class=\"elementor-column elementor-col-100 elementor-top-column elementor-element elementor-element-a4038e5\" data-id=\"a4038e5\" data-element_type=\"column\" data-e-type=\"column\">\n\t\t\t<div class=\"elementor-widget-wrap elementor-element-populated\">\n\t\t\t\t\t\t<div class=\"elementor-element elementor-element-f6738ae elementor-widget elementor-widget-spacer\" data-id=\"f6738ae\" data-element_type=\"widget\" data-e-type=\"widget\" data-widget_type=\"spacer.default\">\n\t\t\t\t<div class=\"elementor-widget-container\">\n\t\t\t\t\t\t\t<div class=\"elementor-spacer\">\n\t\t\t<div class=\"elementor-spacer-inner\"><\/div>\n\t\t<\/div>\n\t\t\t\t\t\t<\/div>\n\t\t\t\t<\/div>\n\t\t\t\t\t<\/div>\n\t\t<\/div>\n\t\t\t\t\t<\/div>\n\t\t<\/section>\n\t\t\t\t<\/div>\n\t\t","protected":false},"excerpt":{"rendered":"<p>Helgdagskv\u00e4ll i timmerkojan Av Dan Andersson Ur:\u00a0Kolvaktarens visor\u00a0(1915)\u00a0\u00a0\u00c5rskurs:\u00a07\u20139\u00a0\u00a0Tema:\u00a0Fattigsverige \u00a0Bort,\u00a0l\u00e4ngtande\u00a0vekhet\u00a0ur\u00a0sotiga\u00a0br\u00f6st,vik,\u00a0bekymmer\u00a0ur\u00a0sn\u00f6h\u00f6ljda\u00a0bo!Vi\u00a0ha\u00a0eld,\u00a0vi\u00a0ha\u00a0k\u00f6tt,\u00a0vi\u00a0ha\u00a0br\u00e4nnvin\u00a0till\u00a0tr\u00f6st,h\u00e4r\u00a0\u00e4r\u00a0helg,\u00a0djupt\u00a0i\u00a0skogarnas\u00a0ro! Sjung,\u00a0Bj\u00f6rnbergs-Jon\u00a0ur\u00a0din\u00a0fullaste\u00a0halsom\u00a0k\u00e4rlek\u00a0och\u00a0rosor\u00a0och\u00a0v\u00e5r!St\u00e4m\u00a0fiolen,\u00a0Brogren,\u00a0och\u00a0spela\u00a0en\u00a0valsf\u00f6r\u00a0sp\u00f6kbl\u00e5a,\u00a0m\u00e5nlysta\u00a0sn\u00e5r! Under\u00a0stj\u00e4rnornas\u00a0glans\u00a0flyger\u00a0nattens\u00a0dissom\u00a0ett\u00a0sus\u00a0\u00f6ver\u00a0barkh\u00f6ljt\u00a0tak,och\u00a0det\u00a0tjuter\u00a0i\u00a0Lammeloms\u00a0sprickande\u00a0is,d\u00e4r\u00a0det\u00a0st\u00f6per\u00a0fr\u00e5n\u00a0\u00f6ppen\u00a0vak. Det\u00a0\u00e4r\u00a0mil\u00a0efter\u00a0mil\u00a0till\u00a0lador\u00a0och\u00a0husd\u00e4r\u00a0frosten\u00a0g\u00e5r\u00a0tjurig\u00a0vid\u00a0grind,h\u00e4r\u00a0\u00e4r\u00a0lustigt\u00a0i\u00a0stockeldens\u00a0gula\u00a0ljus,som\u00a0darrar\u00a0i\u00a0nattens\u00a0vind. Du\u00a0\u00e4r\u00a0fager,\u00a0Brogren,\u00a0i\u00a0eldglans\u00a0r\u00f6d,d\u00e4r\u00a0du\u00a0gnider\u00a0din\u00a0svarta\u00a0fiol,f\u00f6r\u00a0mat\u00a0och\u00a0f\u00f6r\u00a0br\u00e4nnvin\u00a0du\u00a0gl\u00f6mt\u00a0all\u00a0n\u00f6d,och\u00a0din\u00a0panna\u00a0\u00e4r\u00a0ljus\u00a0som\u00a0en\u00a0sol. Och\u00a0Jon,\u00a0d\u00e4r\u00a0du\u00a0sitter\u00a0vid\u00a0grytan\u00a0din,en\u00a0baron\u00a0i\u00a0din\u00a0mollskinnsskrud,se\u00a0fast\u00a0\u00e5ren\u00a0ha\u00a0garvat\u00a0ditt\u00a0sega\u00a0skinn,i\u00a0ditt\u00a0sot\u00a0\u00e4r\u00a0du\u00a0ung\u00a0som\u00a0en\u00a0gud! Och\u00a0Vargfors-Fredrik,\u00a0du\u00a0skrattande\u00a0man,som\u00a0vill\u00a0alla\u00a0uslingar\u00a0v\u00e4l\u00a0\u2013kom,\u00a0sjung\u00a0om\u00a0din\u00a0ungdoms\u00a0synd,\u00a0om\u00a0du\u00a0kan,och\u00a0en\u00a0sk\u00e5l\u00a0f\u00f6r\u00a0din\u00a0gossesj\u00e4l! Och\u00a0n\u00e4r\u00a0morgonens\u00a0stj\u00e4rnor\u00a0blekna\u00a0och\u00a0d\u00f6och\u00a0n\u00e4r\u00a0\u00e5ngorna\u00a0stelna\u00a0till\u00a0is,och\u00a0n\u00e4r\u00a0dagningen\u00a0sk\u00e4lver\u00a0p\u00e5\u00a0myr\u00a0och\u00a0sj\u00f6vi\u00a0sova\u00a0p\u00e5\u00a0doftande\u00a0ris. D\u00e5\u00a0sova\u00a0vi\u00a0alla\u00a0p\u00e5\u00a0granris\u00a0tungtoch\u00a0dr\u00f6mma\u00a0om\u00a0bleka\u00a0m\u00f6roch\u00a0snarka\u00a0och\u00a0v\u00e4nda\u00a0oss\u00a0manligt\u00a0och\u00a0lugnt,medan\u00a0elden\u00a0falnar\u00a0och\u00a0d\u00f6r. L\u00e4s dikten p\u00e5 Litteraturbanken Termer och begrepp Uppgift, \u00e5k 7\u20139 \u00c5rskurs 7\u20139 Om dikten Dikten har tonsatts. Dikten publicerades i samlingen\u00a0Kolvaktarens visor\u00a0(1915). Titeln ger oss en v\u00e4gledning till vilka det \u00e4r som firar helgdagskv\u00e4ll i timmerkojan och varf\u00f6r [&hellip;]<\/p>\n","protected":false},"author":5,"featured_media":0,"parent":0,"menu_order":0,"comment_status":"closed","ping_status":"closed","template":"","meta":{"ocean_post_layout":"full-screen","ocean_both_sidebars_style":"","ocean_both_sidebars_content_width":0,"ocean_both_sidebars_sidebars_width":0,"ocean_sidebar":"0","ocean_second_sidebar":"0","ocean_disable_margins":"enable","ocean_add_body_class":"","ocean_shortcode_before_top_bar":"","ocean_shortcode_after_top_bar":"","ocean_shortcode_before_header":"","ocean_shortcode_after_header":"","ocean_has_shortcode":"","ocean_shortcode_after_title":"","ocean_shortcode_before_footer_widgets":"","ocean_shortcode_after_footer_widgets":"","ocean_shortcode_before_footer_bottom":"","ocean_shortcode_after_footer_bottom":"","ocean_display_top_bar":"default","ocean_display_header":"default","ocean_header_style":"","ocean_center_header_left_menu":"0","ocean_custom_header_template":"0","ocean_custom_logo":0,"ocean_custom_retina_logo":0,"ocean_custom_logo_max_width":0,"ocean_custom_logo_tablet_max_width":0,"ocean_custom_logo_mobile_max_width":0,"ocean_custom_logo_max_height":0,"ocean_custom_logo_tablet_max_height":0,"ocean_custom_logo_mobile_max_height":0,"ocean_header_custom_menu":"0","ocean_menu_typo_font_family":"0","ocean_menu_typo_font_subset":"","ocean_menu_typo_font_size":0,"ocean_menu_typo_font_size_tablet":0,"ocean_menu_typo_font_size_mobile":0,"ocean_menu_typo_font_size_unit":"px","ocean_menu_typo_font_weight":"","ocean_menu_typo_font_weight_tablet":"","ocean_menu_typo_font_weight_mobile":"","ocean_menu_typo_transform":"","ocean_menu_typo_transform_tablet":"","ocean_menu_typo_transform_mobile":"","ocean_menu_typo_line_height":0,"ocean_menu_typo_line_height_tablet":0,"ocean_menu_typo_line_height_mobile":0,"ocean_menu_typo_line_height_unit":"","ocean_menu_typo_spacing":0,"ocean_menu_typo_spacing_tablet":0,"ocean_menu_typo_spacing_mobile":0,"ocean_menu_typo_spacing_unit":"","ocean_menu_link_color":"","ocean_menu_link_color_hover":"","ocean_menu_link_color_active":"","ocean_menu_link_background":"","ocean_menu_link_hover_background":"","ocean_menu_link_active_background":"","ocean_menu_social_links_bg":"","ocean_menu_social_hover_links_bg":"","ocean_menu_social_links_color":"","ocean_menu_social_hover_links_color":"","ocean_disable_title":"on","ocean_disable_heading":"default","ocean_post_title":"","ocean_post_subheading":"","ocean_post_title_style":"","ocean_post_title_background_color":"","ocean_post_title_background":0,"ocean_post_title_bg_image_position":"","ocean_post_title_bg_image_attachment":"","ocean_post_title_bg_image_repeat":"","ocean_post_title_bg_image_size":"","ocean_post_title_height":0,"ocean_post_title_bg_overlay":0.5,"ocean_post_title_bg_overlay_color":"","ocean_disable_breadcrumbs":"default","ocean_breadcrumbs_color":"","ocean_breadcrumbs_separator_color":"","ocean_breadcrumbs_links_color":"","ocean_breadcrumbs_links_hover_color":"","ocean_display_footer_widgets":"default","ocean_display_footer_bottom":"default","ocean_custom_footer_template":"0","footnotes":""},"class_list":["post-9859","page","type-page","status-publish","hentry","entry"],"_links":{"self":[{"href":"https:\/\/litteraturbanken.se\/skolan\/wp-json\/wp\/v2\/pages\/9859","targetHints":{"allow":["GET"]}}],"collection":[{"href":"https:\/\/litteraturbanken.se\/skolan\/wp-json\/wp\/v2\/pages"}],"about":[{"href":"https:\/\/litteraturbanken.se\/skolan\/wp-json\/wp\/v2\/types\/page"}],"author":[{"embeddable":true,"href":"https:\/\/litteraturbanken.se\/skolan\/wp-json\/wp\/v2\/users\/5"}],"replies":[{"embeddable":true,"href":"https:\/\/litteraturbanken.se\/skolan\/wp-json\/wp\/v2\/comments?post=9859"}],"version-history":[{"count":27,"href":"https:\/\/litteraturbanken.se\/skolan\/wp-json\/wp\/v2\/pages\/9859\/revisions"}],"predecessor-version":[{"id":20990,"href":"https:\/\/litteraturbanken.se\/skolan\/wp-json\/wp\/v2\/pages\/9859\/revisions\/20990"}],"wp:attachment":[{"href":"https:\/\/litteraturbanken.se\/skolan\/wp-json\/wp\/v2\/media?parent=9859"}],"curies":[{"name":"wp","href":"https:\/\/api.w.org\/{rel}","templated":true}]}}